{"id":17988,"date":"2022-06-22T21:47:05","date_gmt":"2022-06-22T19:47:05","guid":{"rendered":"https:\/\/us.edu.pl\/pracownik\/?page_id=17988"},"modified":"2022-06-23T22:00:43","modified_gmt":"2022-06-23T20:00:43","slug":"posiedzenie-komisji-24-06-2022","status":"publish","type":"page","link":"https:\/\/us.edu.pl\/pracownik\/sprawy-dydaktyczne\/senacka-komisja-ds-ksztalcenia\/senacka-komisja-ds-ksztalcenia-sklad-komisji\/kadencja-2020-2024\/posiedzenie-komisji-24-06-2022\/","title":{"rendered":"Posiedzenie komisji &#8211; 24.06.2022"},"content":{"rendered":"<p>[vc_row][vc_column]\r\n                <div class=\"text-modules\">\r\n                    <div class=\"container\">\r\n                        <h3 class=\"page-title text__title\">Posiedzenie Komisji ds. kszta\u0142cenia i student\u00f3w - 24 czerwca 2022 r.<\/h3>\r\n                        <div class=\"text-modules__content\"><\/p>\n<p style=\"font-weight: 400;\">Posiedzenie Komisji ds. kszta\u0142cenia i student\u00f3w, kt\u00f3re odb\u0119dzie si\u0119 <strong>w pi\u0105tek 24 czerwca 2022 r. o godz. 08.30.<\/strong><\/p>\n<p style=\"font-weight: 400;\">Spotkanie odb\u0119dzie si\u0119 na platformie MS Teams:<\/p>\n<p style=\"font-weight: 400;\"><a href=\"https:\/\/teams.microsoft.com\/l\/meetup-join\/19%3ameeting_MDRmYmM3ZjQtOGI5Ny00YTdiLTgxNGQtZTcwZGVjYmYwM2Zl%40thread.v2\/0?context=%7b%22Tid%22%3a%2250c76291-0c80-4444-a2fb-4f8ab168c311%22%2c%22Oid%22%3a%22c35600bf-4814-4e5c-92bf-0f4cc57bae49%22%7d\">https:\/\/teams.microsoft.com\/l\/meetup-join\/19%3ameeting_MDRmYmM3ZjQtOGI5Ny00YTdiLTgxNGQtZTcwZGVjYmYwM2Zl%40thread.v2\/0?context=%7b%22Tid%22%3a%2250c76291-0c80-4444-a2fb-4f8ab168c311%22%2c%22Oid%22%3a%22c35600bf-4814-4e5c-92bf-0f4cc57bae49%22%7d<\/a><\/p>\n<p style=\"font-weight: 400;\"><strong>Planowany porz\u0105dek posiedzenia:<\/strong><\/p>\n<ol>\n<li>Opinia do projektu <a href=\"https:\/\/us.edu.pl\/pracownik\/wp-content\/uploads\/sites\/2\/Editor\/sprawy-dydatktyczne\/Komisja-ksztalcenia\/Kadencja-2020-2024\/20212022\/24-czerwiec\/Uchwala-zmieniajaca-uchwale-rekrutacyjna_2022_20232.docx\" class=\"mtli_attachment mtli_docx\" data-mtli=\"mtli_filesize29,57kB\" class=\"mtli_attachment mtli_docx\" data-mtli=\"mtli_filesize29,57kB\">uchwa\u0142y zmieniaj\u0105cej w sprawie warunk\u00f3w i trybu rekrutacji na I rok studi\u00f3w w Uniwersytecie \u015al\u0105skim w roku akademickim 2022\/2023.<\/a><\/li>\n<li>Opinia do projektu <a href=\"https:\/\/us.edu.pl\/pracownik\/wp-content\/uploads\/sites\/2\/Editor\/sprawy-dydatktyczne\/Komisja-ksztalcenia\/Kadencja-2020-2024\/20212022\/24-czerwiec\/Uchwala-zmieniajaca-uchwale-ws.-limitow-2022-20232.docx\" class=\"mtli_attachment mtli_docx\" data-mtli=\"mtli_filesize25,45kB\" class=\"mtli_attachment mtli_docx\" data-mtli=\"mtli_filesize25,45kB\">uchwa\u0142y zmieniaj\u0105cej w sprawie planowanych limit\u00f3w przyj\u0119\u0107 kandydat\u00f3w na pierwszy rok studi\u00f3w w Uniwersytecie \u015al\u0105skim w Katowicach na rok akademicki 2022\/2023.<\/a><\/li>\n<li>Opinie do wniosk\u00f3w w sprawie modyfikacji program\u00f3w studi\u00f3w:<\/li>\n<\/ol>\n<p style=\"font-weight: 400;\"><u>obowi\u0105zuj\u0105ce od cyklu dydaktycznego 2022\/2023:<\/u><\/p>\n<ol style=\"list-style-type: lower-alpha;\">\n<li style=\"font-weight: 400;\"><a href=\"https:\/\/us.edu.pl\/pracownik\/wp-content\/uploads\/sites\/2\/Editor\/sprawy-dydatktyczne\/Komisja-ksztalcenia\/Kadencja-2020-2024\/20212022\/24-czerwiec\/Fil.-germanska-_-I-i-II-SS.zip\">filologia germa\u0144ska I i II stopie\u0144, studia stacjonarne;<\/a><\/li>\n<li style=\"font-weight: 400;\"><a href=\"https:\/\/us.edu.pl\/pracownik\/wp-content\/uploads\/sites\/2\/Editor\/sprawy-dydatktyczne\/Komisja-ksztalcenia\/Kadencja-2020-2024\/20212022\/24-czerwiec\/Nauki-o-rodzinie-_-I-i-II-SS.zip\">nauki o rodzinie I i II stopie\u0144, studia stacjonarne;<\/a><\/li>\n<li style=\"font-weight: 400;\"><a href=\"https:\/\/us.edu.pl\/pracownik\/wp-content\/uploads\/sites\/2\/Editor\/sprawy-dydatktyczne\/Komisja-ksztalcenia\/Kadencja-2020-2024\/20212022\/24-czerwiec\/Miedzynarodowe-studia-polskie-_-II-SS.zip\">mi\u0119dzynarodowe studia polskie II stopie\u0144, studia stacjonarne;<\/a><\/li>\n<li style=\"font-weight: 400;\"><a href=\"https:\/\/us.edu.pl\/pracownik\/wp-content\/uploads\/sites\/2\/Editor\/sprawy-dydatktyczne\/Komisja-ksztalcenia\/Kadencja-2020-2024\/20212022\/24-czerwiec\/Teologia-_-JM-SS-NS-_-2022-2023.zip\">teologia jednolite magisterskie, studia stacjonarnie i niestacjonarne.<\/a><\/li>\n<\/ol>\n<p style=\"font-weight: 400;\"><u>zmiana w cyklach 2021\/2022, 2020\/2021, 2019\/2020:<\/u><\/p>\n<ol style=\"list-style-type: lower-alpha;\">\n<li style=\"font-weight: 400;\"><a href=\"https:\/\/us.edu.pl\/pracownik\/wp-content\/uploads\/sites\/2\/Editor\/sprawy-dydatktyczne\/Komisja-ksztalcenia\/Kadencja-2020-2024\/20212022\/24-czerwiec\/Teologia-_-JM-SS-NS-_-2019-20_2020-21_2021-22.zip\">teologia jednolite magisterskie, studia stacjonarnie i niestacjonarne.<\/a><\/li>\n<\/ol>\n<p>4. Wolne wnioski.<\/p>\n<style type=\"text\/css\">a[data-mtli~=\"mtli_filesize29,57kB\"]:after {content:\" (29,57 kB)\"}a[data-mtli~=\"mtli_filesize25,45kB\"]:after {content:\" (25,45 kB)\"}<\/style><\/div>\r\n                    <\/div>\r\n                <\/div>[\/vc_column][\/vc_row]<\/p>\n<style type=\"text\/css\">a[data-mtli~=\"mtli_filesize29,57kB\"]:after {content:\" (29,57 kB)\"}a[data-mtli~=\"mtli_filesize25,45kB\"]:after {content:\" (25,45 kB)\"}<\/style>","protected":false},"excerpt":{"rendered":"<p>[vc_row][vc_column][\/vc_column][\/vc_row] [&#8230;]<\/p>\n<p><a class=\"btn btn-secondary understrap-read-more-link\" href=\"https:\/\/us.edu.pl\/pracownik\/sprawy-dydaktyczne\/senacka-komisja-ds-ksztalcenia\/senacka-komisja-ds-ksztalcenia-sklad-komisji\/kadencja-2020-2024\/posiedzenie-komisji-24-06-2022\/\">Read More&#8230;<\/a><\/p>\n","protected":false},"author":31,"featured_media":0,"parent":5151,"menu_order":433,"comment_status":"closed","ping_status":"closed","template":"page-templates\/inner-page.php","meta":{"_expiration-date-status":"saved","_expiration-date":0,"_expiration-date-type":"","_expiration-date-categories":[],"_expiration-date-options":[]},"acf":[],"_links":{"self":[{"href":"https:\/\/us.edu.pl\/pracownik\/wp-json\/wp\/v2\/pages\/17988"}],"collection":[{"href":"https:\/\/us.edu.pl\/pracownik\/wp-json\/wp\/v2\/pages"}],"about":[{"href":"https:\/\/us.edu.pl\/pracownik\/wp-json\/wp\/v2\/types\/page"}],"author":[{"embeddable":true,"href":"https:\/\/us.edu.pl\/pracownik\/wp-json\/wp\/v2\/users\/31"}],"replies":[{"embeddable":true,"href":"https:\/\/us.edu.pl\/pracownik\/wp-json\/wp\/v2\/comments?post=17988"}],"version-history":[{"count":5,"href":"https:\/\/us.edu.pl\/pracownik\/wp-json\/wp\/v2\/pages\/17988\/revisions"}],"predecessor-version":[{"id":18003,"href":"https:\/\/us.edu.pl\/pracownik\/wp-json\/wp\/v2\/pages\/17988\/revisions\/18003"}],"up":[{"embeddable":true,"href":"https:\/\/us.edu.pl\/pracownik\/wp-json\/wp\/v2\/pages\/5151"}],"wp:attachment":[{"href":"https:\/\/us.edu.pl\/pracownik\/wp-json\/wp\/v2\/media?parent=17988"}],"curies":[{"name":"wp","href":"https:\/\/api.w.org\/{rel}","templated":true}]}}