{"id":19606,"date":"2022-12-07T11:33:53","date_gmt":"2022-12-07T10:33:53","guid":{"rendered":"https:\/\/us.edu.pl\/pracownik\/?page_id=19606"},"modified":"2022-12-15T10:16:15","modified_gmt":"2022-12-15T09:16:15","slug":"doskonaly-kierunek-smoda","status":"publish","type":"page","link":"https:\/\/us.edu.pl\/pracownik\/sprawy-dydaktyczne\/system-motywacyjny-w-dydaktyce-akademickiej-smoda\/doskonaly-kierunek-smoda\/","title":{"rendered":"Doskona\u0142y kierunek (SMoDA)"},"content":{"rendered":"<p>[vc_row][vc_column][\/vc_column][\/vc_row][vc_row][vc_column]\r\n                <div class=\"text-modules\">\r\n                    <div class=\"container\">\r\n                        <h3 class=\"page-title text__title\">Doskona\u0142y kierunek (SMoDA)<\/h3>\r\n                        <div class=\"text-modules__content\"><p><span style=\"font-size: 14pt;\"><strong>Doskona\u0142y kierunek (konkurs rozstrzygni\u0119ty)<\/strong><\/span><\/p>\n<p><img class=\"size-medium wp-image-19635 alignleft\" src=\"https:\/\/us.edu.pl\/pracownik\/wp-content\/uploads\/sites\/2\/Editor\/sprawy-dydatktyczne\/jakosc-ksztalcenia\/SMoDA\/znak-kierunek-300x200.jpg\" alt=\"znak strza\u0142ki na niebieskim tle\" width=\"300\" height=\"200\" srcset=\"https:\/\/us.edu.pl\/pracownik\/wp-content\/uploads\/sites\/2\/Editor\/sprawy-dydatktyczne\/jakosc-ksztalcenia\/SMoDA\/znak-kierunek-300x200.jpg 300w, https:\/\/us.edu.pl\/pracownik\/wp-content\/uploads\/sites\/2\/Editor\/sprawy-dydatktyczne\/jakosc-ksztalcenia\/SMoDA\/znak-kierunek-575x384.jpg 575w, https:\/\/us.edu.pl\/pracownik\/wp-content\/uploads\/sites\/2\/Editor\/sprawy-dydatktyczne\/jakosc-ksztalcenia\/SMoDA\/znak-kierunek.jpg 640w\" sizes=\"(max-width: 300px) 100vw, 300px\" \/>Adresatami konkursu pn.\u00a0<em><strong>\u201eDoskona\u0142y kierunek (zgodnie z za\u0142o\u017ceniami nowej koncepcji studi\u00f3w), dla rad dydaktycznych kierunk\u00f3w studi\u00f3w w ramach systemu motywacyjnego w dydaktyce akademickiej (SMoDA) Uniwersytetu \u015al\u0105skiego w Katowicach, finansowanego z programu Inicjatywa Doskona\u0142o\u015bci Badawczej\u201d<\/strong><\/em>\u00a0s\u0105 dyrekcje kierunk\u00f3w studi\u00f3w wraz z radami dydaktycznymi. Celem konkursu jest nagrodzenie certyfikatem \u201eDoskona\u0142y kierunek\u201d i nagrod\u0105 finansow\u0105 tych kierunk\u00f3w studi\u00f3w, kt\u00f3re przeprowadz\u0105 i przedstawi\u0105 diagnoz\u0119, inspirowan\u0105 za\u0142o\u017ceniami nowej koncepcji studi\u00f3w, dotycz\u0105c\u0105 uwarunkowa\u0144 spo\u0142eczno-gospodarczych konkretnego kierunku, a tak\u017ce zak\u0142adanych kompetencji zar\u00f3wno kandydata na studia, jak i absolwenta zg\u0142aszanego w konkursie kierunku.<\/p>\n<p>Przewidziano pi\u0119\u0107 r\u00f3wnorz\u0119dnych nagr\u00f3d w wysoko\u015bci 7 000 z\u0142 (komisja konkursowa zastrzega sobie prawo do zmiany sposobu podzia\u0142u \u015brodk\u00f3w). Na sfinansowanie konkursu przeznaczono kwot\u0119 \u0142\u0105cznie 35 000 z\u0142. Konkurs finansowany jest ze \u015brodk\u00f3w Inicjatywy Doskona\u0142o\u015bci Badawczej, kt\u00f3ra zak\u0142ada m.in. stworzenie najlepszych warunk\u00f3w do rozwoju zawodowego pracownik\u00f3w Uniwersytetu \u015al\u0105skiego w Katowicach, w tym budowanie i podnoszenie kompetencji badawczych oraz dydaktycznych kadry naukowej.<\/p>\n<p>Szczeg\u00f3\u0142y konkursu znajduj\u0105 si\u0119 w regulaminie:\u00a0<a href=\"https:\/\/aktyprawne.us.edu.pl\/d\/5954\/5\/?tc=17\" target=\"_blank\" rel=\"noopener\">Zarz\u0105dzenie Rektora nr 141\/2022 (us.edu.pl)<\/a><\/p>\n<ul>\n<li><a href=\"https:\/\/us.edu.pl\/pracownik\/wp-content\/uploads\/sites\/2\/Editor\/sprawy-dydatktyczne\/jakosc-ksztalcenia\/SMoDA\/Doskonaly-kierunek_wyniki-konkursu.pdf\" class=\"mtli_attachment mtli_pdf\" data-mtli=\"mtli_filesize453,45kB\" class=\"mtli_attachment mtli_pdf\" data-mtli=\"mtli_filesize453,45kB\" target=\"_blank\" rel=\"noopener\">Wyniki konkursu &#8222;Doskona\u0142y kierunek&#8221;<\/a><\/li>\n<\/ul>\n<p>\n<style type=\"text\/css\">a[data-mtli~=\"mtli_filesize453,45kB\"]:after {content:\" (453,45 kB)\"}<\/style><\/div>\r\n                    <\/div>\r\n                <\/div>[\/vc_column][\/vc_row]<\/p>\n<style type=\"text\/css\">a[data-mtli~=\"mtli_filesize453,45kB\"]:after {content:\" (453,45 kB)\"}<\/style>","protected":false},"excerpt":{"rendered":"<p>[vc_row][vc_column][\/vc_column][\/vc_row][vc_row][vc_column][\/vc_column][\/vc_row] [&#8230;]<\/p>\n<p><a class=\"btn btn-secondary understrap-read-more-link\" href=\"https:\/\/us.edu.pl\/pracownik\/sprawy-dydaktyczne\/system-motywacyjny-w-dydaktyce-akademickiej-smoda\/doskonaly-kierunek-smoda\/\">Read More&#8230;<\/a><\/p>\n","protected":false},"author":41,"featured_media":0,"parent":17754,"menu_order":46,"comment_status":"closed","ping_status":"closed","template":"page-templates\/inner-page.php","meta":{"_expiration-date-status":"","_expiration-date":0,"_expiration-date-type":"","_expiration-date-categories":[],"_expiration-date-options":[]},"acf":[],"_links":{"self":[{"href":"https:\/\/us.edu.pl\/pracownik\/wp-json\/wp\/v2\/pages\/19606"}],"collection":[{"href":"https:\/\/us.edu.pl\/pracownik\/wp-json\/wp\/v2\/pages"}],"about":[{"href":"https:\/\/us.edu.pl\/pracownik\/wp-json\/wp\/v2\/types\/page"}],"author":[{"embeddable":true,"href":"https:\/\/us.edu.pl\/pracownik\/wp-json\/wp\/v2\/users\/41"}],"replies":[{"embeddable":true,"href":"https:\/\/us.edu.pl\/pracownik\/wp-json\/wp\/v2\/comments?post=19606"}],"version-history":[{"count":8,"href":"https:\/\/us.edu.pl\/pracownik\/wp-json\/wp\/v2\/pages\/19606\/revisions"}],"predecessor-version":[{"id":19710,"href":"https:\/\/us.edu.pl\/pracownik\/wp-json\/wp\/v2\/pages\/19606\/revisions\/19710"}],"up":[{"embeddable":true,"href":"https:\/\/us.edu.pl\/pracownik\/wp-json\/wp\/v2\/pages\/17754"}],"wp:attachment":[{"href":"https:\/\/us.edu.pl\/pracownik\/wp-json\/wp\/v2\/media?parent=19606"}],"curies":[{"name":"wp","href":"https:\/\/api.w.org\/{rel}","templated":true}]}}