{"id":1978,"date":"2019-10-16T12:54:39","date_gmt":"2019-10-16T10:54:39","guid":{"rendered":"https:\/\/us.edu.pl\/pracownik\/?page_id=1978"},"modified":"2019-10-16T13:16:52","modified_gmt":"2019-10-16T11:16:52","slug":"umowa-zakladowa","status":"publish","type":"page","link":"https:\/\/us.edu.pl\/pracownik\/sprawy-socjalne\/programy-emerytalne-i-ubezpieczenia\/pracowniczy-program-emerytalny-ppe\/umowa-zakladowa\/","title":{"rendered":"Umowa zak\u0142adowa"},"content":{"rendered":"<p>[vc_row][vc_column][\/vc_column][\/vc_row][vc_row][vc_column][myprefix_functional_icons print_icon=&#8221;yes&#8221;][\/vc_column][\/vc_row][vc_row][vc_column]\r\n                <div class=\"text-modules\">\r\n                    <div class=\"container\">\r\n                        <h3 class=\"page-title text__title\">Umowa zak\u0142adowa<\/h3>\r\n                        <div class=\"text-modules__content\"><\/p>\n<h2>Pracowniczy Program Emerytalny u Uniwersytecie \u015al\u0105skim<\/h2>\n<p>&nbsp;<\/p>\n<div id=\"node-5468\" class=\"node clear-block\">\n<div class=\"meta\"><\/div>\n<div class=\"content\">\n<p><b>umowa Zak\u0142adowa<\/b><\/p>\n<p>zawarta w Katowicach w dniu 25 sierpnia 2004 r. pomi\u0119dzy:<br \/>\n<b>Uniwersytetem \u015al\u0105skim w Katowicach,<\/b><br \/>\nkt\u00f3ry reprezentuje<br \/>\nJM Rektor Prof. dr hab. Janusz Janeczek<br \/>\n<b>(&#8222;Pracodawca&#8217;)<\/b><br \/>\n<b>oraz<\/b><\/p>\n<p><b>Zwi\u0105zkiem Nauczycielstwa Polskiego<\/b><br \/>\nprzy\u00a0<b>Uniwersytecie \u015al\u0105skim w Katowicach,<\/b><br \/>\nreprezentowanym przez<br \/>\nPrezesa doc. dr Remigiusza Wi\u0119ckowskiego,<br \/>\ni<\/p>\n<p><b>Zwi\u0105zkiem Nauczycielstwa Polskiego<\/b><br \/>\n<b>Uniwersytetu \u015al\u0105skiego Filii w Cieszynie,<\/b><br \/>\nreprezentowanym przez<br \/>\nJana Czy\u017ca<br \/>\ni<\/p>\n<p><b>Komisj\u0105 Zak\u0142adow\u0105 NSZZ &#8222;Solidarno\u015b\u0107&#8221; Uniwersytetu \u015al\u0105skiego,<\/b><br \/>\nreprezentowan\u0105 przez<br \/>\nPrzewodnicz\u0105c\u0105 mgr Ew\u0119 \u017burawsk\u0105<br \/>\n<b>(&#8222;Reprezentacja Pracownik\u00f3w&#8221;)<\/b><\/p>\n<p align=\"justify\">Niniejsza Umowa zast\u0119puje Zak\u0142adow\u0105 Umow\u0119 Emerytaln\u0105 z dnia 19 pa\u017adziernika 2000 r. oraz wszelkie aneksy do niej.<\/p>\n<p align=\"justify\">W zwi\u0105zku ze zmian\u0105 dotychczasowej formy pracowniczego programu emerytalnego prowadzonego przez Pracodawc\u0119 &#8211; pracowniczego funduszu emerytalnego (&#8222;Polski Pracowniczy Fundusz Emerytalny DIAMENT&#8221;), na umow\u0119 o wnoszenie przez Pracodawc\u0119 sk\u0142adek pracownik\u00f3w do funduszu inwestycyjnego (ING Fundusz Inwestycyjny Otwarty Stabilnego Wzrostu Emerytura Plus&#8221;) oraz ze wzgl\u0119du na ustawowy obowi\u0105zek dostosowania pracowniczego programu emerytalnego do przepis\u00f3w ustawy z dnia 20 kwietnia 2004 r. o pracowniczych programach emerytalnych (Dz. U. Nr 116, poz. 1207), Strony Umowy Zak\u0142adowej postanawiaj\u0105 nada\u0107 jej nowe brzmienie.<\/p>\n<table border=\"0\" width=\"70%\" align=\"center\">\n<tbody>\n<tr>\n<td>Zwi\u0105zki Zawodowe:<\/td>\n<td>REKTOR<\/td>\n<\/tr>\n<tr>\n<td>Prezes<br \/>\ndoc.dr Remigiusz Wi\u0119ckowski<\/td>\n<td>Prof. dr hab. Janusz Janeczek<\/td>\n<\/tr>\n<tr>\n<td>Wiceprzewodnicz\u0105ca<br \/>\nNSZZ Solidarno\u015b\u0107 U\u015a<br \/>\ndr Gra\u017cyna Pasterna<\/td>\n<\/tr>\n<tr>\n<td>Zwi\u0105zek Nauczycielstwa Polskiego<br \/>\nUniwersytetu \u015al\u0105skiego Filii w Cieszynie<br \/>\nPrzewodnicz\u0105cy Jan Czy\u017c<\/td>\n<\/tr>\n<\/tbody>\n<\/table>\n<\/div>\n<\/div>\n<p>\n<\/div>\r\n                    <\/div>\r\n                <\/div>[\/vc_column][\/vc_row]<\/p>","protected":false},"excerpt":{"rendered":"<p>[vc_row][vc_column][\/vc_column][\/vc_row][vc_row][vc_column][myprefix_functional_icons print_icon=&#8221;yes&#8221;][\/vc_column][\/vc_row][vc_row][vc_column][\/vc_column][\/vc_row] [&#8230;]<\/p>\n<p><a class=\"btn btn-secondary understrap-read-more-link\" href=\"https:\/\/us.edu.pl\/pracownik\/sprawy-socjalne\/programy-emerytalne-i-ubezpieczenia\/pracowniczy-program-emerytalny-ppe\/umowa-zakladowa\/\">Read More&#8230;<\/a><\/p>\n","protected":false},"author":41,"featured_media":0,"parent":566,"menu_order":332,"comment_status":"closed","ping_status":"closed","template":"page-templates\/inner-page-with-bookmarks.php","meta":{"_expiration-date-status":"","_expiration-date":0,"_expiration-date-type":"","_expiration-date-categories":[],"_expiration-date-options":[]},"acf":[],"_links":{"self":[{"href":"https:\/\/us.edu.pl\/pracownik\/wp-json\/wp\/v2\/pages\/1978"}],"collection":[{"href":"https:\/\/us.edu.pl\/pracownik\/wp-json\/wp\/v2\/pages"}],"about":[{"href":"https:\/\/us.edu.pl\/pracownik\/wp-json\/wp\/v2\/types\/page"}],"author":[{"embeddable":true,"href":"https:\/\/us.edu.pl\/pracownik\/wp-json\/wp\/v2\/users\/41"}],"replies":[{"embeddable":true,"href":"https:\/\/us.edu.pl\/pracownik\/wp-json\/wp\/v2\/comments?post=1978"}],"version-history":[{"count":5,"href":"https:\/\/us.edu.pl\/pracownik\/wp-json\/wp\/v2\/pages\/1978\/revisions"}],"predecessor-version":[{"id":1984,"href":"https:\/\/us.edu.pl\/pracownik\/wp-json\/wp\/v2\/pages\/1978\/revisions\/1984"}],"up":[{"embeddable":true,"href":"https:\/\/us.edu.pl\/pracownik\/wp-json\/wp\/v2\/pages\/566"}],"wp:attachment":[{"href":"https:\/\/us.edu.pl\/pracownik\/wp-json\/wp\/v2\/media?parent=1978"}],"curies":[{"name":"wp","href":"https:\/\/api.w.org\/{rel}","templated":true}]}}