{"id":19857,"date":"2023-01-09T13:17:32","date_gmt":"2023-01-09T12:17:32","guid":{"rendered":"https:\/\/us.edu.pl\/pracownik\/?page_id=19857"},"modified":"2023-01-12T08:30:31","modified_gmt":"2023-01-12T07:30:31","slug":"posiedzenie-komisji-12-01-2023","status":"publish","type":"page","link":"https:\/\/us.edu.pl\/pracownik\/sprawy-dydaktyczne\/senacka-komisja-ds-ksztalcenia\/senacka-komisja-ds-ksztalcenia-sklad-komisji\/kadencja-2020-2024\/posiedzenie-komisji-12-01-2023\/","title":{"rendered":"Posiedzenie komisji &#8211; 12.01.2023"},"content":{"rendered":"<p>[vc_row][vc_column]\r\n                <div class=\"text-modules\">\r\n                    <div class=\"container\">\r\n                        <h3 class=\"page-title text__title\">Posiedzenie Komisji ds. kszta\u0142cenia i student\u00f3w - 12 stycznia 2023 r.<\/h3>\r\n                        <div class=\"text-modules__content\"><p>Posiedzenie Komisji ds. kszta\u0142cenia i student\u00f3w, kt\u00f3re odb\u0119dzie si\u0119 <strong>w czwartek 12 stycznia 2023 r. o godz. 13.00<\/strong> w Rektoracie Uniwersytetu \u015al\u0105skiego w Katowicach w sali 1.20.<\/p>\n<p><u>Planowany porz\u0105dek posiedzenia:<\/u><\/p>\n<ol>\n<li>Komunikaty Prorektor ds. kszta\u0142cenia i student\u00f3w.<\/li>\n<li>Zaopiniowanie <a href=\"https:\/\/us.edu.pl\/pracownik\/wp-content\/uploads\/sites\/2\/Editor\/sprawy-dydatktyczne\/Komisja-ksztalcenia\/Kadencja-2020-2024\/20222023\/12-styczen2023\/Uchwala_rekrutacyjna_2023_2024_t.j.-1.doc\" class=\"mtli_attachment mtli_doc\" data-mtli=\"mtli_filesize136,50kB\" class=\"mtli_attachment mtli_doc\" data-mtli=\"mtli_filesize136,50kB\">zmian w uchwale nr 298 Senatu Uniwersytetu \u015al\u0105skiego w Katowicach z dnia 28 czerwca 2022 r. w sprawie warunk\u00f3w i trybu rekrutacji na I rok studi\u00f3w w Uniwersytecie \u015al\u0105skim w Katowicach w roku akademickim 2023\/2024.<\/a><\/li>\n<li>Zaopiniowanie zmian <a href=\"https:\/\/us.edu.pl\/pracownik\/wp-content\/uploads\/sites\/2\/Editor\/sprawy-dydatktyczne\/Komisja-ksztalcenia\/Kadencja-2020-2024\/20222023\/12-styczen2023\/uchwala-zmieniajaca-olimpiady.zip\">w uchwale nr 145 Senatu Uniwersytetu \u015al\u0105skiego w Katowicach z dnia 29 czerwca 2021 r. w sprawie szczeg\u00f3\u0142owych zasad przyjmowania na I rok studi\u00f3w laureat\u00f3w i finalist\u00f3w olimpiad stopnia centralnego, laureat\u00f3w konkurs\u00f3w mi\u0119dzynarodowych oraz og\u00f3lnopolskich a tak\u017ce finalist\u00f3w Mistrzostw Polski w kategoriach m\u0142odzie\u017cowych, w dyscyplinach sportowych uj\u0119tych w rywalizacji sportu akademickiego w ramach programu Akademickie Mistrzostwa Polski w latach 2023\/2024, 2024\/2025, 2025\/2026, 2026\/2027.<\/a><\/li>\n<li>Opinia do wniosku inicjuj\u0105cego utworzenie nowego kierunku studi\u00f3w na Wydziale Nauk Przyrodniczych: <a href=\"https:\/\/us.edu.pl\/pracownik\/wp-content\/uploads\/sites\/2\/Editor\/sprawy-dydatktyczne\/Komisja-ksztalcenia\/Kadencja-2020-2024\/20222023\/12-styczen2023\/Aquamatyka-_-I-st.-SS-_-propozycja-utworzenia-kierunku.pdf\" class=\"mtli_attachment mtli_pdf\" data-mtli=\"mtli_filesize2,34MB\" class=\"mtli_attachment mtli_pdf\" data-mtli=\"mtli_filesize2,34MB\"><em>aquamatyka \u2013 interdyscyplinarne gospodarowanie \u015brodowiskami wodnymi<\/em>, studia stacjonarne I stopnia (in\u017cynierskie).<\/a><\/li>\n<li>Opinia do wniosku dotycz\u0105cego utworzenia studi\u00f3w niestacjonarnych drugiego stopnia na kierunku filologia germa\u0144ska od roku akademickiego 2023\/2024.<\/li>\n<li>Opinia do wniosku dotycz\u0105cego zmiany nazwy kierunku filologia rosyjska na filologia wschodnios\u0142owia\u0144ska od roku akademickiego 2023\/2024.<\/li>\n<li>Wolne wnioski.<\/li>\n<\/ol>\n<p>\n<style type=\"text\/css\">a[data-mtli~=\"mtli_filesize136,50kB\"]:after {content:\" (136,50 kB)\"}a[data-mtli~=\"mtli_filesize2,34MB\"]:after {content:\" (2,34 MB)\"}<\/style><\/div>\r\n                    <\/div>\r\n                <\/div>[\/vc_column][\/vc_row]<\/p>\n<style type=\"text\/css\">a[data-mtli~=\"mtli_filesize136,50kB\"]:after {content:\" (136,50 kB)\"}a[data-mtli~=\"mtli_filesize2,34MB\"]:after {content:\" (2,34 MB)\"}<\/style>","protected":false},"excerpt":{"rendered":"<p>[vc_row][vc_column][\/vc_column][\/vc_row] [&#8230;]<\/p>\n<p><a class=\"btn btn-secondary understrap-read-more-link\" href=\"https:\/\/us.edu.pl\/pracownik\/sprawy-dydaktyczne\/senacka-komisja-ds-ksztalcenia\/senacka-komisja-ds-ksztalcenia-sklad-komisji\/kadencja-2020-2024\/posiedzenie-komisji-12-01-2023\/\">Read More&#8230;<\/a><\/p>\n","protected":false},"author":31,"featured_media":0,"parent":5151,"menu_order":37,"comment_status":"closed","ping_status":"closed","template":"page-templates\/inner-page.php","meta":{"_expiration-date-status":"saved","_expiration-date":0,"_expiration-date-type":"","_expiration-date-categories":[],"_expiration-date-options":[]},"acf":[],"_links":{"self":[{"href":"https:\/\/us.edu.pl\/pracownik\/wp-json\/wp\/v2\/pages\/19857"}],"collection":[{"href":"https:\/\/us.edu.pl\/pracownik\/wp-json\/wp\/v2\/pages"}],"about":[{"href":"https:\/\/us.edu.pl\/pracownik\/wp-json\/wp\/v2\/types\/page"}],"author":[{"embeddable":true,"href":"https:\/\/us.edu.pl\/pracownik\/wp-json\/wp\/v2\/users\/31"}],"replies":[{"embeddable":true,"href":"https:\/\/us.edu.pl\/pracownik\/wp-json\/wp\/v2\/comments?post=19857"}],"version-history":[{"count":7,"href":"https:\/\/us.edu.pl\/pracownik\/wp-json\/wp\/v2\/pages\/19857\/revisions"}],"predecessor-version":[{"id":19889,"href":"https:\/\/us.edu.pl\/pracownik\/wp-json\/wp\/v2\/pages\/19857\/revisions\/19889"}],"up":[{"embeddable":true,"href":"https:\/\/us.edu.pl\/pracownik\/wp-json\/wp\/v2\/pages\/5151"}],"wp:attachment":[{"href":"https:\/\/us.edu.pl\/pracownik\/wp-json\/wp\/v2\/media?parent=19857"}],"curies":[{"name":"wp","href":"https:\/\/api.w.org\/{rel}","templated":true}]}}