{"id":2098,"date":"2019-10-17T13:05:45","date_gmt":"2019-10-17T11:05:45","guid":{"rendered":"https:\/\/us.edu.pl\/pracownik\/?page_id=2098"},"modified":"2020-01-29T10:29:10","modified_gmt":"2020-01-29T09:29:10","slug":"ocena-ryzyka-zawodowego","status":"publish","type":"page","link":"https:\/\/us.edu.pl\/pracownik\/procedury-i-obieg-dokumentow\/instrukcje-i-procedury-bhp-i-op\/ocena-ryzyka-zawodowego\/","title":{"rendered":"Ocena ryzyka zawodowego"},"content":{"rendered":"<p>[vc_row][vc_column][\/vc_column][\/vc_row][vc_row][vc_column]\r\n                <div class=\"text-modules\">\r\n                    <div class=\"container\">\r\n                        <h3 class=\"page-title text__title\">Ocena ryzyka zawodowego<\/h3>\r\n                        <div class=\"text-modules__content\"><p><b>RYZYKO ZAWODOWE<\/b><span style=\"font-weight: 400\">\u00a0&#8211; prawdopodobie\u0144stwo wyst\u0105pienia niepo\u017c\u0105danych zdarze\u0144 zwi\u0105zanych z wykonywan\u0105 prac\u0105 powoduj\u0105cych straty, w szczeg\u00f3lno\u015bci wyst\u0105pienia <\/span><span style=\"font-weight: 400\"><br \/>\n<\/span><span style=\"font-weight: 400\">u pracownik\u00f3w niekorzystnych skutk\u00f3w zdrowotnych w wyniku zagro\u017ce\u0144 zawodowych wyst\u0119puj\u0105cych w \u015brodowisku pracy lub sposobu wykonywania pracy.<\/span><\/p>\n<p><span style=\"font-weight: 400\">Po zapoznaniu si\u0119 pracownika z dokumentacj\u0105 ryzyka zawodowego przechowywana jest ona <\/span><span style=\"font-weight: 400\"><br \/>\n<\/span><span style=\"font-weight: 400\">w Inspektoracie BHP i OP<\/span><\/p>\n<p><span style=\"font-weight: 400\">Ocen\u0119 ryzyka zawodowego nale\u017cy przeprowadzi\u0107 ponownie po ka\u017cdej zmianie stosowanych urz\u0105dze\u0144 i materia\u0142\u00f3w oraz \u015brodk\u00f3w bezpiecze\u0144stwa &#8211; je\u017celi mog\u0105 mie\u0107 wp\u0142yw na poziom ryzyka. O takiej sytuacji prosz\u0119 poinformowa\u0107 Inspektorat BHP i OP.<\/span><\/p>\n<\/div>\r\n                    <\/div>\r\n                <\/div>[\/vc_column][\/vc_row]<\/p>","protected":false},"excerpt":{"rendered":"<p>[vc_row][vc_column][\/vc_column][\/vc_row][vc_row][vc_column][\/vc_column][\/vc_row] [&#8230;]<\/p>\n<p><a class=\"btn btn-secondary understrap-read-more-link\" href=\"https:\/\/us.edu.pl\/pracownik\/procedury-i-obieg-dokumentow\/instrukcje-i-procedury-bhp-i-op\/ocena-ryzyka-zawodowego\/\">Read More&#8230;<\/a><\/p>\n","protected":false},"author":41,"featured_media":0,"parent":905,"menu_order":329,"comment_status":"closed","ping_status":"closed","template":"page-templates\/inner-page.php","meta":{"_expiration-date-status":"saved","_expiration-date":0,"_expiration-date-type":"","_expiration-date-categories":[],"_expiration-date-options":[]},"acf":[],"_links":{"self":[{"href":"https:\/\/us.edu.pl\/pracownik\/wp-json\/wp\/v2\/pages\/2098"}],"collection":[{"href":"https:\/\/us.edu.pl\/pracownik\/wp-json\/wp\/v2\/pages"}],"about":[{"href":"https:\/\/us.edu.pl\/pracownik\/wp-json\/wp\/v2\/types\/page"}],"author":[{"embeddable":true,"href":"https:\/\/us.edu.pl\/pracownik\/wp-json\/wp\/v2\/users\/41"}],"replies":[{"embeddable":true,"href":"https:\/\/us.edu.pl\/pracownik\/wp-json\/wp\/v2\/comments?post=2098"}],"version-history":[{"count":6,"href":"https:\/\/us.edu.pl\/pracownik\/wp-json\/wp\/v2\/pages\/2098\/revisions"}],"predecessor-version":[{"id":5541,"href":"https:\/\/us.edu.pl\/pracownik\/wp-json\/wp\/v2\/pages\/2098\/revisions\/5541"}],"up":[{"embeddable":true,"href":"https:\/\/us.edu.pl\/pracownik\/wp-json\/wp\/v2\/pages\/905"}],"wp:attachment":[{"href":"https:\/\/us.edu.pl\/pracownik\/wp-json\/wp\/v2\/media?parent=2098"}],"curies":[{"name":"wp","href":"https:\/\/api.w.org\/{rel}","templated":true}]}}