{"id":2126,"date":"2019-10-17T15:14:46","date_gmt":"2019-10-17T13:14:46","guid":{"rendered":"https:\/\/us.edu.pl\/pracownik\/?page_id=2126"},"modified":"2023-01-20T15:12:21","modified_gmt":"2023-01-20T14:12:21","slug":"material-potencjalnie-zakazny-procedura","status":"publish","type":"page","link":"https:\/\/us.edu.pl\/pracownik\/procedury-i-obieg-dokumentow\/instrukcje-i-procedury-bhp-i-op\/material-potencjalnie-zakazny-procedura\/","title":{"rendered":"Materia\u0142 potencjalnie zaka\u017any &#8211; procedura"},"content":{"rendered":"<p>[vc_row][vc_column][\/vc_column][\/vc_row][vc_row][vc_column]\r\n                <div class=\"text-modules\">\r\n                    <div class=\"container\">\r\n                        <h3 class=\"page-title text__title\">Materia\u0142 potencjalnie zaka\u017any - procedura<\/h3>\r\n                        <div class=\"text-modules__content\"><p><span style=\"font-weight: 400;\">Zgodnie z\u00a0<\/span><a href=\"https:\/\/aktyprawne.us.edu.pl\/423-lista\/d\/654\/5\/\" target=\"_blank\" rel=\"noopener\"><span style=\"font-weight: 400;\">Zarz\u0105dzeniem nr 100\/2017<\/span><\/a><span style=\"font-weight: 400;\">\u00a0z dnia 04-07-2017 Rektora U\u015a w sprawie procedury post\u0119powania poekspozycyjnego w przypadku wyst\u0105pienia nara\u017cenia zawodowego na materia\u0142 potencjalnie zaka\u017any nale\u017cy zapozna\u0107 si\u0119 z procedur\u0105 post\u0119powania stanowi\u0105c\u0105 za\u0142\u0105cznik do powy\u017cszego zarz\u0105dzenia.<\/span><\/p>\n<p><span style=\"font-weight: 400;\">Pracownik, kt\u00f3ry uleg\u0142 ekspozycji powinien bezzw\u0142ocznie skontaktowa\u0107 si\u0119<\/span><span style=\"font-weight: 400;\"><br \/>\n<\/span><span style=\"font-weight: 400;\">z lekarzem specjalist\u0105 chor\u00f3b zaka\u017anych &#8211; celem uzyskania porady dotycz\u0105cej dalszego post\u0119powania.<\/span><\/p>\n<p><b>Konsultacje \u015bwiadczone s\u0105 ca\u0142odobowo w nast\u0119puj\u0105cy spos\u00f3b:<\/b><\/p>\n<p><span style=\"font-weight: 400;\">a) w Poradni Diagnostyki i Terapii AIDS (w godzinach od 8.00-15.00);<\/span><\/p>\n<p><span style=\"font-weight: 400;\">b) przez lekarza dy\u017curnego Oddzia\u0142u Zaka\u017anego (od godziny od 15.00-8.00).<\/span><\/p>\n<p><b>Konsultacje, o kt\u00f3rych mowa wy\u017cej przeprowadzane s\u0105 w Szpitalu Specjalistycznym w Chorzowie przy ul. Zjednoczenia 10.<\/b><span style=\"font-weight: 400;\">\u00a0<\/span><\/p>\n<p><span style=\"font-weight: 400;\">Pracownik kierowany jest na konsultacje na podstawie pisemnego skierowania (stanowi\u0105cego za\u0142\u0105cznik nr 3 do niniejszej procedury) wystawionego przez bezpo\u015bredniego prze\u0142o\u017conego.\u00a0\u00a0<\/span><\/p>\n<p><span style=\"font-weight: 400;\"><br \/>\n<\/span><em><span style=\"font-weight: 400;\"><a href=\"\/pracownik\/wp-content\/uploads\/sites\/2\/pracownik\/druki\/za\u0142.12-skierowanie_po_ekspozycji_mat_zaka\u017any.pdf\" class=\"mtli_attachment mtli_pdf\" data-mtli=\"mtli_filesize196,65kB\" class=\"mtli_attachment mtli_pdf\" data-mtli=\"mtli_filesize196,65kB\">Wz\u00f3r skierowania po ekspozycji<\/a>\u00a0<\/span><\/em><\/p>\n<p><span style=\"font-weight: 400;\">Skierowanie o kt\u00f3rym mowa powy\u017cej powinno zawiera\u0107:<\/span><\/p>\n<p><span style=\"font-weight: 400;\">a) dat\u0119 wystawienia (dzie\u0144 ekspozycji),<\/span><\/p>\n<p><span style=\"font-weight: 400;\">b) dane identyfikacyjne pracownika;<\/span><\/p>\n<p><span style=\"font-weight: 400;\">c) opis zdarzenia oraz czynnika ryzyka zaka\u017cenia;<\/span><\/p>\n<p><span style=\"font-weight: 400;\">d) tytu\u0142 i nr umowy b\u0119d\u0105cej podstaw\u0105 zlecenia wizyty;<\/span><\/p>\n<p><span style=\"font-weight: 400;\">e) podpis i piecz\u0105tka Kieruj\u0105cego.<\/span><\/p>\n<p><b><i>W przypadku braku mo\u017cliwo\u015bci uzyskania skierowania nale\u017cy poda\u0107 nr umowy zawartej pomi\u0119dzy Uniwersytetem a Szpitalem tj. CRU \/ 2130 \/ 2017 z dnia 18.07.2017r. w sprawie realizacji procedur po ekspozycji na zaka\u017cenie czynnikami biologicznymi.<\/i><\/b><\/p>\n<p>&nbsp;<\/p>\n<p><b><i>UWAGA! Po udzieleniu pomocy medycznej prosz\u0119 pami\u0119ta\u0107 aby niezw\u0142ocznie dostarczy\u0107 skierowanie. <\/i><\/b><\/p>\n<style type=\"text\/css\">a[data-mtli~=\"mtli_filesize196,65kB\"]:after {content:\" (196,65 kB)\"}<\/style><\/div>\r\n                    <\/div>\r\n                <\/div>[\/vc_column][\/vc_row]<\/p>\n<style type=\"text\/css\">a[data-mtli~=\"mtli_filesize196,65kB\"]:after {content:\" (196,65 kB)\"}a[data-mtli~=\"mtli_filesize12,77kB\"]:after {content:\" (12,77 kB)\"}<\/style>","protected":false},"excerpt":{"rendered":"<p>[vc_row][vc_column][\/vc_column][\/vc_row][vc_row][vc_column][\/vc_column][\/vc_row] [&#8230;]<\/p>\n<p><a class=\"btn btn-secondary understrap-read-more-link\" href=\"https:\/\/us.edu.pl\/pracownik\/procedury-i-obieg-dokumentow\/instrukcje-i-procedury-bhp-i-op\/material-potencjalnie-zakazny-procedura\/\">Read More&#8230;<\/a><\/p>\n","protected":false},"author":41,"featured_media":0,"parent":905,"menu_order":326,"comment_status":"closed","ping_status":"closed","template":"page-templates\/inner-page.php","meta":{"_expiration-date-status":"","_expiration-date":0,"_expiration-date-type":"","_expiration-date-categories":[],"_expiration-date-options":[]},"acf":[],"_links":{"self":[{"href":"https:\/\/us.edu.pl\/pracownik\/wp-json\/wp\/v2\/pages\/2126"}],"collection":[{"href":"https:\/\/us.edu.pl\/pracownik\/wp-json\/wp\/v2\/pages"}],"about":[{"href":"https:\/\/us.edu.pl\/pracownik\/wp-json\/wp\/v2\/types\/page"}],"author":[{"embeddable":true,"href":"https:\/\/us.edu.pl\/pracownik\/wp-json\/wp\/v2\/users\/41"}],"replies":[{"embeddable":true,"href":"https:\/\/us.edu.pl\/pracownik\/wp-json\/wp\/v2\/comments?post=2126"}],"version-history":[{"count":10,"href":"https:\/\/us.edu.pl\/pracownik\/wp-json\/wp\/v2\/pages\/2126\/revisions"}],"predecessor-version":[{"id":19990,"href":"https:\/\/us.edu.pl\/pracownik\/wp-json\/wp\/v2\/pages\/2126\/revisions\/19990"}],"up":[{"embeddable":true,"href":"https:\/\/us.edu.pl\/pracownik\/wp-json\/wp\/v2\/pages\/905"}],"wp:attachment":[{"href":"https:\/\/us.edu.pl\/pracownik\/wp-json\/wp\/v2\/media?parent=2126"}],"curies":[{"name":"wp","href":"https:\/\/api.w.org\/{rel}","templated":true}]}}