{"id":21305,"date":"2023-04-11T08:16:05","date_gmt":"2023-04-11T06:16:05","guid":{"rendered":"https:\/\/us.edu.pl\/pracownik\/?page_id=21305"},"modified":"2023-08-02T11:15:21","modified_gmt":"2023-08-02T09:15:21","slug":"posiedzenie-komisji-13-04-2023","status":"publish","type":"page","link":"https:\/\/us.edu.pl\/pracownik\/sprawy-dydaktyczne\/senacka-komisja-ds-ksztalcenia\/senacka-komisja-ds-ksztalcenia-sklad-komisji\/kadencja-2020-2024\/posiedzenie-komisji-13-04-2023\/","title":{"rendered":"Posiedzenie komisji &#8211; 13.04.2023"},"content":{"rendered":"<p>[vc_row][vc_column]\r\n                <div class=\"text-modules\">\r\n                    <div class=\"container\">\r\n                        <h3 class=\"page-title text__title\">Posiedzenie Komisji ds. kszta\u0142cenia i student\u00f3w - 13 kwietnia 2023 r.<\/h3>\r\n                        <div class=\"text-modules__content\"><\/p>\n<p style=\"font-weight: 400;\">Posiedzenie Komisji ds. kszta\u0142cenia i student\u00f3w, kt\u00f3re odb\u0119dzie si\u0119 w czwartek <strong>13 kwietnia 2023 r. o godz. 13.00<\/strong>\u00a0w Rektoracie Uniwersytetu \u015al\u0105skiego w Katowicach w sali 1.20.<\/p>\n<p><u>Planowany porz\u0105dek posiedzenia:<\/u><\/p>\n<ol>\n<li>Komunikaty Prorektorki ds. kszta\u0142cenia i student\u00f3w.<\/li>\n<li>Opiniowanie programu studi\u00f3w podyplomowych <a href=\"https:\/\/us.edu.pl\/pracownik\/wp-content\/uploads\/sites\/2\/Editor\/sprawy-dydatktyczne\/Komisja-ksztalcenia\/Kadencja-2020-2024\/20222023\/13-kwiecien\/2_SP_Zarzadzanie-Marka-Zarzadzanie-Marka-Pracodawcy-Zarzadzanie-Marka-Osobista.zip\"><em>Studia podyplomowe Zarz\u0105dzanie Mark\u0105 &#8211; Zarz\u0105dzanie Mark\u0105 Pracodawcy &#8211; Zarz\u0105dzanie Mark\u0105 Osobist\u0105.<\/em><\/a><\/li>\n<li>Opiniowanie programu studi\u00f3w podyplomowych<a href=\"https:\/\/us.edu.pl\/pracownik\/wp-content\/uploads\/sites\/2\/Editor\/sprawy-dydatktyczne\/Komisja-ksztalcenia\/Kadencja-2020-2024\/20222023\/13-kwiecien\/3_PS_Doskonalace-Nauczania-Kultury-Polskiej-i-Jezyka-Polskiego-jako-Obcego.zip\"> <em>Podyplomowe Studia Doskonal\u0105ce Nauczania Kultury Polskiej i J\u0119zyka Polskiego jako Obcego.<\/em><\/a><\/li>\n<li>Opiniowanie programu studi\u00f3w podyplomowych <a href=\"https:\/\/us.edu.pl\/pracownik\/wp-content\/uploads\/sites\/2\/Editor\/sprawy-dydatktyczne\/Komisja-ksztalcenia\/Kadencja-2020-2024\/20222023\/13-kwiecien\/5_PS_Kwalifikacyjne-Nauczania-Kultury-Polskiej-i-Jezyka-Polskiego-jako-Obcego.zip\"><em>Podyplomowe Studia Kwalifikacyjne Nauczania Kultury Polskiej i J\u0119zyka Polskiego jako Obcego.<\/em><\/a><\/li>\n<li>Opiniowanie programu studi\u00f3w podyplomowych<a href=\"https:\/\/us.edu.pl\/pracownik\/wp-content\/uploads\/sites\/2\/Editor\/sprawy-dydatktyczne\/Komisja-ksztalcenia\/Kadencja-2020-2024\/20222023\/13-kwiecien\/4_PS_Kwalifikacyjne-do-Nauczania-Drugiego-Przedmiotu-Kultury-Polskiej-i-Jezyka-Polskiego-jako-Obcego.zip\"> <em>Podyplomowe Studia Kwalifikacyjne do Nauczania Drugiego Przedmiotu \u2013 Kultury Polskiej i J\u0119zyka Polskiego jako Obcego.<\/em><\/a><\/li>\n<li><a href=\"https:\/\/us.edu.pl\/pracownik\/wp-content\/uploads\/sites\/2\/Editor\/sprawy-dydatktyczne\/Komisja-ksztalcenia\/Kadencja-2020-2024\/20222023\/13-kwiecien\/6_Organizacja-roku-akad.-2023-2024-_-projekt-zarzadzenia.doc\" class=\"mtli_attachment mtli_doc\" data-mtli=\"mtli_filesize63,50kB\" class=\"mtli_attachment mtli_doc\" data-mtli=\"mtli_filesize63,50kB\">Opina do projektu organizacji roku akademickiego 2023\/2024<\/a>.<\/li>\n<li>Informacja na temat <a href=\"https:\/\/us.edu.pl\/pracownik\/wp-content\/uploads\/sites\/2\/Editor\/sprawy-dydatktyczne\/Komisja-ksztalcenia\/Kadencja-2020-2024\/20222023\/13-kwiecien\/7_Kryteria-oceny-okresowej-w-zakresie-obowiazkow-dydaktycznych.docx\" class=\"mtli_attachment mtli_docx\" data-mtli=\"mtli_filesize21,31kB\" class=\"mtli_attachment mtli_docx\" data-mtli=\"mtli_filesize21,31kB\">oceny okresowej nauczycieli akademickich w zakresie obowi\u0105zk\u00f3w dydaktycznych.<\/a><\/li>\n<li>Opiniowanie projektu nowego Regulaminu Studi\u00f3w w Uniwersytecie \u015al\u0105skim.<\/li>\n<li>Sprostowanie oczywistej omy\u0142ki pisarskiej w Uchwale Senatu nr 165 z dnia 26 czerwca 2021 (dotyczy efekt\u00f3w uczenia si\u0119 kierunku: ochrona \u015brodowiska).<\/li>\n<li>Wolne wnioski.<\/li>\n<\/ol>\n<p>\n<style type=\"text\/css\">a[data-mtli~=\"mtli_filesize63,50kB\"]:after {content:\" (63,50 kB)\"}a[data-mtli~=\"mtli_filesize21,31kB\"]:after {content:\" (21,31 kB)\"}<\/style><\/div>\r\n                    <\/div>\r\n                <\/div>[\/vc_column][\/vc_row]<\/p>\n<style type=\"text\/css\">a[data-mtli~=\"mtli_filesize63,50kB\"]:after {content:\" (63,50 kB)\"}a[data-mtli~=\"mtli_filesize21,31kB\"]:after {content:\" (21,31 kB)\"}<\/style>","protected":false},"excerpt":{"rendered":"<p>[vc_row][vc_column][\/vc_column][\/vc_row] [&#8230;]<\/p>\n<p><a class=\"btn btn-secondary understrap-read-more-link\" href=\"https:\/\/us.edu.pl\/pracownik\/sprawy-dydaktyczne\/senacka-komisja-ds-ksztalcenia\/senacka-komisja-ds-ksztalcenia-sklad-komisji\/kadencja-2020-2024\/posiedzenie-komisji-13-04-2023\/\">Read More&#8230;<\/a><\/p>\n","protected":false},"author":31,"featured_media":0,"parent":5151,"menu_order":29,"comment_status":"closed","ping_status":"closed","template":"page-templates\/inner-page.php","meta":{"_expiration-date-status":"saved","_expiration-date":0,"_expiration-date-type":"","_expiration-date-categories":[],"_expiration-date-options":[]},"acf":[],"_links":{"self":[{"href":"https:\/\/us.edu.pl\/pracownik\/wp-json\/wp\/v2\/pages\/21305"}],"collection":[{"href":"https:\/\/us.edu.pl\/pracownik\/wp-json\/wp\/v2\/pages"}],"about":[{"href":"https:\/\/us.edu.pl\/pracownik\/wp-json\/wp\/v2\/types\/page"}],"author":[{"embeddable":true,"href":"https:\/\/us.edu.pl\/pracownik\/wp-json\/wp\/v2\/users\/31"}],"replies":[{"embeddable":true,"href":"https:\/\/us.edu.pl\/pracownik\/wp-json\/wp\/v2\/comments?post=21305"}],"version-history":[{"count":4,"href":"https:\/\/us.edu.pl\/pracownik\/wp-json\/wp\/v2\/pages\/21305\/revisions"}],"predecessor-version":[{"id":22756,"href":"https:\/\/us.edu.pl\/pracownik\/wp-json\/wp\/v2\/pages\/21305\/revisions\/22756"}],"up":[{"embeddable":true,"href":"https:\/\/us.edu.pl\/pracownik\/wp-json\/wp\/v2\/pages\/5151"}],"wp:attachment":[{"href":"https:\/\/us.edu.pl\/pracownik\/wp-json\/wp\/v2\/media?parent=21305"}],"curies":[{"name":"wp","href":"https:\/\/api.w.org\/{rel}","templated":true}]}}

<p>[vc_row][vc_column]
                <div class="text-modules">
                    <div class="container">
                        <h3 class="page-title text__title">Posiedzenie Komisji ds. kształcenia i studentów - 13 kwietnia 2023 r.</h3>
                        <div class="text-modules__content"></p>
<p style="font-weight: 400;">Posiedzenie Komisji ds. kształcenia i studentów, które odbędzie się w czwartek <strong>13 kwietnia 2023 r. o godz. 13.00</strong> w Rektoracie Uniwersytetu Śląskiego w Katowicach w sali 1.20.</p>
<p><u>Planowany porządek posiedzenia:</u></p>
<ol>
<li>Komunikaty Prorektorki ds. kształcenia i studentów.</li>
<li>Opiniowanie programu studiów podyplomowych <a href="https://us.edu.pl/pracownik/wp-content/uploads/sites/2/Editor/sprawy-dydatktyczne/Komisja-ksztalcenia/Kadencja-2020-2024/20222023/13-kwiecien/2_SP_Zarzadzanie-Marka-Zarzadzanie-Marka-Pracodawcy-Zarzadzanie-Marka-Osobista.zip"><em>Studia podyplomowe Zarządzanie Marką &#8211; Zarządzanie Marką Pracodawcy &#8211; Zarządzanie Marką Osobistą.</em></a></li>
<li>Opiniowanie programu studiów podyplomowych<a href="https://us.edu.pl/pracownik/wp-content/uploads/sites/2/Editor/sprawy-dydatktyczne/Komisja-ksztalcenia/Kadencja-2020-2024/20222023/13-kwiecien/3_PS_Doskonalace-Nauczania-Kultury-Polskiej-i-Jezyka-Polskiego-jako-Obcego.zip"> <em>Podyplomowe Studia Doskonalące Nauczania Kultury Polskiej i Języka Polskiego jako Obcego.</em></a></li>
<li>Opiniowanie programu studiów podyplomowych <a href="https://us.edu.pl/pracownik/wp-content/uploads/sites/2/Editor/sprawy-dydatktyczne/Komisja-ksztalcenia/Kadencja-2020-2024/20222023/13-kwiecien/5_PS_Kwalifikacyjne-Nauczania-Kultury-Polskiej-i-Jezyka-Polskiego-jako-Obcego.zip"><em>Podyplomowe Studia Kwalifikacyjne Nauczania Kultury Polskiej i Języka Polskiego jako Obcego.</em></a></li>
<li>Opiniowanie programu studiów podyplomowych<a href="https://us.edu.pl/pracownik/wp-content/uploads/sites/2/Editor/sprawy-dydatktyczne/Komisja-ksztalcenia/Kadencja-2020-2024/20222023/13-kwiecien/4_PS_Kwalifikacyjne-do-Nauczania-Drugiego-Przedmiotu-Kultury-Polskiej-i-Jezyka-Polskiego-jako-Obcego.zip"> <em>Podyplomowe Studia Kwalifikacyjne do Nauczania Drugiego Przedmiotu – Kultury Polskiej i Języka Polskiego jako Obcego.</em></a></li>
<li><a href="https://us.edu.pl/pracownik/wp-content/uploads/sites/2/Editor/sprawy-dydatktyczne/Komisja-ksztalcenia/Kadencja-2020-2024/20222023/13-kwiecien/6_Organizacja-roku-akad.-2023-2024-_-projekt-zarzadzenia.doc" class="mtli_attachment mtli_doc" data-mtli="mtli_filesize63,50kB" class="mtli_attachment mtli_doc" data-mtli="mtli_filesize63,50kB">Opina do projektu organizacji roku akademickiego 2023/2024</a>.</li>
<li>Informacja na temat <a href="https://us.edu.pl/pracownik/wp-content/uploads/sites/2/Editor/sprawy-dydatktyczne/Komisja-ksztalcenia/Kadencja-2020-2024/20222023/13-kwiecien/7_Kryteria-oceny-okresowej-w-zakresie-obowiazkow-dydaktycznych.docx" class="mtli_attachment mtli_docx" data-mtli="mtli_filesize21,31kB" class="mtli_attachment mtli_docx" data-mtli="mtli_filesize21,31kB">oceny okresowej nauczycieli akademickich w zakresie obowiązków dydaktycznych.</a></li>
<li>Opiniowanie projektu nowego Regulaminu Studiów w Uniwersytecie Śląskim.</li>
<li>Sprostowanie oczywistej omyłki pisarskiej w Uchwale Senatu nr 165 z dnia 26 czerwca 2021 (dotyczy efektów uczenia się kierunku: ochrona środowiska).</li>
<li>Wolne wnioski.</li>
</ol>
<p>
<style type="text/css">a[data-mtli~="mtli_filesize63,50kB"]:after {content:" (63,50 kB)"}a[data-mtli~="mtli_filesize21,31kB"]:after {content:" (21,31 kB)"}</style></div>
                    </div>
                </div>[/vc_column][/vc_row]</p>
<style type="text/css">a[data-mtli~="mtli_filesize63,50kB"]:after {content:" (63,50 kB)"}a[data-mtli~="mtli_filesize21,31kB"]:after {content:" (21,31 kB)"}</style>
