{"id":21635,"date":"2023-05-09T14:04:19","date_gmt":"2023-05-09T12:04:19","guid":{"rendered":"https:\/\/us.edu.pl\/pracownik\/?page_id=21635"},"modified":"2023-05-12T08:59:05","modified_gmt":"2023-05-12T06:59:05","slug":"posiedzenie-komisji-11-05-2023","status":"publish","type":"page","link":"https:\/\/us.edu.pl\/pracownik\/sprawy-dydaktyczne\/senacka-komisja-ds-ksztalcenia\/senacka-komisja-ds-ksztalcenia-sklad-komisji\/kadencja-2020-2024\/posiedzenie-komisji-11-05-2023\/","title":{"rendered":"Posiedzenie komisji &#8211; 11.05.2023"},"content":{"rendered":"<p>[vc_row][vc_column]\r\n                <div class=\"text-modules\">\r\n                    <div class=\"container\">\r\n                        <h3 class=\"page-title text__title\">Posiedzenie Komisji ds. kszta\u0142cenia i student\u00f3w - 11 maja 2023 r.<\/h3>\r\n                        <div class=\"text-modules__content\"><\/p>\n<p style=\"font-weight: 400;\">Posiedzenie Komisji ds. kszta\u0142cenia i student\u00f3w, kt\u00f3re odb\u0119dzie si\u0119 w czwartek <strong>11 maja 2023 r. o godz. 16.00. <\/strong>\u00a0Posiedzenie odb\u0119dzie si\u0119 w trybie zdalnym. Poni\u017cej link do spotkania:<\/p>\n<p><a href=\"https:\/\/teams.microsoft.com\/l\/meetup-join\/19%3ameeting_NWJhNjI3OWUtNjUwNC00YTVmLTlhMTktMWFkODg4NzdlM2Q0%40thread.v2\/0?context=%7b%22Tid%22%3a%2250c76291-0c80-4444-a2fb-4f8ab168c311%22%2c%22Oid%22%3a%22c35600bf-4814-4e5c-92bf-0f4cc57bae49%22%7d\">https:\/\/teams.microsoft.com\/l\/meetup-join\/19%3ameeting_NWJhNjI3OWUtNjUwNC00YTVmLTlhMTktMWFkODg4NzdlM2Q0%40thread.v2\/0?context=%7b%22Tid%22%3a%2250c76291-0c80-4444-a2fb-4f8ab168c311%22%2c%22Oid%22%3a%22c35600bf-4814-4e5c-92bf-0f4cc57bae49%22%7d<\/a><\/p>\n<p><u>Planowany porz\u0105dek posiedzenia:<\/u><\/p>\n<ol>\n<li>Komunikaty Prorektorki ds. kszta\u0142cenia i student\u00f3w.<\/li>\n<\/ol>\n<ol start=\"2\">\n<li>Opiniowanie programu studi\u00f3w podyplomowych <em><a href=\"https:\/\/us.edu.pl\/pracownik\/wp-content\/uploads\/sites\/2\/Editor\/sprawy-dydatktyczne\/Komisja-ksztalcenia\/Kadencja-2020-2024\/20222023\/11-maja\/studia-podyplomowe.zip\">Studia podyplomowe Bibliotekoznawstwa i Informacji Naukowej<\/a> <\/em>\u2013 zmiana nazwy i programu studi\u00f3w.<\/li>\n<li>Opiniowanie programu studi\u00f3w podyplomowych <em><a href=\"https:\/\/us.edu.pl\/pracownik\/wp-content\/uploads\/sites\/2\/Editor\/sprawy-dydatktyczne\/Komisja-ksztalcenia\/Kadencja-2020-2024\/20222023\/11-maja\/studia-podyplomowe.zip\">Kwalifikacyjne studia podyplomowe Bibliotekoznawstwa i Informacji Naukowej dla Nauczycieli<\/a> <\/em>\u2013 nowy program studi\u00f3w.<\/li>\n<li>Opiniowanie Uchwa\u0142y Senatu Uniwersytetu \u015al\u0105skiego w sprawie szczeg\u00f3\u0142owych <a href=\"https:\/\/us.edu.pl\/pracownik\/wp-content\/uploads\/sites\/2\/Editor\/sprawy-dydatktyczne\/Komisja-ksztalcenia\/Kadencja-2020-2024\/20222023\/11-maja\/olimpiady-2023_2026.zip\">zasad przyjmowania na I rok studi\u00f3w laureat\u00f3w i finalist\u00f3w olimpiad stopnia centralnego, laureat\u00f3w konkurs\u00f3w mi\u0119dzynarodowych oraz og\u00f3lnopolskich. a tak\u017ce finalist\u00f3w Mistrzostw Polski<\/a> w kategoriach m\u0142odzie\u017cowych, w dyscyplinach sportowych uj\u0119tych w rywalizacji sportu\u00a0 akademickiego w ramach programu Akademickie Mistrzostwa Polski w roku akademickim 2027\/2028.<\/li>\n<li>Opiniowanie Uchwa\u0142y Senatu zmieniaj\u0105cej uchwa\u0142\u0119 w sprawie szczeg\u00f3\u0142owych zasad przyjmowania na I rok studi\u00f3w <a href=\"https:\/\/us.edu.pl\/pracownik\/wp-content\/uploads\/sites\/2\/Editor\/sprawy-dydatktyczne\/Komisja-ksztalcenia\/Kadencja-2020-2024\/20222023\/11-maja\/olimpiady-2023_2026-1.zip\">laureat\u00f3w i finalist\u00f3w olimpiad stopnia centralnego, laureat\u00f3w konkurs\u00f3w mi\u0119dzynarodowych oraz og\u00f3lnopolskich a tak\u017ce finalist\u00f3w Mistrzostw Polski w kategoriach m\u0142odzie\u017cowych, w dyscyplinach sportowych uj\u0119tych w rywalizacji sportu\u00a0 akademickiego w ramach programu Akademickie Mistrzostwa Polski w latach 2023\/2024, 2024\/2025, 2025\/2026, 2026\/2027.<\/a><\/li>\n<li>Opiniowanie Uchwa\u0142y Senatu Uniwersytetu \u015al\u0105skiego <a href=\"https:\/\/us.edu.pl\/pracownik\/wp-content\/uploads\/sites\/2\/Editor\/sprawy-dydatktyczne\/Komisja-ksztalcenia\/Kadencja-2020-2024\/20222023\/11-maja\/Zmiany-w-uchwale-rekrut-3.zip\">zmieniaj\u0105cej uchwa\u0142\u0119 w sprawie warunk\u00f3w i trybu rekrutacji na I rok studi\u00f3w w Uniwersytecie \u015al\u0105skim w roku akademickim 2023\/2024.<\/a><\/li>\n<li>Opiniowanie Uchwa\u0142y Senatu Uniwersytetu \u015al\u0105skiego w sprawie planowanych <a href=\"https:\/\/us.edu.pl\/pracownik\/wp-content\/uploads\/sites\/2\/Editor\/sprawy-dydatktyczne\/Komisja-ksztalcenia\/Kadencja-2020-2024\/20222023\/11-maja\/limity-miejsc-2023_2024-1.zip\">limit\u00f3w przyj\u0119\u0107 kandydat\u00f3w na pierwszy rok studi\u00f3w w Uniwersytecie \u015al\u0105skim w Katowicach na rok akademicki 2023\/2024.<\/a><\/li>\n<li>Informacja o Uchwale Senatu Uniwersytetu \u015al\u0105skiego w sprawie wytycznych dotycz\u0105cych wymaga\u0144 w zakresie tworzenia i zmiany program\u00f3w studi\u00f3w prowadzonych w Uniwersytecie \u015al\u0105skim w Katowicach.<\/li>\n<li>Informacja na temat <a href=\"https:\/\/us.edu.pl\/pracownik\/wp-content\/uploads\/sites\/2\/Editor\/sprawy-dydatktyczne\/Komisja-ksztalcenia\/Kadencja-2020-2024\/20222023\/11-maja\/Kryteria-oceny-okresowej-w-zakresie-obowiazkow-dydaktycznych.zip\">oceny okresowej nauczycieli akademickich w zakresie obowi\u0105zk\u00f3w dydaktycznych<\/a>.<\/li>\n<li>Wolne wnioski.<\/li>\n<\/ol>\n<p>\n<\/div>\r\n                    <\/div>\r\n                <\/div>[\/vc_column][\/vc_row]<\/p>","protected":false},"excerpt":{"rendered":"<p>[vc_row][vc_column][\/vc_column][\/vc_row] [&#8230;]<\/p>\n<p><a class=\"btn btn-secondary understrap-read-more-link\" href=\"https:\/\/us.edu.pl\/pracownik\/sprawy-dydaktyczne\/senacka-komisja-ds-ksztalcenia\/senacka-komisja-ds-ksztalcenia-sklad-komisji\/kadencja-2020-2024\/posiedzenie-komisji-11-05-2023\/\">Read More&#8230;<\/a><\/p>\n","protected":false},"author":31,"featured_media":0,"parent":5151,"menu_order":27,"comment_status":"closed","ping_status":"closed","template":"page-templates\/inner-page.php","meta":{"_expiration-date-status":"saved","_expiration-date":0,"_expiration-date-type":"","_expiration-date-categories":[],"_expiration-date-options":[]},"acf":[],"_links":{"self":[{"href":"https:\/\/us.edu.pl\/pracownik\/wp-json\/wp\/v2\/pages\/21635"}],"collection":[{"href":"https:\/\/us.edu.pl\/pracownik\/wp-json\/wp\/v2\/pages"}],"about":[{"href":"https:\/\/us.edu.pl\/pracownik\/wp-json\/wp\/v2\/types\/page"}],"author":[{"embeddable":true,"href":"https:\/\/us.edu.pl\/pracownik\/wp-json\/wp\/v2\/users\/31"}],"replies":[{"embeddable":true,"href":"https:\/\/us.edu.pl\/pracownik\/wp-json\/wp\/v2\/comments?post=21635"}],"version-history":[{"count":10,"href":"https:\/\/us.edu.pl\/pracownik\/wp-json\/wp\/v2\/pages\/21635\/revisions"}],"predecessor-version":[{"id":21697,"href":"https:\/\/us.edu.pl\/pracownik\/wp-json\/wp\/v2\/pages\/21635\/revisions\/21697"}],"up":[{"embeddable":true,"href":"https:\/\/us.edu.pl\/pracownik\/wp-json\/wp\/v2\/pages\/5151"}],"wp:attachment":[{"href":"https:\/\/us.edu.pl\/pracownik\/wp-json\/wp\/v2\/media?parent=21635"}],"curies":[{"name":"wp","href":"https:\/\/api.w.org\/{rel}","templated":true}]}}