{"id":2205,"date":"2019-10-21T09:42:26","date_gmt":"2019-10-21T07:42:26","guid":{"rendered":"https:\/\/us.edu.pl\/pracownik\/?page_id=2205"},"modified":"2025-07-07T13:08:19","modified_gmt":"2025-07-07T11:08:19","slug":"informacje-dot-elektronicznych-legitymacji-dla-studentow-i-doktorantow","status":"publish","type":"page","link":"https:\/\/us.edu.pl\/pracownik\/sprawy-dydaktyczne\/pion-ksztalcenia\/dokumentacja-toku-studiow\/informacje-dot-elektronicznych-legitymacji-dla-studentow-i-doktorantow\/","title":{"rendered":"Informacje dot. elektronicznych legitymacji dla student\u00f3w i doktorant\u00f3w"},"content":{"rendered":"<p>[vc_row][vc_column]\r\n                <div class=\"text-modules\">\r\n                    <div class=\"container\">\r\n                        <h3 class=\"page-title text__title\">Elektroniczne legitymacje dla student\u00f3w i doktorant\u00f3w (ELS i ELD)<\/h3>\r\n                        <div class=\"text-modules__content\"><p><span style=\"color: #ff0000;\"><strong>UWAGA WA\u017bNE ZMIANY dotycz\u0105 student\u00f3w od 1 lipca 2025 r. <\/strong><\/span><\/p>\n<p>Od dnia 1 lipca 2025 r. mLegitymacja dost\u0119pna jest w aplikacji mObywatel jako pe\u0142noprawna forma legitymacji.<\/p>\n<p>Uczelnia od 1 pa\u017adziernika 2025 r. b\u0119dzie umo\u017cliwia\u0142a nowoprzyj\u0119tym studentom, aktywowanie mLegitymacji w aplikacji mObywatel.<\/p>\n<p>Aktywowanie mLegitymacji dla student\u00f3w I roku b\u0119dzie mo\u017cliwe po podpisaniu \u015blubowania. \u015alubowanie b\u0119dzie dost\u0119pne w systemie USOSweb od 1 pa\u017adziernika.<\/p>\n<p>Studenci b\u0119d\u0105 mogli nadal otrzymywa\u0107 klasyczn\u0105 elektroniczn\u0105 legitymacj\u0119 (plastikowa karta), pod warunkiem <strong>z\u0142o\u017cenia wniosku i wniesienia op\u0142aty (22,00 z\u0142). <\/strong>Dotyczy to szczeg\u00f3lnie student\u00f3w bez numeru PESEL.<\/p>\n<p>Dotychczasowe legitymacje zar\u00f3wno mobilne, jak i fizyczne, zachowuj\u0105 wa\u017cno\u015b\u0107 do terminu uko\u0144czenia studi\u00f3w, po przed\u0142u\u017ceniu w Dziekanacie.<\/p>\n<p class=\"western\">Legitymacja doktoranta wydawana jest w formie elektronicznej karty procesorowej.<\/p>\n<ul>\n<li>Wygl\u0105d blankietu elektronicznej legitymacji <b>studenckiej<\/b> okre\u015bla za\u0142\u0105cznik nr 1 <a href=\"https:\/\/isap.sejm.gov.pl\/isap.nsf\/DocDetails.xsp?id=WDU20180001837\"><strong>rozporz\u0105dzenia Ministra Nauki i Szkolnictwa Wy\u017cszego z dnia 16 kwietnia 2019 r. zmieniaj\u0105cego rozporz\u0105dzenie w sprawie studi\u00f3w<\/strong> (pdf).<\/a><\/li>\n<li>Wygl\u0105d blankietu elektronicznej legitymacji <b>doktoranta<\/b> okre\u015bla za\u0142\u0105cznik nr 1 rozporz\u0105dzenia Ministra Nauki i Szkolnictwa Wy\u017cszego z dnia 21 wrze\u015bnia 2018 r. w sprawie studi\u00f3w doktoranckich i stypendi\u00f3w dyplom\u00f3w doktorskich, dyplom\u00f3w habilitacyjnych i legitymacji doktoranta (Dz. U. 2018, poz. 1837).<\/li>\n<\/ul>\n<h4><strong>Wysoko\u015b\u0107 op\u0142at za wyrobienie elektronicznej legitymacji:<\/strong><\/h4>\n<ol>\n<li>Osoby, kt\u00f3re rozpocz\u0119\u0142y studia w roku akademickim 2018\/2019 oraz wcze\u015bniej, wnosz\u0105 op\u0142aty na zasadach uj\u0119tych w <a href=\"https:\/\/aktyprawne.us.edu.pl\/423-lista\/d\/3025\/5\/\">Pi\u015bmie ok\u00f3lnym nr 8\/2016 z dnia 2016-11-02 Rektora U\u015a w sprawie wysoko\u015bci op\u0142at pobieranych od student\u00f3w, doktorant\u00f3w, s\u0142uchaczy studi\u00f3w podyplomowych za wydanie dokument\u00f3w.<\/a>\n<ul>\n<li>elektronicznej legitymacji (ELS i ELD) wynosi <strong>17 z\u0142,<\/strong><\/li>\n<li>duplikatu elektronicznej legitymacji (ELS i ELD) wynosi <strong>25,5 z\u0142<\/strong>,<\/li>\n<\/ul>\n<\/li>\n<li>Osoby, kt\u00f3re rozpocz\u0119\u0142y studia od roku akademickiego 2019\/2020 wnosz\u0105 op\u0142aty na zasadach uj\u0119tych w <a href=\"https:\/\/aktyprawne.us.edu.pl\/423-lista\/d\/3028\/5\/\">Pi\u015bmie ok\u00f3lnym nr 8\/2019 Rektora Uniwersytetu \u015al\u0105skiego w Katowicach z dnia 19 czerwca 2019 r. w sprawie wysoko\u015bci op\u0142at pobieranych od student\u00f3w, doktorant\u00f3w, s\u0142uchaczy studi\u00f3w podyplomowych za wydanie dokument\u00f3w pocz\u0105wszy od roku akademickiego 2019\/2020<\/a>\n<ul>\n<li>elektronicznej legitymacji (ELS i ELD) wynosi <strong>22 z\u0142,<\/strong><\/li>\n<li>duplikatu elektronicznej legitymacji (ELS i ELD) wynosi <strong>33 z\u0142<\/strong>,<\/li>\n<\/ul>\n<\/li>\n<\/ol>\n<p class=\"western\">Wydrukiem blankiet\u00f3w legitymacji zajmuje si\u0119 <strong><a href=\"https:\/\/ab.us.edu.pl\/unit\/605702\">Dzia\u0142 Informatycznej Obs\u0142ugi Toku Studi\u00f3w.<\/a><\/strong><\/p>\n<p>Wydanie elektronicznej legitymacji studenckiej\/doktoranta odnotowuje si\u0119 w rejestrze wydanych legitymacji, w kt\u00f3rym wpisuje si\u0119: imiona i nazwisko studenta\/doktoranta, numer albumu oraz dat\u0119 wydania legitymacji.<\/p>\n<p>Odbi\u00f3r ELS\/ELD przez osoby trzecie jest mo\u017cliwy wy\u0142\u0105cznie na podstawie notarialnego lub upowa\u017cnienia z\u0142o\u017conego osobi\u015bcie w dziekanacie przez studenta\/doktoranta wyrabiaj\u0105cego legitymacj\u0119. W drugim przypadku upowa\u017cnienie musi zosta\u0107 podpisane na miejscu w obecno\u015bci pracownika w\u0142a\u015bciwego dziekanatu\/sekretariatu.<\/p>\n<p>Wa\u017cno\u015b\u0107 elektronicznej legitymacji studenckiej potwierdza si\u0119 co semestr (w przypadku elektronicznej legitymacji doktoranta co roku) przez aktualizacj\u0119 danych w uk\u0142adzie elektronicznym (przez pracownika posiadaj\u0105cego kwalifikowany certyfikat swojego podpisu elektronicznego) oraz umieszczenie w kolejno oznaczonych polach legitymacji hologramu, kt\u00f3ry jest drukiem \u015bcis\u0142ego zarachowania.<\/p>\n<p>Elektroniczna legitymacja studencka\/doktoranta zachowuje wa\u017cno\u015b\u0107 nie d\u0142u\u017cej ni\u017c do dnia uko\u0144czenia studi\u00f3w, zawieszenia w prawach studenta\/doktoranta lub skre\u015blenia z listy student\u00f3w\/doktorant\u00f3w, a w przypadku absolwent\u00f3w studi\u00f3w pierwszego stopnia \u2013 do dnia 31\u00a0pa\u017adziernika roku uko\u0144czenia tych studi\u00f3w.<\/p>\n<p>Duplikat elektronicznej legitymacji studenckiej oraz elektronicznej legitymacji doktoranta sporz\u0105dza si\u0119 z aktualn\u0105 fotografi\u0105.<\/p>\n<p>Instrukcja dotycz\u0105ca wydawania elektronicznej legitymacji w przypadkach szczeg\u00f3lnych dost\u0119pna jest na stronie <a href=\"https:\/\/us.edu.pl\/pracownik\/sprawy-dydaktyczne\/pion-ksztalcenia\/dokumentacja-toku-studiow\/instrukcja-dotyczaca-postepowania-w-przypadkach-szczegolnych-els\/\">https:\/\/us.edu.pl\/pracownik\/sprawy-dydaktyczne\/pion-ksztalcenia\/dokumentacja-toku-studiow\/instrukcja-dotyczaca-postepowania-w-przypadkach-szczegolnych-els\/<\/a><\/p>\n<p><strong>Zapotrzebowanie na blankiety ELS, ELD oraz hologramy sk\u0142ada si\u0119 z wyprzedzeniem w terminie podanym przez Dzia\u0142 Kszta\u0142cenia.<\/strong><\/p>\n<p>Instrukcj\u0119 dotycz\u0105c\u0105 post\u0119powania z hologramami do ELS i ELD okre\u015bla <a href=\"https:\/\/aktyprawne.us.edu.pl\/423-lista\/d\/5691\/5\/\"><span style=\"font-family: 'Arial','sans-serif'; background: aliceblue;\">Zarz\u0105dzenie Rektora nr 68\/2022 <\/span><span style=\"font-family: 'Arial','sans-serif';\">w sprawie wprowadzenia w Uniwersytecie \u015al\u0105skim w Katowicach \u201eInstrukcji w sprawie zasad gospodarowania drukami \u015bcis\u0142ego zarachowania zwi\u0105zanymi\u00a0 z przebiegiem studi\u00f3w I i II stopnia, jednolitych studi\u00f3w magisterskich oraz studi\u00f3w doktoranckich\u201d<\/span><\/a><\/p>\n<p class=\"western\">Blankiety ELS, ELD oraz hologramy przeznaczone do kasacji podlegaj\u0105 procedurze likwidacji (podobnie jak druki \u015bcis\u0142ego zarachowania) przeprowadzanej przez Uczelnian\u0105 Komisj\u0119 Kasacyjn\u0105.<\/p>\n<p>\n<\/div>\r\n                    <\/div>\r\n                <\/div>[\/vc_column][\/vc_row]<\/p>","protected":false},"excerpt":{"rendered":"<p>[vc_row][vc_column][\/vc_column][\/vc_row] [&#8230;]<\/p>\n<p><a class=\"btn btn-secondary understrap-read-more-link\" href=\"https:\/\/us.edu.pl\/pracownik\/sprawy-dydaktyczne\/pion-ksztalcenia\/dokumentacja-toku-studiow\/informacje-dot-elektronicznych-legitymacji-dla-studentow-i-doktorantow\/\">Read More&#8230;<\/a><\/p>\n","protected":false},"author":31,"featured_media":0,"parent":731,"menu_order":319,"comment_status":"closed","ping_status":"closed","template":"page-templates\/inner-page-with-bookmarks.php","meta":{"_expiration-date-status":"saved","_expiration-date":0,"_expiration-date-type":"","_expiration-date-categories":[],"_expiration-date-options":[]},"acf":[],"_links":{"self":[{"href":"https:\/\/us.edu.pl\/pracownik\/wp-json\/wp\/v2\/pages\/2205"}],"collection":[{"href":"https:\/\/us.edu.pl\/pracownik\/wp-json\/wp\/v2\/pages"}],"about":[{"href":"https:\/\/us.edu.pl\/pracownik\/wp-json\/wp\/v2\/types\/page"}],"author":[{"embeddable":true,"href":"https:\/\/us.edu.pl\/pracownik\/wp-json\/wp\/v2\/users\/31"}],"replies":[{"embeddable":true,"href":"https:\/\/us.edu.pl\/pracownik\/wp-json\/wp\/v2\/comments?post=2205"}],"version-history":[{"count":12,"href":"https:\/\/us.edu.pl\/pracownik\/wp-json\/wp\/v2\/pages\/2205\/revisions"}],"predecessor-version":[{"id":38877,"href":"https:\/\/us.edu.pl\/pracownik\/wp-json\/wp\/v2\/pages\/2205\/revisions\/38877"}],"up":[{"embeddable":true,"href":"https:\/\/us.edu.pl\/pracownik\/wp-json\/wp\/v2\/pages\/731"}],"wp:attachment":[{"href":"https:\/\/us.edu.pl\/pracownik\/wp-json\/wp\/v2\/media?parent=2205"}],"curies":[{"name":"wp","href":"https:\/\/api.w.org\/{rel}","templated":true}]}}