{"id":2209,"date":"2019-10-21T09:45:09","date_gmt":"2019-10-21T07:45:09","guid":{"rendered":"https:\/\/us.edu.pl\/pracownik\/?page_id=2209"},"modified":"2022-10-04T13:30:18","modified_gmt":"2022-10-04T11:30:18","slug":"druki-scislego-zarachowania","status":"publish","type":"page","link":"https:\/\/us.edu.pl\/pracownik\/sprawy-dydaktyczne\/pion-ksztalcenia\/dokumentacja-toku-studiow\/druki-scislego-zarachowania\/","title":{"rendered":"Druki \u015bcis\u0142ego zarachowania"},"content":{"rendered":"<p>[vc_row][vc_column]\r\n                <div class=\"text-modules\">\r\n                    <div class=\"container\">\r\n                        <h3 class=\"page-title text__title\">Druki \u015bcis\u0142ego zarachowania zwi\u0105zane z tokiem studi\u00f3w - informacje<\/h3>\r\n                        <div class=\"text-modules__content\"><\/p>\n<p class=\"western\">Do druk\u00f3w \u015bcis\u0142ego zarachowania zwi\u0105zanych z przebiegiem studi\u00f3w zalicza si\u0119:<\/p>\n<ol style=\"list-style-type: lower-alpha;\" type=\"a\">\n<li>indeksy ( wersja papierowa),<\/li>\n<li>dyplomy uko\u0144czenia studi\u00f3w,<\/li>\n<li>blankiety legitymacji,<\/li>\n<li>hologramy do elektronicznych legitymacji,<\/li>\n<\/ol>\n<p class=\"western\">Drukami \u015bcis\u0142ego zarachowania zwi\u0105zanymi z przebiegiem studi\u00f3w s\u0105 druki, formularze, blankiety papieru zabezpieczonego i hologramy w zakresie, kt\u00f3rych obowi\u0105zuje kontrola ilo\u015bciowa co do ka\u017cdego egzemplarza.<\/p>\n<p><strong>INSTRUKCJA W SPRAWIE ZASAD GOSPODAROWANIA DRUKAMI \u015aCIS\u0141EGO ZARACHOWANIA ZWI\u0104ZANYMI Z PRZEBIEGIEM STUDI\u00d3W I i II STOPNIA,\u00a0 JEDNOLITYCH STUDI\u00d3W MAGISTERSKICH ORAZ STUDI\u00d3W DOKTORANCKICH zamieszczona jest w <a href=\"https:\/\/aktyprawne.us.edu.pl\/d\/5691\/5\/?tc=17\">Zarz\u0105dzeniu Rektora nr 68 z dnia 13 maja 2022 r.<\/a><\/strong><\/p>\n<p class=\"western\">Odpowiedzialno\u015b\u0107 za prawid\u0142ow\u0105 gospodark\u0119, ewidencj\u0119 i zabezpieczenie druk\u00f3w \u015bcis\u0142ego zarachowania ponosi kierownik w\u0142a\u015bciwej jednostki organizacyjnej lub pracownik przez niego wyznaczony. Osoba wyznaczona do pobierania i rozliczania druk\u00f3w \u015bcis\u0142ego zarachowania wype\u0142nia w 3 egzemplarzach o\u015bwiadczenie dotycz\u0105ce przyj\u0119cia odpowiedzialno\u015bci za powierzone obowi\u0105zki. Wype\u0142nione o\u015bwiadczenie nale\u017cy przed\u0142o\u017cy\u0107 w Dziale Kszta\u0142cenia (1 egz.), a nast\u0119pnie w Sekcji Gospodarki Magazynowej Dzia\u0142u Logistyki (1 egz.).<\/p>\n<p>Wz\u00f3r <a href=\"https:\/\/aktyprawne.us.edu.pl\/d\/5691\/5\/?tc=17\">O\u015aWIADCZENIA PRACOWNIKA O PRZYJ\u0118CIU ODPOWIEDZIALNO\u015aCI ZA GOSPODARK\u0118 DRUKAMI \u015aCIS\u0141EGO ZARACHOWANIA DOTYCZ\u0104CYMI PRZEBIEGU STUDI\u00d3W I i II STOPNIA, JEDNOLITYCH MAGISTERSKICH ORAZ STUDI\u00d3W DOKTORANCKICH (za\u0142. 1)<\/a><\/p>\n<p class=\"western\">Roczne zapotrzebowanie na druki \u015bcis\u0142ego zarachowania sk\u0142adane jest w formularzu udost\u0119pnianym przez Dzia\u0142 Kszta\u0142cenia przez kierownik\u00f3w jednostek organizacyjnych odpowiedzialnych za gospodark\u0119 okre\u015blonymi drukami. Prawid\u0142owe gospodarowanie drukami \u015bcis\u0142ego zarachowania obejmuje pobranie druk\u00f3w, ich ewidencj\u0119, kontrol\u0119 i zabezpieczenie.<\/p>\n<p class=\"western\">Gospodarka drukami \u015bcis\u0142ego zarachowania obejmuje r\u00f3wnie\u017c oznaczanie druk\u00f3w, ich ewidencj\u0119, prowadzenie ksi\u0119gi druk\u00f3w \u015bcis\u0142ego zarachowania, kontrol\u0119 i zabezpieczenie. Powinny by\u0107 one przechowywane w pomieszczeniu zamkni\u0119tym, w miejscu zabezpieczonym przed kradzie\u017c\u0105 i zniszczeniem.<\/p>\n<p class=\"western\">Druki \u015bcis\u0142ego zarachowania podlegaj\u0105 bie\u017c\u0105cej kontroli przez pracownik\u00f3w odpowiedzialnych za gospodark\u0119 drukami oraz podlegaj\u0105 okresowej inwentaryzacji. Egzemplarze anulowane, nieaktualne lub wadliwe podlegaj\u0105 likwidacji. Procedura likwidacji druk\u00f3w \u015bcis\u0142ego zarachowania przeprowadzana jest przez Uczelnian\u0105 Komisj\u0119 Kasacyjn\u0105.<\/p>\n<p class=\"western\">W przypadku zmiany na stanowisku pracownika, w kt\u00f3rego posiadaniu znajduj\u0105 si\u0119 niewykorzystane druki \u015bcis\u0142ego zarachowania, nale\u017cy je przekaza\u0107 protoko\u0142em zdawczo-odbiorczym innemu wyznaczonemu pracownikowi.<\/p>\n<ul>\n<li>Instrukcja dotycz\u0105ca przekazania druk\u00f3w \u015bcis\u0142ego zarachowania zamieszczona jest w dokumencie: <a href=\"https:\/\/us.edu.pl\/pracownik\/wp-content\/uploads\/sites\/2\/pracownik\/druki\/za%C5%82.1-protokol_zo_druk-P1.doc\" class=\"mtli_attachment mtli_doc\" class=\"mtli_attachment mtli_doc\">protok\u00f3\u0142 zdawczo-odbiorczy druk\u00f3w \u015bcis\u0142ego zarachowania (plik doc.).<\/a><\/li>\n<\/ul>\n<p>Op\u0142aty za druki \u015bcis\u0142ego zarachowania reguluje: <strong><a href=\"http:\/\/bip.us.edu.pl\/pismo-okolne-nr-82019\">pismo ok\u00f3lne nr 8\/2019<\/a><\/strong> w sprawie wysoko\u015bci op\u0142at pobieranych od student\u00f3w, doktorant\u00f3w, s\u0142uchaczy studi\u00f3w podyplomowych za wydanie dokument\u00f3w pocz\u0105wszy od roku akademickiego 2019\/2020.<\/p>\n<\/div>\r\n                    <\/div>\r\n                <\/div>\r\n\t\t\t\t<div class='container'>\r\n\t\t\t\t\t<div class='list-links list-links_blue'>\r\n\t\t\t\t\t\t  \r\n\t\t\t\t\t\t  <ul>\r\n\t\t\t\t\t\t\t\t<li><a href='https:\/\/us.edu.pl\/pracownik\/procedury-i-obieg-dokumentow\/sprawy-ksiegowe\/zasady-rozliczenia-drukow-scislego-zarachowania-w-systemie-sap\/'><p>Zasady rozliczania druk\u00f3w \u015bcis\u0142ego zarachowania w systemie SAP<\/p><\/a><\/li><\/ul>\r\n\t\t\t\t\t<\/div>\r\n\t\t\t\t<\/div>   \r\n\t\t\t\t\t[\/vc_column][\/vc_row]<\/p>","protected":false},"excerpt":{"rendered":"<p>[vc_row][vc_column][\/vc_column][\/vc_row] [&#8230;]<\/p>\n<p><a class=\"btn btn-secondary understrap-read-more-link\" href=\"https:\/\/us.edu.pl\/pracownik\/sprawy-dydaktyczne\/pion-ksztalcenia\/dokumentacja-toku-studiow\/druki-scislego-zarachowania\/\">Read More&#8230;<\/a><\/p>\n","protected":false},"author":31,"featured_media":0,"parent":731,"menu_order":431,"comment_status":"closed","ping_status":"closed","template":"page-templates\/inner-page.php","meta":{"_expiration-date-status":"saved","_expiration-date":0,"_expiration-date-type":"","_expiration-date-categories":[],"_expiration-date-options":[]},"acf":[],"_links":{"self":[{"href":"https:\/\/us.edu.pl\/pracownik\/wp-json\/wp\/v2\/pages\/2209"}],"collection":[{"href":"https:\/\/us.edu.pl\/pracownik\/wp-json\/wp\/v2\/pages"}],"about":[{"href":"https:\/\/us.edu.pl\/pracownik\/wp-json\/wp\/v2\/types\/page"}],"author":[{"embeddable":true,"href":"https:\/\/us.edu.pl\/pracownik\/wp-json\/wp\/v2\/users\/31"}],"replies":[{"embeddable":true,"href":"https:\/\/us.edu.pl\/pracownik\/wp-json\/wp\/v2\/comments?post=2209"}],"version-history":[{"count":11,"href":"https:\/\/us.edu.pl\/pracownik\/wp-json\/wp\/v2\/pages\/2209\/revisions"}],"predecessor-version":[{"id":19059,"href":"https:\/\/us.edu.pl\/pracownik\/wp-json\/wp\/v2\/pages\/2209\/revisions\/19059"}],"up":[{"embeddable":true,"href":"https:\/\/us.edu.pl\/pracownik\/wp-json\/wp\/v2\/pages\/731"}],"wp:attachment":[{"href":"https:\/\/us.edu.pl\/pracownik\/wp-json\/wp\/v2\/media?parent=2209"}],"curies":[{"name":"wp","href":"https:\/\/api.w.org\/{rel}","templated":true}]}}