{"id":2302,"date":"2019-10-22T11:10:15","date_gmt":"2019-10-22T09:10:15","guid":{"rendered":"https:\/\/us.edu.pl\/pracownik\/?page_id=2302"},"modified":"2024-02-27T10:03:47","modified_gmt":"2024-02-27T09:03:47","slug":"dostawa-gazow-technicznych","status":"publish","type":"page","link":"https:\/\/us.edu.pl\/pracownik\/procedury-i-obieg-dokumentow\/logistyka\/aktualne-umowy-dlugoterminowe\/dostawa-gazow-technicznych\/","title":{"rendered":"Dostawa gaz\u00f3w technicznych"},"content":{"rendered":"<p>[vc_row][vc_column][\/vc_column][\/vc_row][vc_row][vc_column]\r\n                <div class=\"text-modules\">\r\n                    <div class=\"container\">\r\n                        <h3 class=\"page-title text__title\">Dostawa gaz\u00f3w technicznych<\/h3>\r\n                        <div class=\"text-modules__content\"><p><strong>DOSTAWY GAZ\u00d3W TECHNICZNYCH ORAZ DZIER\u017bAWA BUTLI GAZOWYCH<\/strong><\/p>\n<p>Dzia\u0142 Zarz\u0105dzania Dostawami \u00a0informuje, i\u017c w dniu\u00a0<strong>16.10.2023<\/strong>\u00a0r. zosta\u0142a zawarta w trybie przetargu nieograniczonego umowa nr\u00a0<strong>DZP.382.1.70.2023<\/strong>\u00a0obejmuj\u0105ca\u00a0<strong>dostawy gaz\u00f3w technicznych oraz dzier\u017caw\u0119 butli gazowych<\/strong>.<\/p>\n<p>Umowa obowi\u0105zuje\u00a0<strong>od 16.10.2023 do 15.10.2024 r.<\/strong>\u00a0lub do wyczerpania warto\u015bci umowy i realizowana jest wg bie\u017c\u0105cych potrzeb Zamawiaj\u0105cego.<\/p>\n<p>Wykonawca :\u00a0<strong>Air Liquide Polska Sp\u00f3\u0142ka z o. o. \u2013 ul. Jasnog\u00f3rska 9, 31-358 Krak\u00f3w<\/strong><\/p>\n<p>Osoba upowa\u017cniona do kontakt\u00f3w ze strony Wykonawcy: p.\u00a0<strong>Sylwia Mirowska<\/strong>\u00a0tel.: 795 423 194 ,<br \/>\ne-mail:\u00a0<a href=\"mailto:sylwia.mirowska-sc@airliquide.com\">sylwia.mirowska-sc@airliquide.com<\/a><\/p>\n<p>Osoba upowa\u017cniona do kontakt\u00f3w z Wykonawc\u0105 oraz \u00a0nadzoruj\u0105ca realizacj\u0119 umowy: p.\u00a0<strong>Konrad Cichocki<\/strong> \u2013 tel. (032) 359 18 11, email: <a href=\"mailto:konrad.cichocki@us.edu.pl\">konrad.cichocki@us.edu.pl<\/a> oraz <strong>Zbigniew Lorenc<\/strong>\u00a0\u2013 tel. (032) 359 22 39,<br \/>\ne-mail:\u00a0<a href=\"mailto:zbigniew.lorenc@us.edu.pl\">zbigniew.lorenc@us.edu.pl<\/a><\/p>\n<p>Umowa obejmuje sukcesywne dostawy gaz\u00f3w technicznych oraz dzier\u017caw\u0119 butli gazowych i realizowana jest wg bie\u017c\u0105cych potrzeb Zamawiaj\u0105cego.<\/p>\n<p>Warunkiem dokonania zakupu gaz\u00f3w technicznych i dzier\u017cawy butli gazowych jest wygenerowane w systemie SAP wniosku zgodnie z zawart\u0105 umow\u0105 oraz dostarczenie do Dzia\u0142u Zarz\u0105dzania Dostawami w\/w dokumentu zatwierdzonego przez osoby upowa\u017cnione (np.: Dziekan, Kanclerz, Kierownik projektu oraz Kwestor).<\/p>\n<p><strong>Opis techniczny<\/strong>\u00a0gaz\u00f3w technicznych oraz\u00a0<strong>cennik<\/strong>\u00a0znajduje si\u0119 w za\u0142\u0105czniku.<\/p>\n<p><a href=\"https:\/\/us.edu.pl\/pracownik\/wp-content\/uploads\/sites\/2\/Editor\/logistyka\/umowy-dlugoterminowe\/Gazy-techniczne\/Uniwersytet-Slaski-gazy-cennik-Air-Liquide.pdf\" class=\"mtli_attachment mtli_pdf\" data-mtli=\"mtli_filesize184,97kB\" class=\"mtli_attachment mtli_pdf\" data-mtli=\"mtli_filesize184,97kB\">Uniwersytet \u015al\u0105ski &#8211; gazy cennik Air Liquide<\/a><\/p>\n<style type=\"text\/css\">a[data-mtli~=\"mtli_filesize184,97kB\"]:after {content:\" (184,97 kB)\"}<\/style><\/div>\r\n                    <\/div>\r\n                <\/div>[\/vc_column][\/vc_row]<\/p>\n<style type=\"text\/css\">a[data-mtli~=\"mtli_filesize184,97kB\"]:after {content:\" (184,97 kB)\"}<\/style>","protected":false},"excerpt":{"rendered":"<p>[vc_row][vc_column][\/vc_column][\/vc_row][vc_row][vc_column][\/vc_column][\/vc_row] [&#8230;]<\/p>\n<p><a class=\"btn btn-secondary understrap-read-more-link\" href=\"https:\/\/us.edu.pl\/pracownik\/procedury-i-obieg-dokumentow\/logistyka\/aktualne-umowy-dlugoterminowe\/dostawa-gazow-technicznych\/\">Read More&#8230;<\/a><\/p>\n","protected":false},"author":41,"featured_media":0,"parent":2268,"menu_order":312,"comment_status":"closed","ping_status":"closed","template":"page-templates\/inner-page.php","meta":{"_expiration-date-status":"","_expiration-date":0,"_expiration-date-type":"","_expiration-date-categories":[],"_expiration-date-options":[]},"acf":[],"_links":{"self":[{"href":"https:\/\/us.edu.pl\/pracownik\/wp-json\/wp\/v2\/pages\/2302"}],"collection":[{"href":"https:\/\/us.edu.pl\/pracownik\/wp-json\/wp\/v2\/pages"}],"about":[{"href":"https:\/\/us.edu.pl\/pracownik\/wp-json\/wp\/v2\/types\/page"}],"author":[{"embeddable":true,"href":"https:\/\/us.edu.pl\/pracownik\/wp-json\/wp\/v2\/users\/41"}],"replies":[{"embeddable":true,"href":"https:\/\/us.edu.pl\/pracownik\/wp-json\/wp\/v2\/comments?post=2302"}],"version-history":[{"count":10,"href":"https:\/\/us.edu.pl\/pracownik\/wp-json\/wp\/v2\/pages\/2302\/revisions"}],"predecessor-version":[{"id":24639,"href":"https:\/\/us.edu.pl\/pracownik\/wp-json\/wp\/v2\/pages\/2302\/revisions\/24639"}],"up":[{"embeddable":true,"href":"https:\/\/us.edu.pl\/pracownik\/wp-json\/wp\/v2\/pages\/2268"}],"wp:attachment":[{"href":"https:\/\/us.edu.pl\/pracownik\/wp-json\/wp\/v2\/media?parent=2302"}],"curies":[{"name":"wp","href":"https:\/\/api.w.org\/{rel}","templated":true}]}}