{"id":2368,"date":"2019-10-22T13:14:51","date_gmt":"2019-10-22T11:14:51","guid":{"rendered":"https:\/\/us.edu.pl\/pracownik\/?page_id=2368"},"modified":"2025-03-13T08:39:03","modified_gmt":"2025-03-13T07:39:03","slug":"uslugi-certyfikujace","status":"publish","type":"page","link":"https:\/\/us.edu.pl\/pracownik\/procedury-i-obieg-dokumentow\/logistyka\/aktualne-umowy-dlugoterminowe\/uslugi-certyfikujace\/","title":{"rendered":"Us\u0142ugi certyfikacyjne"},"content":{"rendered":"<p>[vc_row][vc_column][\/vc_column][\/vc_row][vc_row][vc_column]\r\n                <div class=\"text-modules\">\r\n                    <div class=\"container\">\r\n                        <h3 class=\"page-title text__title\">Us\u0142ugi certyfikacyjne<\/h3>\r\n                        <div class=\"text-modules__content\"><p><strong>Us\u0142ugi certyfikacyjne<\/strong><\/p>\n<p>W celu zrealizowania us\u0142ugi certyfikacyjnej polegaj\u0105cej na:<\/p>\n<p><strong>1.Wydaniu kwalifikowanych certyfikat\u00f3w z czytnikiem i kart\u0105<\/strong><\/p>\n<p><u>prosimy o kontakt z osobami nadzoruj\u0105cymi umow\u0119 po stronie Zamawiaj\u0105cego.<\/u><\/p>\n<p><strong>2. Wydaniu kwalifikowanych certyfikat\u00f3w chmurowych<\/strong><\/p>\n<p>Dzia\u0142 Logistyki informuje, \u017ce zosta\u0142y zawarte umowy nr\u00a0<strong>DL.382.12.2024.MJ <\/strong>oraz<strong> DL.382.06.2025.MJ,<\/strong>\u00a0obejmuj\u0105ce\u00a0<strong>wydawanie kwalifikowanych certyfikat\u00f3w chmurowych<\/strong>.<\/p>\n<p>&nbsp;<\/p>\n<p>Umowa <strong>DL.382.12.2024.MJ<\/strong> &#8211; wa\u017cna\u00a0<strong>od 10.05.2024 r. do 10.05.2026 r.<\/strong>, lub do wyczerpania asortymentu, realizowana wg bie\u017c\u0105cych potrzeb Zamawiaj\u0105cego.<\/p>\n<p>Umowa <strong>DL.382.06.2025.MJ <\/strong>&#8211; wa\u017cna\u00a0<strong>od 11.03.2025 r. do 10.05.2026 r.<\/strong>, lub do wyczerpania asortymentu, realizowana wg bie\u017c\u0105cych potrzeb Zamawiaj\u0105cego.<\/p>\n<p>&nbsp;<\/p>\n<p><strong><u>Podpisy chmurowe \u2013 umowa DL.382.12.2024.MJ<\/u><\/strong><\/p>\n<table width=\"783\">\n<tbody>\n<tr>\n<td width=\"49\"><strong>Lp.<\/strong><\/td>\n<td width=\"556\"><strong>Opis przedmiotu zam\u00f3wienia<\/strong><\/td>\n<td width=\"178\"><strong>Cena jednostkowa<\/strong><\/p>\n<p><strong>(z VAT)<\/strong><\/td>\n<\/tr>\n<tr>\n<td width=\"49\"><strong>1.<\/strong><\/td>\n<td width=\"556\"><strong>Certyfikat kwalifikowany wa\u017cny 1 rok<\/strong><\/td>\n<td width=\"178\"><strong>232,47 PLN<\/strong><\/td>\n<\/tr>\n<tr>\n<td width=\"49\"><strong>2.<\/strong><\/td>\n<td width=\"556\"><strong>Przed\u0142u\u017cenie certyfikatu kwalifikowanego na 1 rok<\/strong><\/td>\n<td width=\"178\"><strong>134,07 PLN<\/strong><\/td>\n<\/tr>\n<tr>\n<td width=\"49\"><strong>3.<\/strong><\/td>\n<td width=\"556\"><strong>Przed\u0142u\u017cenie certyfikatu kwalifikowanego na 2 lata<\/strong><\/td>\n<td width=\"178\"><strong>220,17 PLN<\/strong><\/td>\n<\/tr>\n<\/tbody>\n<\/table>\n<p>&nbsp;<\/p>\n<p><strong><u>Podpisy chmurowe \u2013 umowa DL.382.06.2025.MJ<\/u><\/strong><\/p>\n<table width=\"783\">\n<tbody>\n<tr>\n<td width=\"57\"><strong>Lp.<\/strong><\/td>\n<td width=\"549\"><strong>Opis przedmiotu zam\u00f3wienia<\/strong><\/td>\n<td width=\"178\"><strong>Cena jednostkowa<\/strong><\/p>\n<p><strong>(z VAT)<\/strong><\/td>\n<\/tr>\n<tr>\n<td width=\"57\"><strong>1.<\/strong><\/td>\n<td width=\"549\"><strong>Certyfikat kwalifikowany wa\u017cny 2 lata<\/strong><\/td>\n<td width=\"178\"><strong>243,54 PLN<\/strong><\/td>\n<\/tr>\n<\/tbody>\n<\/table>\n<p>&nbsp;<\/p>\n<p><strong>PODPIS CHMUROWY<\/strong>\u00a0 \u2013 WARUNKIEM REALIZACJI US\u0141UG CERTYFIKACYJNYCH JEST W SZCZEG\u00d3LNO\u015aCI:<\/p>\n<ol>\n<li>Wygenerowanie w systemie SAP wniosku (U6033Y300; CPV: 791321009) i dostarczenie go do Sekcji Us\u0142ug Dzia\u0142u Logistyki po zatwierdzeniu przez osoby upowa\u017cnione (np. Dziekan, Kwestor, Kanclerz, Kierownik projektu, Kontroling).<\/li>\n<li>Weryfikacja to\u017csamo\u015bci realizowana b\u0119dzie przez pracownik\u00f3w Zamawiaj\u0105cego posiadaj\u0105cych autoryzacje centrum certyfikuj\u0105cego Wykonawcy.<\/li>\n<li>W celu przed\u0142u\u017cenia \u00a0certyfikatu kwalifikowanego SimplySign nale\u017cy wygenerowa\u0107 w systemie SAP wniosek (U6033Y300). Po zatwierdzeniu wniosku SAP i dostarczeniu go do Sekcji Us\u0142ug Dzia\u0142u Logistyki \u2013 otrzymaj\u0105 Pa\u0144stwo kod aktywacyjny, kt\u00f3rym samodzielnie nale\u017cy przed\u0142u\u017cy\u0107 certyfikat na kolejny okres. Nie jest wymagana dodatkowa weryfikacja to\u017csamo\u015bci.<\/li>\n<\/ol>\n<p><u>UWAGA!<\/u><\/p>\n<p><u>PROSZ\u0118 PAMI\u0118TA\u0106 ABY DOKONA\u0106 ODNOWIENIA PRZED UP\u0141YWEM WA\u017bNOSCI OBECNEGO CERTYFIKATU <\/u>\u2013\u00a0<strong>POTEM ODNOWIENIE NIE B\u0118DZIE MO\u017bLIWE .<\/strong><\/p>\n<\/div>\r\n                    <\/div>\r\n                <\/div>[\/vc_column][\/vc_row]<\/p>","protected":false},"excerpt":{"rendered":"<p>[vc_row][vc_column][\/vc_column][\/vc_row][vc_row][vc_column][\/vc_column][\/vc_row] [&#8230;]<\/p>\n<p><a class=\"btn btn-secondary understrap-read-more-link\" href=\"https:\/\/us.edu.pl\/pracownik\/procedury-i-obieg-dokumentow\/logistyka\/aktualne-umowy-dlugoterminowe\/uslugi-certyfikujace\/\">Read More&#8230;<\/a><\/p>\n","protected":false},"author":41,"featured_media":0,"parent":2268,"menu_order":300,"comment_status":"closed","ping_status":"closed","template":"page-templates\/inner-page-with-bookmarks.php","meta":{"_expiration-date-status":"","_expiration-date":0,"_expiration-date-type":"","_expiration-date-categories":[],"_expiration-date-options":[]},"acf":[],"_links":{"self":[{"href":"https:\/\/us.edu.pl\/pracownik\/wp-json\/wp\/v2\/pages\/2368"}],"collection":[{"href":"https:\/\/us.edu.pl\/pracownik\/wp-json\/wp\/v2\/pages"}],"about":[{"href":"https:\/\/us.edu.pl\/pracownik\/wp-json\/wp\/v2\/types\/page"}],"author":[{"embeddable":true,"href":"https:\/\/us.edu.pl\/pracownik\/wp-json\/wp\/v2\/users\/41"}],"replies":[{"embeddable":true,"href":"https:\/\/us.edu.pl\/pracownik\/wp-json\/wp\/v2\/comments?post=2368"}],"version-history":[{"count":10,"href":"https:\/\/us.edu.pl\/pracownik\/wp-json\/wp\/v2\/pages\/2368\/revisions"}],"predecessor-version":[{"id":33737,"href":"https:\/\/us.edu.pl\/pracownik\/wp-json\/wp\/v2\/pages\/2368\/revisions\/33737"}],"up":[{"embeddable":true,"href":"https:\/\/us.edu.pl\/pracownik\/wp-json\/wp\/v2\/pages\/2268"}],"wp:attachment":[{"href":"https:\/\/us.edu.pl\/pracownik\/wp-json\/wp\/v2\/media?parent=2368"}],"curies":[{"name":"wp","href":"https:\/\/api.w.org\/{rel}","templated":true}]}}