{"id":25428,"date":"2024-05-08T10:18:09","date_gmt":"2024-05-08T08:18:09","guid":{"rendered":"https:\/\/us.edu.pl\/pracownik\/?page_id=25428"},"modified":"2024-05-09T15:17:28","modified_gmt":"2024-05-09T13:17:28","slug":"posiedzenie-komisji-09-05-2024","status":"publish","type":"page","link":"https:\/\/us.edu.pl\/pracownik\/sprawy-dydaktyczne\/senacka-komisja-ds-ksztalcenia\/senacka-komisja-ds-ksztalcenia-sklad-komisji\/kadencja-2020-2024\/posiedzenie-komisji-09-05-2024\/","title":{"rendered":"Posiedzenie komisji &#8211; 09.05.2024"},"content":{"rendered":"<p>[vc_row][vc_column]\r\n                <div class=\"text-modules\">\r\n                    <div class=\"container\">\r\n                        <h3 class=\"page-title text__title\">Posiedzenie Komisji ds. kszta\u0142cenia i student\u00f3w - 9 maja 2024 r.<\/h3>\r\n                        <div class=\"text-modules__content\"><p>Posiedzenie Komisji ds. kszta\u0142cenia i student\u00f3w odb\u0119dzie si\u0119 w czwartek <strong>9 maja 2024 r. o godz. 13.00 w sali 1.20<\/strong> w budynku Rektoratu Uniwersytetu \u015al\u0105skiego.<\/p>\n<p>Planowany porz\u0105dek posiedzenia:<\/p>\n<ol>\n<li>Komunikaty Prorektorki ds. kszta\u0142cenia i student\u00f3w.<\/li>\n<li>Opinia do projektu <a href=\"https:\/\/us.edu.pl\/pracownik\/wp-content\/uploads\/sites\/2\/Editor\/sprawy-dydatktyczne\/Komisja-ksztalcenia\/Kadencja-2020-2024\/20232024\/9-maja\/Organizacja-roku-akad.-2024-2025-_-projekt-zarzadzenia.docx\" class=\"mtli_attachment mtli_docx\" data-mtli=\"mtli_filesize28,58kB\" class=\"mtli_attachment mtli_docx\" data-mtli=\"mtli_filesize28,58kB\">organizacji roku akademickiego 2024\/2025<\/a>.<\/li>\n<li>Organizacja kszta\u0142cenia obszarowego (wprowadzenie obszaru pn. innowacje dydaktyczne).<\/li>\n<li>Opiniowanie <a href=\"https:\/\/us.edu.pl\/pracownik\/wp-content\/uploads\/sites\/2\/Editor\/sprawy-dydatktyczne\/Komisja-ksztalcenia\/Kadencja-2020-2024\/20232024\/9-maja\/Uchwala-rekrutacyjna-2024_25-zmiany.zip\">Uchwa\u0142y Senatu Uniwersytetu \u015al\u0105skiego zmieniaj\u0105cej uchwa\u0142\u0119 w sprawie warunk\u00f3w i trybu rekrutacji na I rok studi\u00f3w w Uniwersytecie \u015al\u0105skim w roku akademickim 2024\/2025.<\/a><\/li>\n<li>Opiniowanie <a href=\"https:\/\/us.edu.pl\/pracownik\/wp-content\/uploads\/sites\/2\/Editor\/sprawy-dydatktyczne\/Komisja-ksztalcenia\/Kadencja-2020-2024\/20232024\/9-maja\/Limity-przyjec-2024_25-1.zip\">Uchwa\u0142y Senatu Uniwersytetu \u015al\u0105skiego w sprawie planowanych limit\u00f3w przyj\u0119\u0107 kandydat\u00f3w na pierwszy rok studi\u00f3w w Uniwersytecie \u015al\u0105skim w Katowicach na rok akademicki 2024\/2025.<\/a><\/li>\n<li><a href=\"https:\/\/us.edu.pl\/pracownik\/wp-content\/uploads\/sites\/2\/Editor\/sprawy-dydatktyczne\/Komisja-ksztalcenia\/Kadencja-2020-2024\/20232024\/9-maja\/uchwala_-zmieniajaca-olimpiady_2023_2026.zip\">Opiniowanie Uchwa\u0142y Senatu zmieniaj\u0105cej uchwa\u0142\u0119 w sprawie szczeg\u00f3\u0142owych zasad przyjmowania na I rok studi\u00f3w laureat\u00f3w i finalist\u00f3w olimpiad stopnia centralnego, laureat\u00f3w konkurs\u00f3w mi\u0119dzynarodowych oraz og\u00f3lnopolskich a tak\u017ce finalist\u00f3w Mistrzostw Polski w kategoriach m\u0142odzie\u017cowych, w dyscyplinach sportowych uj\u0119tych w rywalizacji sportu akademickiego w ramach programu Akademickie Mistrzostwa Polski w latach 2024\/2025, 2025\/2026, 2026\/2027.<\/a><\/li>\n<li><a href=\"https:\/\/us.edu.pl\/pracownik\/wp-content\/uploads\/sites\/2\/Editor\/sprawy-dydatktyczne\/Komisja-ksztalcenia\/Kadencja-2020-2024\/20232024\/9-maja\/uchwala_-zmieniajaca-olimpiady_2027_2028.zip\">Opiniowanie Uchwa\u0142y Senatu zmieniaj\u0105cej uchwa\u0142\u0119 w sprawie szczeg\u00f3\u0142owych zasad przyjmowania na I rok studi\u00f3w laureat\u00f3w i finalist\u00f3w olimpiad stopnia centralnego, laureat\u00f3w konkurs\u00f3w mi\u0119dzynarodowych oraz og\u00f3lnopolskich a tak\u017ce finalist\u00f3w Mistrzostw Polski w kategoriach m\u0142odzie\u017cowych, w dyscyplinach sportowych uj\u0119tych w rywalizacji sportu akademickiego w ramach programu Akademickie Mistrzostwa Polski w roku akademickim 2027\/2028<\/a>.<\/li>\n<li><a href=\"https:\/\/us.edu.pl\/pracownik\/wp-content\/uploads\/sites\/2\/Editor\/sprawy-dydatktyczne\/Komisja-ksztalcenia\/Kadencja-2020-2024\/20232024\/9-maja\/uchwala_olimpiady_konkursy_2028_2029.zip\">Opiniowanie Uchwa\u0142y Senatu w sprawie szczeg\u00f3\u0142owych zasad przyjmowania na I rok studi\u00f3w laureat\u00f3w i finalist\u00f3w olimpiad stopnia centralnego, laureat\u00f3w konkurs\u00f3w mi\u0119dzynarodowych oraz og\u00f3lnopolskich a tak\u017ce finalist\u00f3w Mistrzostw Polski w kategoriach m\u0142odzie\u017cowych, w dyscyplinach sportowych uj\u0119tych w rywalizacji sportu\u00a0 akademickiego w ramach programu Akademickie Mistrzostwa Polski w roku akademickim 2028\/2029.<\/a><\/li>\n<li>Dyskusja nad modyfikacj\u0105 Regulaminu Konkursu \u00a0przyznawania Wyr\u00f3\u017cnie\u0144 JM Rektora Uniwersytetu \u015al\u0105skiego w Katowicach za doskona\u0142\u0105 dydaktyk\u0119.<\/li>\n<li>Opiniowanie zmian do programu studi\u00f3w podyplomowych <a href=\"https:\/\/us.edu.pl\/pracownik\/wp-content\/uploads\/sites\/2\/Editor\/sprawy-dydatktyczne\/Komisja-ksztalcenia\/Kadencja-2020-2024\/20232024\/9-maja\/Prawo-w-ochronie-zdrowia.zip\">Prawo w ochronie zdrowia<\/a>.<\/li>\n<li>Opinia do wniosku dotycz\u0105cego likwidacji kierunk\u00f3w studi\u00f3w:\n<ol style=\"list-style-type: lower-alpha;\">\n<li><a href=\"https:\/\/us.edu.pl\/pracownik\/wp-content\/uploads\/sites\/2\/Editor\/sprawy-dydatktyczne\/Komisja-ksztalcenia\/Kadencja-2020-2024\/20232024\/9-maja\/MSP-likwidacja.zip\">Mi\u0119dzynarodowe studia polskie \u2013 studia stacjonarne I stopnia<\/a><\/li>\n<li><a href=\"https:\/\/us.edu.pl\/pracownik\/wp-content\/uploads\/sites\/2\/Editor\/sprawy-dydatktyczne\/Komisja-ksztalcenia\/Kadencja-2020-2024\/20232024\/9-maja\/Przedsiebiorczosc-_-2024-2025-likwidacja.zip\">Przedsi\u0119biorczo\u015b\u0107 \u2013 studia stacjonarne II stopnia oraz studia niestacjonarne I i II stopnia<\/a><\/li>\n<\/ol>\n<\/li>\n<li>Opinie do wniosk\u00f3w w sprawie ustalenia programu studi\u00f3w dla nowego kierunku studi\u00f3w:\n<ol style=\"list-style-type: lower-alpha;\">\n<li><a href=\"https:\/\/us.edu.pl\/pracownik\/wp-content\/uploads\/sites\/2\/Editor\/sprawy-dydatktyczne\/Komisja-ksztalcenia\/Kadencja-2020-2024\/20232024\/9-maja\/Komunikacja-miedzykulturowa-_-I-st.-SS-_-2024-2025-1.zip\">Komunikacja mi\u0119dzykulturowa, studia stacjonarne I stopnia<\/a>.<\/li>\n<li><a href=\"https:\/\/us.edu.pl\/pracownik\/wp-content\/uploads\/sites\/2\/Editor\/sprawy-dydatktyczne\/Komisja-ksztalcenia\/Kadencja-2020-2024\/20232024\/9-maja\/Prawo-w-biznesie-_-II-st.-SS-_-2024-2025_nowy-kierunek.zip\">Prawo w biznesie, studia stacjonarne II stopnia<\/a><\/li>\n<\/ol>\n<\/li>\n<li>Opinie do wniosk\u00f3w w sprawie modyfikacji program\u00f3w studi\u00f3w dla cyklu dydaktycznego 2024\/2025:\n<ol style=\"list-style-type: lower-alpha;\">\n<li><a href=\"https:\/\/us.edu.pl\/pracownik\/wp-content\/uploads\/sites\/2\/Editor\/sprawy-dydatktyczne\/Komisja-ksztalcenia\/Kadencja-2020-2024\/20232024\/9-maja\/Komunikacja-cyfrowa-_-I-st.-SS-_-2024-2025.zip\">Komunikacja cyfrowa \u2013 studia stacjonarne I stopnia<\/a><\/li>\n<li><a href=\"https:\/\/us.edu.pl\/pracownik\/wp-content\/uploads\/sites\/2\/Editor\/sprawy-dydatktyczne\/Komisja-ksztalcenia\/Kadencja-2020-2024\/20232024\/9-maja\/Pedagogika-przedszkolna-i-wczesnoszkolna_WNS-2.zip\">Pedagogika przedszkolna i wczesnoszkolna (WNS) \u2013 studia stacjonarne i niestacjonarne jednolite magisterskie,<\/a><\/li>\n<li><a href=\"https:\/\/us.edu.pl\/pracownik\/wp-content\/uploads\/sites\/2\/Editor\/sprawy-dydatktyczne\/Komisja-ksztalcenia\/Kadencja-2020-2024\/20232024\/9-maja\/Ped.-przed.-i-wczes.-_-JM-SS-NS-_-2024-2025.zip\">Pedagogika przedszkolna i wczesnoszkolna (WSNE) \u2013 studia stacjonarne i niestacjonarne jednolite magisterskie,<\/a><\/li>\n<li><a href=\"https:\/\/us.edu.pl\/pracownik\/wp-content\/uploads\/sites\/2\/Editor\/sprawy-dydatktyczne\/Komisja-ksztalcenia\/Kadencja-2020-2024\/20232024\/9-maja\/Pedagogika-_-I-st.-SS-NS-_-2024-2025.zip\">Pedagogika (WSNE) &#8211; studia stacjonarne i niestacjonarne I stopnia,<\/a><\/li>\n<li><a href=\"https:\/\/us.edu.pl\/pracownik\/wp-content\/uploads\/sites\/2\/Editor\/sprawy-dydatktyczne\/Komisja-ksztalcenia\/Kadencja-2020-2024\/20232024\/9-maja\/Fizyka_WNST-1.zip\">Fizyka \u2013 studia stacjonarne II stopnia w j\u0119zyku polskim<\/a><\/li>\n<\/ol>\n<\/li>\n<li>Wolne wnioski<\/li>\n<\/ol>\n<p>\n<style type=\"text\/css\">a[data-mtli~=\"mtli_filesize28,58kB\"]:after {content:\" (28,58 kB)\"}<\/style><\/div>\r\n                    <\/div>\r\n                <\/div>[\/vc_column][\/vc_row]<\/p>\n<style type=\"text\/css\">a[data-mtli~=\"mtli_filesize28,58kB\"]:after {content:\" (28,58 kB)\"}<\/style>","protected":false},"excerpt":{"rendered":"<p>[vc_row][vc_column][\/vc_column][\/vc_row] [&#8230;]<\/p>\n<p><a class=\"btn btn-secondary understrap-read-more-link\" href=\"https:\/\/us.edu.pl\/pracownik\/sprawy-dydaktyczne\/senacka-komisja-ds-ksztalcenia\/senacka-komisja-ds-ksztalcenia-sklad-komisji\/kadencja-2020-2024\/posiedzenie-komisji-09-05-2024\/\">Read More&#8230;<\/a><\/p>\n","protected":false},"author":5108,"featured_media":0,"parent":5151,"menu_order":-37,"comment_status":"closed","ping_status":"closed","template":"page-templates\/inner-page.php","meta":{"_expiration-date-status":"saved","_expiration-date":0,"_expiration-date-type":"","_expiration-date-categories":[],"_expiration-date-options":[]},"acf":[],"_links":{"self":[{"href":"https:\/\/us.edu.pl\/pracownik\/wp-json\/wp\/v2\/pages\/25428"}],"collection":[{"href":"https:\/\/us.edu.pl\/pracownik\/wp-json\/wp\/v2\/pages"}],"about":[{"href":"https:\/\/us.edu.pl\/pracownik\/wp-json\/wp\/v2\/types\/page"}],"author":[{"embeddable":true,"href":"https:\/\/us.edu.pl\/pracownik\/wp-json\/wp\/v2\/users\/5108"}],"replies":[{"embeddable":true,"href":"https:\/\/us.edu.pl\/pracownik\/wp-json\/wp\/v2\/comments?post=25428"}],"version-history":[{"count":10,"href":"https:\/\/us.edu.pl\/pracownik\/wp-json\/wp\/v2\/pages\/25428\/revisions"}],"predecessor-version":[{"id":25490,"href":"https:\/\/us.edu.pl\/pracownik\/wp-json\/wp\/v2\/pages\/25428\/revisions\/25490"}],"up":[{"embeddable":true,"href":"https:\/\/us.edu.pl\/pracownik\/wp-json\/wp\/v2\/pages\/5151"}],"wp:attachment":[{"href":"https:\/\/us.edu.pl\/pracownik\/wp-json\/wp\/v2\/media?parent=25428"}],"curies":[{"name":"wp","href":"https:\/\/api.w.org\/{rel}","templated":true}]}}