{"id":25654,"date":"2024-06-11T10:07:00","date_gmt":"2024-06-11T08:07:00","guid":{"rendered":"https:\/\/us.edu.pl\/pracownik\/?page_id=25654"},"modified":"2024-06-14T18:41:52","modified_gmt":"2024-06-14T16:41:52","slug":"posiedzenie-komisji-13-06-2024-2","status":"publish","type":"page","link":"https:\/\/us.edu.pl\/pracownik\/sprawy-dydaktyczne\/senacka-komisja-ds-ksztalcenia\/senacka-komisja-ds-ksztalcenia-sklad-komisji\/kadencja-2020-2024\/posiedzenie-komisji-13-06-2024-2\/","title":{"rendered":"Posiedzenie komisji &#8211; 13.06.2024"},"content":{"rendered":"<p>[vc_row][vc_column]\r\n                <div class=\"text-modules\">\r\n                    <div class=\"container\">\r\n                        <h3 class=\"page-title text__title\">Posiedzenie Komisji ds. kszta\u0142cenia i student\u00f3w - 13 czerwca 2024 r.<\/h3>\r\n                        <div class=\"text-modules__content\"><p>Posiedzenie Komisji ds. kszta\u0142cenia i student\u00f3w odb\u0119dzie si\u0119 w czwartek <strong>13 czerwca 2024 r. o godz. 13.00 w sali 1.20<\/strong> w budynku Rektoratu Uniwersytetu \u015al\u0105skiego.<\/p>\n<p>Planowany porz\u0105dek posiedzenia:<\/p>\n<ol>\n<li>Komunikaty Prorektorki ds. kszta\u0142cenia i student\u00f3w.<\/li>\n<li>Opiniowanie programu studi\u00f3w podyplomowych <a href=\"https:\/\/us.edu.pl\/pracownik\/wp-content\/uploads\/sites\/2\/Editor\/sprawy-dydatktyczne\/Komisja-ksztalcenia\/Kadencja-2020-2024\/20232024\/13-czerwca\/Projektowanie-uslug-w-przemyslach-kreatywnych-i-w-kulturze.pdf\" class=\"mtli_attachment mtli_pdf\" data-mtli=\"mtli_filesize14,25MB\" class=\"mtli_attachment mtli_pdf\" data-mtli=\"mtli_filesize14,25MB\">&#8222;Projektowanie us\u0142ug w przemys\u0142ach kreatywnych i w kulturze&#8221;<\/a>.<\/li>\n<li>Opiniowanie programu studi\u00f3w podyplomowych <a href=\"https:\/\/us.edu.pl\/pracownik\/wp-content\/uploads\/sites\/2\/Editor\/sprawy-dydatktyczne\/Komisja-ksztalcenia\/Kadencja-2020-2024\/20232024\/13-czerwca\/Specjalista-do-spraw-opieki-senioralnej.pdf\" class=\"mtli_attachment mtli_pdf\" data-mtli=\"mtli_filesize9,49MB\" class=\"mtli_attachment mtli_pdf\" data-mtli=\"mtli_filesize9,49MB\">&#8222;Specjalista do spraw opieki senioralnej&#8221;<\/a>.<\/li>\n<li>Opinie do wniosk\u00f3w w sprawie modyfikacji program\u00f3w studi\u00f3w dla cyklu dydaktycznego 2024\/2025:\n<ol style=\"list-style-type: lower-alpha;\">\n<li><a href=\"https:\/\/us.edu.pl\/pracownik\/wp-content\/uploads\/sites\/2\/Editor\/sprawy-dydatktyczne\/Komisja-ksztalcenia\/Kadencja-2020-2024\/20232024\/13-czerwca\/Fil.-polska-_-I-st.-SS-_-2024-2025-1.zip\">filologia polska \u2013 studia stacjonarne I stopnia<\/a><\/li>\n<li><a href=\"https:\/\/us.edu.pl\/pracownik\/wp-content\/uploads\/sites\/2\/Editor\/sprawy-dydatktyczne\/Komisja-ksztalcenia\/Kadencja-2020-2024\/20232024\/13-czerwca\/Fil.-wschod._-I-st.-SS-_-2024-2025.zip\">filologia wschodnios\u0142owia\u0144ska \u2013 studia stacjonarne I stopnia<\/a><\/li>\n<li><a href=\"https:\/\/us.edu.pl\/pracownik\/wp-content\/uploads\/sites\/2\/Editor\/sprawy-dydatktyczne\/Komisja-ksztalcenia\/Kadencja-2020-2024\/20232024\/13-czerwca\/Historia_I_SS.zip\">historia \u2013 studia stacjonarne I stopnia<\/a><\/li>\n<li><a href=\"https:\/\/us.edu.pl\/pracownik\/wp-content\/uploads\/sites\/2\/Editor\/sprawy-dydatktyczne\/Komisja-ksztalcenia\/Kadencja-2020-2024\/20232024\/13-czerwca\/Kognitywistyka_I_SS_NS.zip\">kognitywistyka \u2013 studia stacjonarne i niestacjonarne I stopnia<\/a><\/li>\n<li><a href=\"https:\/\/us.edu.pl\/pracownik\/wp-content\/uploads\/sites\/2\/Editor\/sprawy-dydatktyczne\/Komisja-ksztalcenia\/Kadencja-2020-2024\/20232024\/13-czerwca\/Kognitywistyka_II_SS_NS.zip\">kognitywistyka \u2013 studia stacjonarne i niestacjonarne II stopnia<\/a><\/li>\n<li><a href=\"https:\/\/us.edu.pl\/pracownik\/wp-content\/uploads\/sites\/2\/Editor\/sprawy-dydatktyczne\/Komisja-ksztalcenia\/Kadencja-2020-2024\/20232024\/13-czerwca\/Kultury-mediow-_-I-st.-SS-NS-_-2024-2025.zip\">kultury medi\u00f3w \u2013 studia stacjonarne i niestacjonarne I stopnia<\/a><\/li>\n<li><a href=\"https:\/\/us.edu.pl\/pracownik\/wp-content\/uploads\/sites\/2\/Editor\/sprawy-dydatktyczne\/Komisja-ksztalcenia\/Kadencja-2020-2024\/20232024\/13-czerwca\/Logopedia-_-I-st.-SS-_-2024-2025.zip\">logopedia \u2013 studia stacjonarne I stopnia<\/a><\/li>\n<li><a href=\"https:\/\/us.edu.pl\/pracownik\/wp-content\/uploads\/sites\/2\/Editor\/sprawy-dydatktyczne\/Komisja-ksztalcenia\/Kadencja-2020-2024\/20232024\/13-czerwca\/Mediteranistyka-_-I-st.-SS-_-2024-2025.zip\">mediteranistyka \u2013 studia stacjonarne I stopnia<\/a><\/li>\n<li><a href=\"https:\/\/us.edu.pl\/pracownik\/wp-content\/uploads\/sites\/2\/Editor\/sprawy-dydatktyczne\/Komisja-ksztalcenia\/Kadencja-2020-2024\/20232024\/13-czerwca\/Arteterapia_I_SS.zip\">arteterapia \u2013 studia stacjonarne I stopnia<\/a><\/li>\n<li><a href=\"https:\/\/us.edu.pl\/pracownik\/wp-content\/uploads\/sites\/2\/Editor\/sprawy-dydatktyczne\/Komisja-ksztalcenia\/Kadencja-2020-2024\/20232024\/13-czerwca\/Inzynieria-biomedyczna_I_SS.zip\">in\u017cynieria biomedyczna \u2013 studia stacjonarne I stopnia<\/a><\/li>\n<li><a href=\"https:\/\/us.edu.pl\/pracownik\/wp-content\/uploads\/sites\/2\/Editor\/sprawy-dydatktyczne\/Komisja-ksztalcenia\/Kadencja-2020-2024\/20232024\/13-czerwca\/Mechatronika_I_SS.zip\">mechatronika \u2013 studia stacjonarne I stopnia<\/a><\/li>\n<\/ol>\n<\/li>\n<li>Wolne wnioski<\/li>\n<\/ol>\n<p>\n<style type=\"text\/css\">a[data-mtli~=\"mtli_filesize14,25MB\"]:after {content:\" (14,25 MB)\"}a[data-mtli~=\"mtli_filesize9,49MB\"]:after {content:\" (9,49 MB)\"}<\/style><\/div>\r\n                    <\/div>\r\n                <\/div>[\/vc_column][\/vc_row]<\/p>\n<style type=\"text\/css\">a[data-mtli~=\"mtli_filesize14,25MB\"]:after {content:\" (14,25 MB)\"}a[data-mtli~=\"mtli_filesize9,49MB\"]:after {content:\" (9,49 MB)\"}<\/style>","protected":false},"excerpt":{"rendered":"<p>[vc_row][vc_column][\/vc_column][\/vc_row] [&#8230;]<\/p>\n<p><a class=\"btn btn-secondary understrap-read-more-link\" href=\"https:\/\/us.edu.pl\/pracownik\/sprawy-dydaktyczne\/senacka-komisja-ds-ksztalcenia\/senacka-komisja-ds-ksztalcenia-sklad-komisji\/kadencja-2020-2024\/posiedzenie-komisji-13-06-2024-2\/\">Read More&#8230;<\/a><\/p>\n","protected":false},"author":5108,"featured_media":0,"parent":5151,"menu_order":-38,"comment_status":"closed","ping_status":"closed","template":"page-templates\/inner-page.php","meta":{"_expiration-date-status":"saved","_expiration-date":0,"_expiration-date-type":"","_expiration-date-categories":[],"_expiration-date-options":[]},"acf":[],"_links":{"self":[{"href":"https:\/\/us.edu.pl\/pracownik\/wp-json\/wp\/v2\/pages\/25654"}],"collection":[{"href":"https:\/\/us.edu.pl\/pracownik\/wp-json\/wp\/v2\/pages"}],"about":[{"href":"https:\/\/us.edu.pl\/pracownik\/wp-json\/wp\/v2\/types\/page"}],"author":[{"embeddable":true,"href":"https:\/\/us.edu.pl\/pracownik\/wp-json\/wp\/v2\/users\/5108"}],"replies":[{"embeddable":true,"href":"https:\/\/us.edu.pl\/pracownik\/wp-json\/wp\/v2\/comments?post=25654"}],"version-history":[{"count":8,"href":"https:\/\/us.edu.pl\/pracownik\/wp-json\/wp\/v2\/pages\/25654\/revisions"}],"predecessor-version":[{"id":25726,"href":"https:\/\/us.edu.pl\/pracownik\/wp-json\/wp\/v2\/pages\/25654\/revisions\/25726"}],"up":[{"embeddable":true,"href":"https:\/\/us.edu.pl\/pracownik\/wp-json\/wp\/v2\/pages\/5151"}],"wp:attachment":[{"href":"https:\/\/us.edu.pl\/pracownik\/wp-json\/wp\/v2\/media?parent=25654"}],"curies":[{"name":"wp","href":"https:\/\/api.w.org\/{rel}","templated":true}]}}

<p>[vc_row][vc_column]
                <div class="text-modules">
                    <div class="container">
                        <h3 class="page-title text__title">Posiedzenie Komisji ds. kształcenia i studentów - 13 czerwca 2024 r.</h3>
                        <div class="text-modules__content"><p>Posiedzenie Komisji ds. kształcenia i studentów odbędzie się w czwartek <strong>13 czerwca 2024 r. o godz. 13.00 w sali 1.20</strong> w budynku Rektoratu Uniwersytetu Śląskiego.</p>
<p>Planowany porządek posiedzenia:</p>
<ol>
<li>Komunikaty Prorektorki ds. kształcenia i studentów.</li>
<li>Opiniowanie programu studiów podyplomowych <a href="https://us.edu.pl/pracownik/wp-content/uploads/sites/2/Editor/sprawy-dydatktyczne/Komisja-ksztalcenia/Kadencja-2020-2024/20232024/13-czerwca/Projektowanie-uslug-w-przemyslach-kreatywnych-i-w-kulturze.pdf" class="mtli_attachment mtli_pdf" data-mtli="mtli_filesize14,25MB" class="mtli_attachment mtli_pdf" data-mtli="mtli_filesize14,25MB">&#8222;Projektowanie usług w przemysłach kreatywnych i w kulturze&#8221;</a>.</li>
<li>Opiniowanie programu studiów podyplomowych <a href="https://us.edu.pl/pracownik/wp-content/uploads/sites/2/Editor/sprawy-dydatktyczne/Komisja-ksztalcenia/Kadencja-2020-2024/20232024/13-czerwca/Specjalista-do-spraw-opieki-senioralnej.pdf" class="mtli_attachment mtli_pdf" data-mtli="mtli_filesize9,49MB" class="mtli_attachment mtli_pdf" data-mtli="mtli_filesize9,49MB">&#8222;Specjalista do spraw opieki senioralnej&#8221;</a>.</li>
<li>Opinie do wniosków w sprawie modyfikacji programów studiów dla cyklu dydaktycznego 2024/2025:
<ol style="list-style-type: lower-alpha;">
<li><a href="https://us.edu.pl/pracownik/wp-content/uploads/sites/2/Editor/sprawy-dydatktyczne/Komisja-ksztalcenia/Kadencja-2020-2024/20232024/13-czerwca/Fil.-polska-_-I-st.-SS-_-2024-2025-1.zip">filologia polska – studia stacjonarne I stopnia</a></li>
<li><a href="https://us.edu.pl/pracownik/wp-content/uploads/sites/2/Editor/sprawy-dydatktyczne/Komisja-ksztalcenia/Kadencja-2020-2024/20232024/13-czerwca/Fil.-wschod._-I-st.-SS-_-2024-2025.zip">filologia wschodniosłowiańska – studia stacjonarne I stopnia</a></li>
<li><a href="https://us.edu.pl/pracownik/wp-content/uploads/sites/2/Editor/sprawy-dydatktyczne/Komisja-ksztalcenia/Kadencja-2020-2024/20232024/13-czerwca/Historia_I_SS.zip">historia – studia stacjonarne I stopnia</a></li>
<li><a href="https://us.edu.pl/pracownik/wp-content/uploads/sites/2/Editor/sprawy-dydatktyczne/Komisja-ksztalcenia/Kadencja-2020-2024/20232024/13-czerwca/Kognitywistyka_I_SS_NS.zip">kognitywistyka – studia stacjonarne i niestacjonarne I stopnia</a></li>
<li><a href="https://us.edu.pl/pracownik/wp-content/uploads/sites/2/Editor/sprawy-dydatktyczne/Komisja-ksztalcenia/Kadencja-2020-2024/20232024/13-czerwca/Kognitywistyka_II_SS_NS.zip">kognitywistyka – studia stacjonarne i niestacjonarne II stopnia</a></li>
<li><a href="https://us.edu.pl/pracownik/wp-content/uploads/sites/2/Editor/sprawy-dydatktyczne/Komisja-ksztalcenia/Kadencja-2020-2024/20232024/13-czerwca/Kultury-mediow-_-I-st.-SS-NS-_-2024-2025.zip">kultury mediów – studia stacjonarne i niestacjonarne I stopnia</a></li>
<li><a href="https://us.edu.pl/pracownik/wp-content/uploads/sites/2/Editor/sprawy-dydatktyczne/Komisja-ksztalcenia/Kadencja-2020-2024/20232024/13-czerwca/Logopedia-_-I-st.-SS-_-2024-2025.zip">logopedia – studia stacjonarne I stopnia</a></li>
<li><a href="https://us.edu.pl/pracownik/wp-content/uploads/sites/2/Editor/sprawy-dydatktyczne/Komisja-ksztalcenia/Kadencja-2020-2024/20232024/13-czerwca/Mediteranistyka-_-I-st.-SS-_-2024-2025.zip">mediteranistyka – studia stacjonarne I stopnia</a></li>
<li><a href="https://us.edu.pl/pracownik/wp-content/uploads/sites/2/Editor/sprawy-dydatktyczne/Komisja-ksztalcenia/Kadencja-2020-2024/20232024/13-czerwca/Arteterapia_I_SS.zip">arteterapia – studia stacjonarne I stopnia</a></li>
<li><a href="https://us.edu.pl/pracownik/wp-content/uploads/sites/2/Editor/sprawy-dydatktyczne/Komisja-ksztalcenia/Kadencja-2020-2024/20232024/13-czerwca/Inzynieria-biomedyczna_I_SS.zip">inżynieria biomedyczna – studia stacjonarne I stopnia</a></li>
<li><a href="https://us.edu.pl/pracownik/wp-content/uploads/sites/2/Editor/sprawy-dydatktyczne/Komisja-ksztalcenia/Kadencja-2020-2024/20232024/13-czerwca/Mechatronika_I_SS.zip">mechatronika – studia stacjonarne I stopnia</a></li>
</ol>
</li>
<li>Wolne wnioski</li>
</ol>
<p>
<style type="text/css">a[data-mtli~="mtli_filesize14,25MB"]:after {content:" (14,25 MB)"}a[data-mtli~="mtli_filesize9,49MB"]:after {content:" (9,49 MB)"}</style></div>
                    </div>
                </div>[/vc_column][/vc_row]</p>
<style type="text/css">a[data-mtli~="mtli_filesize14,25MB"]:after {content:" (14,25 MB)"}a[data-mtli~="mtli_filesize9,49MB"]:after {content:" (9,49 MB)"}</style>
