{"id":28903,"date":"2024-11-08T12:06:17","date_gmt":"2024-11-08T11:06:17","guid":{"rendered":"https:\/\/us.edu.pl\/pracownik\/?page_id=28903"},"modified":"2026-02-23T09:37:50","modified_gmt":"2026-02-23T08:37:50","slug":"komisja-do-spraw-kadry-akademickiej","status":"publish","type":"page","link":"https:\/\/us.edu.pl\/pracownik\/sprawy-pracownicze\/nauczyciele-akademiccy-na\/komisja-do-spraw-kadry-akademickiej\/","title":{"rendered":"Komisja do spraw kadry akademickiej"},"content":{"rendered":"<p>[vc_row][vc_column][\/vc_column][\/vc_row][vc_row][vc_column]\r\n                <div class=\"text-modules\">\r\n                    <div class=\"container\">\r\n                        \r\n                        <div class=\"text-modules__content\"><p>Komisja do spraw kadry wykonuje zadania w zakresie polityki kadrowej Uniwersytetu, zw\u0142aszcza rekrutacji nauczycieli akademickich oraz ich ocen okresowych, a tak\u017ce udziela rektorowi i osobom pe\u0142ni\u0105cym funkcje kierownicze w Uniwersytecie informacji dotycz\u0105cych stanu i rozwoju kadry akademickiej oraz wyra\u017ca opinie na temat optymalizacji dzia\u0142a\u0144 s\u0142u\u017c\u0105cych realizacji strategii w obszarze polityki kadrowej. (\u00a780 ust. 2 Statutu U\u015a)<\/p>\n<\/div>\r\n                    <\/div>\r\n                <\/div>[\/vc_column][\/vc_row]<\/p>","protected":false},"excerpt":{"rendered":"<p>[vc_row][vc_column][\/vc_column][\/vc_row][vc_row][vc_column][\/vc_column][\/vc_row] [&#8230;]<\/p>\n<p><a class=\"btn btn-secondary understrap-read-more-link\" href=\"https:\/\/us.edu.pl\/pracownik\/sprawy-pracownicze\/nauczyciele-akademiccy-na\/komisja-do-spraw-kadry-akademickiej\/\">Read More&#8230;<\/a><\/p>\n","protected":false},"author":41,"featured_media":0,"parent":1076,"menu_order":76,"comment_status":"closed","ping_status":"closed","template":"page-templates\/page-with-bookmarks.php","meta":{"_expiration-date-status":"","_expiration-date":0,"_expiration-date-type":"","_expiration-date-categories":[],"_expiration-date-options":[]},"acf":[],"_links":{"self":[{"href":"https:\/\/us.edu.pl\/pracownik\/wp-json\/wp\/v2\/pages\/28903"}],"collection":[{"href":"https:\/\/us.edu.pl\/pracownik\/wp-json\/wp\/v2\/pages"}],"about":[{"href":"https:\/\/us.edu.pl\/pracownik\/wp-json\/wp\/v2\/types\/page"}],"author":[{"embeddable":true,"href":"https:\/\/us.edu.pl\/pracownik\/wp-json\/wp\/v2\/users\/41"}],"replies":[{"embeddable":true,"href":"https:\/\/us.edu.pl\/pracownik\/wp-json\/wp\/v2\/comments?post=28903"}],"version-history":[{"count":10,"href":"https:\/\/us.edu.pl\/pracownik\/wp-json\/wp\/v2\/pages\/28903\/revisions"}],"predecessor-version":[{"id":42397,"href":"https:\/\/us.edu.pl\/pracownik\/wp-json\/wp\/v2\/pages\/28903\/revisions\/42397"}],"up":[{"embeddable":true,"href":"https:\/\/us.edu.pl\/pracownik\/wp-json\/wp\/v2\/pages\/1076"}],"wp:attachment":[{"href":"https:\/\/us.edu.pl\/pracownik\/wp-json\/wp\/v2\/media?parent=28903"}],"curies":[{"name":"wp","href":"https:\/\/api.w.org\/{rel}","templated":true}]}}