{"id":28919,"date":"2024-11-08T13:23:01","date_gmt":"2024-11-08T12:23:01","guid":{"rendered":"https:\/\/us.edu.pl\/pracownik\/?page_id=28919"},"modified":"2024-11-08T13:26:14","modified_gmt":"2024-11-08T12:26:14","slug":"posiedzenie-komisji-14-11-2024","status":"publish","type":"page","link":"https:\/\/us.edu.pl\/pracownik\/sprawy-dydaktyczne\/senacka-komisja-ds-ksztalcenia\/senacka-komisja-ds-ksztalcenia-sklad-komisji\/kadencja-2024-2028\/posiedzenie-komisji-14-11-2024\/","title":{"rendered":"Posiedzenie komisji &#8211; 14.11.2024"},"content":{"rendered":"<p>[vc_row][vc_column]\r\n                <div class=\"text-modules\">\r\n                    <div class=\"container\">\r\n                        <h3 class=\"page-title text__title\">Posiedzenie Komisji ds. kszta\u0142cenia i student\u00f3w - 14 listopada 2024 r.<\/h3>\r\n                        <div class=\"text-modules__content\"><p>Posiedzenie Komisji ds. kszta\u0142cenia i student\u00f3w odb\u0119dzie si\u0119 <strong>w poniedzia\u0142ek 14 listopada 2024 r. o godz. 13.00<\/strong>\u00a0w sali 1.20 w budynku Rektoratu Uniwersytetu \u015al\u0105skiego.<\/p>\n<ol style=\"font-weight: 400;\">\n<li>Komunikaty Prorektorki ds. kszta\u0142cenia i student\u00f3w.<\/li>\n<li><a href=\"https:\/\/us.edu.pl\/pracownik\/wp-content\/uploads\/sites\/2\/Editor\/sprawy-dydatktyczne\/Komisja-ksztalcenia\/Kadencja-2024-2028\/20242025\/Prezentacja-rekrutacja-2024-2025.pptx\">Rekrutacja w Uniwersytecie \u015al\u0105skim kandydat\u00f3w na studia na rok akademicki 2024\/2025<\/a> \u2013 statystyki, analizy, wnioski.<\/li>\n<li>Organizacja og\u00f3lnouniwersyteckiego kszta\u0142cenia obszarowego- rejestracja na zaj\u0119cia, realizacja zaj\u0119\u0107 w semestrze zimowym 2024\/2025<\/li>\n<li>Planowanie i organizacji dydaktyki w roku akademickim 2024\/2025.<\/li>\n<li>Komunikaty Pe\u0142nomocniczki Rektora ds. Jako\u015bci Kszta\u0142cenia i Akredytacji.<\/li>\n<li>Wolne wnioski.<\/li>\n<\/ol>\n<p>\n<\/div>\r\n                    <\/div>\r\n                <\/div>[\/vc_column][\/vc_row]<\/p>","protected":false},"excerpt":{"rendered":"<p>[vc_row][vc_column][\/vc_column][\/vc_row] [&#8230;]<\/p>\n<p><a class=\"btn btn-secondary understrap-read-more-link\" href=\"https:\/\/us.edu.pl\/pracownik\/sprawy-dydaktyczne\/senacka-komisja-ds-ksztalcenia\/senacka-komisja-ds-ksztalcenia-sklad-komisji\/kadencja-2024-2028\/posiedzenie-komisji-14-11-2024\/\">Read More&#8230;<\/a><\/p>\n","protected":false},"author":31,"featured_media":0,"parent":27904,"menu_order":-40,"comment_status":"closed","ping_status":"closed","template":"page-templates\/inner-page.php","meta":{"_expiration-date-status":"saved","_expiration-date":0,"_expiration-date-type":"","_expiration-date-categories":[],"_expiration-date-options":[]},"acf":[],"_links":{"self":[{"href":"https:\/\/us.edu.pl\/pracownik\/wp-json\/wp\/v2\/pages\/28919"}],"collection":[{"href":"https:\/\/us.edu.pl\/pracownik\/wp-json\/wp\/v2\/pages"}],"about":[{"href":"https:\/\/us.edu.pl\/pracownik\/wp-json\/wp\/v2\/types\/page"}],"author":[{"embeddable":true,"href":"https:\/\/us.edu.pl\/pracownik\/wp-json\/wp\/v2\/users\/31"}],"replies":[{"embeddable":true,"href":"https:\/\/us.edu.pl\/pracownik\/wp-json\/wp\/v2\/comments?post=28919"}],"version-history":[{"count":2,"href":"https:\/\/us.edu.pl\/pracownik\/wp-json\/wp\/v2\/pages\/28919\/revisions"}],"predecessor-version":[{"id":28931,"href":"https:\/\/us.edu.pl\/pracownik\/wp-json\/wp\/v2\/pages\/28919\/revisions\/28931"}],"up":[{"embeddable":true,"href":"https:\/\/us.edu.pl\/pracownik\/wp-json\/wp\/v2\/pages\/27904"}],"wp:attachment":[{"href":"https:\/\/us.edu.pl\/pracownik\/wp-json\/wp\/v2\/media?parent=28919"}],"curies":[{"name":"wp","href":"https:\/\/api.w.org\/{rel}","templated":true}]}}

<p>[vc_row][vc_column]
                <div class="text-modules">
                    <div class="container">
                        <h3 class="page-title text__title">Posiedzenie Komisji ds. kształcenia i studentów - 14 listopada 2024 r.</h3>
                        <div class="text-modules__content"><p>Posiedzenie Komisji ds. kształcenia i studentów odbędzie się <strong>w poniedziałek 14 listopada 2024 r. o godz. 13.00</strong> w sali 1.20 w budynku Rektoratu Uniwersytetu Śląskiego.</p>
<ol style="font-weight: 400;">
<li>Komunikaty Prorektorki ds. kształcenia i studentów.</li>
<li><a href="https://us.edu.pl/pracownik/wp-content/uploads/sites/2/Editor/sprawy-dydatktyczne/Komisja-ksztalcenia/Kadencja-2024-2028/20242025/Prezentacja-rekrutacja-2024-2025.pptx">Rekrutacja w Uniwersytecie Śląskim kandydatów na studia na rok akademicki 2024/2025</a> – statystyki, analizy, wnioski.</li>
<li>Organizacja ogólnouniwersyteckiego kształcenia obszarowego- rejestracja na zajęcia, realizacja zajęć w semestrze zimowym 2024/2025</li>
<li>Planowanie i organizacji dydaktyki w roku akademickim 2024/2025.</li>
<li>Komunikaty Pełnomocniczki Rektora ds. Jakości Kształcenia i Akredytacji.</li>
<li>Wolne wnioski.</li>
</ol>
<p>
</div>
                    </div>
                </div>[/vc_column][/vc_row]</p>
