{"id":3543,"date":"2019-11-05T11:07:49","date_gmt":"2019-11-05T10:07:49","guid":{"rendered":"https:\/\/us.edu.pl\/pracownik\/?page_id=3543"},"modified":"2024-10-01T11:59:24","modified_gmt":"2024-10-01T09:59:24","slug":"instrukcja-dotyczaca-postepowania-w-przypadkach-szczegolnych-els","status":"publish","type":"page","link":"https:\/\/us.edu.pl\/pracownik\/sprawy-dydaktyczne\/pion-ksztalcenia\/dokumentacja-toku-studiow\/instrukcja-dotyczaca-postepowania-w-przypadkach-szczegolnych-els\/","title":{"rendered":"Elektroniczna legitymacja-instrukcja dotycz\u0105ca post\u0119powania  w przypadkach szczeg\u00f3lnych"},"content":{"rendered":"<p>[vc_row][vc_column]\r\n                <div class=\"text-modules\">\r\n                    <div class=\"container\">\r\n                        <h3 class=\"page-title text__title\">Instrukcja dotycz\u0105ca post\u0119powania w przypadkach szczeg\u00f3lnych ELS<\/h3>\r\n                        <div class=\"text-modules__content\"><p>Legitymacja studencka jest dokumentem po\u015bwiadczaj\u0105cym status studenta.<\/p>\n<p>Student otrzymuje ELS po\u00a0nabyciu praw studenta.<\/p>\n<div class=\"accordion-tile\">\n<div id=\"collapse5\" class=\"collapse show\">\n<div class=\"card card-body\">\n<p>Osoba przyj\u0119ta na studia nabywa prawa studenta z chwil\u0105 z\u0142o\u017cenia \u015blubowania. Z\u0142o\u017cenie \u015blubowania odbywa si\u0119 poprzez system USOS.<\/p>\n<p>Podstawa prawna:\u00a0<em>\u00a7 2 ust. 4 Regulaminu Studi\u00f3w Uniwersytetu \u015al\u0105skiego w Katowicach (Za\u0142\u0105cznik do uchwa\u0142y nr 375 Senatu U\u015a z dnia 25 kwietnia 2023 r).<\/em><\/p>\n<\/div>\n<\/div>\n<\/div>\n<p>ELS jest wydawany przez uczelni\u0119 i nie jest przypisany do wydzia\u0142u czy innej jednostki dydaktycznej nieb\u0119d\u0105cej wydzia\u0142em, ani te\u017c do poziomu studi\u00f3w czy kierunku. W zwi\u0105zku z tym ELS po uko\u0144czeniu studi\u00f3w I stopnia powinna by\u0107 ta sama na kolejnym poziomie studi\u00f3w, a jedynie jej aktualizacj\u0119 powinien potwierdza\u0107 wa\u017cny hologram.<br \/>\nRozporz\u0105dzenie w sprawie dokumentacji przebiegu studi\u00f3w m\u00f3wi o prawie studenta do posiadania legitymacji, w zwi\u0105zku z tym na Uczelni spoczywa obowi\u0105zek jej wydania, ale nie obowi\u0105zek studenta do jej odbioru. Je\u015bli student nie zamierza korzysta\u0107 z uprawnie\u0144 wynikaj\u0105cych z jego statusu studenta to mo\u017ce odm\u00f3wi\u0107 jej przyj\u0119cia.<\/p>\n<\/div>\r\n                    <\/div>\r\n                <\/div>[\/vc_column][\/vc_row]<\/p>","protected":false},"excerpt":{"rendered":"<p>[vc_row][vc_column][\/vc_column][\/vc_row] [&#8230;]<\/p>\n<p><a class=\"btn btn-secondary understrap-read-more-link\" href=\"https:\/\/us.edu.pl\/pracownik\/sprawy-dydaktyczne\/pion-ksztalcenia\/dokumentacja-toku-studiow\/instrukcja-dotyczaca-postepowania-w-przypadkach-szczegolnych-els\/\">Read More&#8230;<\/a><\/p>\n","protected":false},"author":31,"featured_media":0,"parent":731,"menu_order":282,"comment_status":"closed","ping_status":"closed","template":"page-templates\/inner-page-with-bookmarks.php","meta":{"_expiration-date-status":"saved","_expiration-date":0,"_expiration-date-type":"","_expiration-date-categories":[],"_expiration-date-options":[]},"acf":[],"_links":{"self":[{"href":"https:\/\/us.edu.pl\/pracownik\/wp-json\/wp\/v2\/pages\/3543"}],"collection":[{"href":"https:\/\/us.edu.pl\/pracownik\/wp-json\/wp\/v2\/pages"}],"about":[{"href":"https:\/\/us.edu.pl\/pracownik\/wp-json\/wp\/v2\/types\/page"}],"author":[{"embeddable":true,"href":"https:\/\/us.edu.pl\/pracownik\/wp-json\/wp\/v2\/users\/31"}],"replies":[{"embeddable":true,"href":"https:\/\/us.edu.pl\/pracownik\/wp-json\/wp\/v2\/comments?post=3543"}],"version-history":[{"count":9,"href":"https:\/\/us.edu.pl\/pracownik\/wp-json\/wp\/v2\/pages\/3543\/revisions"}],"predecessor-version":[{"id":27581,"href":"https:\/\/us.edu.pl\/pracownik\/wp-json\/wp\/v2\/pages\/3543\/revisions\/27581"}],"up":[{"embeddable":true,"href":"https:\/\/us.edu.pl\/pracownik\/wp-json\/wp\/v2\/pages\/731"}],"wp:attachment":[{"href":"https:\/\/us.edu.pl\/pracownik\/wp-json\/wp\/v2\/media?parent=3543"}],"curies":[{"name":"wp","href":"https:\/\/api.w.org\/{rel}","templated":true}]}}