{"id":38625,"date":"2025-07-02T10:29:30","date_gmt":"2025-07-02T08:29:30","guid":{"rendered":"https:\/\/us.edu.pl\/pracownik\/?page_id=38625"},"modified":"2025-07-08T09:39:55","modified_gmt":"2025-07-08T07:39:55","slug":"polityka-mobilnosci-us","status":"publish","type":"page","link":"https:\/\/us.edu.pl\/pracownik\/sprawy-miedzynarodowe\/mobilnosc-miedzynarodowa\/wyjazdy-zagraniczne\/polityka-mobilnosci-us\/","title":{"rendered":"Polityka mobilno\u015bci U\u015a"},"content":{"rendered":"<p>[vc_row][vc_column][\/vc_column][\/vc_row][vc_row][vc_column]\r\n                <div class=\"text-modules \">\r\n                    <div class=\"container\">\r\n                         \r\n                        <div class=\"row m-0\">\r\n                            <div class=\"text-modules__content\">\r\n                                Niniejsza polityka wskazuje rozwi\u0105zania s\u0142u\u017c\u0105ce efektywnej i przyjaznej pracownikom i pracowniczkom organizacji wyjazd\u00f3w s\u0142u\u017cbowych w ramach dzia\u0142alno\u015bci naukowej, dydaktycznej i organizacyjnej.<br \/>\nOkre\u015blone ni\u017cej priorytety maj\u0105 na celu wdro\u017cenie zmian sprzyjaj\u0105cych podejmowaniu wsp\u00f3\u0142pracy krajowej oraz mi\u0119dzynarodowej, przy jednoczesnym zapewnieniu bezpiecze\u0144stwa podr\u00f3\u017cuj\u0105cych i d\u0105\u017ceniu do uproszczenia procedur formalnych.<br \/>\nPolityka obejmuje zalecenia w zakresie korzystania z komunikacji publicznej, samochodu prywatnego oraz samolotu. Dodatkowo wskazuje si\u0119 u\u0142atwienia w zakresie \u0142\u0105czenia \u017cycia rodzinnego z zawodowym w zwi\u0105zku z wyjazdami s\u0142u\u017cbowymi. \r\n                                <div class=\"mt-3\"><\/div>\r\n                            <\/div>\r\n                            \r\n                            \r\n                        <\/div>\r\n                    <\/div>\r\n                <\/div>[\/vc_column][\/vc_row][vc_row][vc_column]<div class=\"container\"><div class=\"separator\" style=\"background-color: #EBEBEB\"><\/div><\/div>[\/vc_column][\/vc_row][vc_row][vc_column]\r\n                <div class=\"text-modules \">\r\n                    <div class=\"container\">\r\n                         <h3 class=\"subtitle text-modules__subtitle\">\u00a7 1. Wyb\u00f3r \u015brodk\u00f3w transportu<\/h3>\r\n                        <div class=\"row m-0\">\r\n                            <div class=\"text-modules__content\">\r\n                                1. Kieruj\u0105c si\u0119 trosk\u0105 o bezpiecze\u0144stwo pracownik\u00f3w i pracowniczek, \u015brodowisko naturalne, oraz gospodarno\u015b\u0107 w Uniwersytecie rekomenduje si\u0119 i zaleca podr\u00f3\u017ce \u015brodkami transportu publicznego. Z uzasadnionych powod\u00f3w kierownik jednostki mo\u017ce wyrazi\u0107 zgod\u0119 na podr\u00f3\u017c prywatnym samochodem. W tym przypadku przys\u0142uguje zwrot koszt\u00f3w w wysoko\u015bci do 100% kwoty okre\u015blonej w odpowiednich przepisach prawa (tzw. kilometr\u00f3wki), jednak\u017ce nie wi\u0119cej ni\u017c r\u00f3wnowarto\u015b\u0107 300 EURO.<\/p>\n<p>2. Wyjazdy s\u0142u\u017cbowe finansowane ze \u015brodk\u00f3w projektowych obj\u0119te s\u0105 zasadami okre\u015blonymi przez podmiot finansuj\u0105cy w ramach bud\u017cetu dost\u0119pnego w projekcie. W tych przypadkach stosuje si\u0119 wytyczne danego projektu, a w razie ich braku powszechnie obowi\u0105zuj\u0105ce prawo nie uwzgl\u0119dniaj\u0105c wewn\u0119trznych ogranicze\u0144 Uczelni.<\/p>\n<p>3. Szczeg\u00f3\u0142owe regulacje w tym zakresie okre\u015bla:<\/p>\n<ul>\n<li><em>Instrukcja w sprawie nale\u017cno\u015bci zwi\u0105zanych z podr\u00f3\u017cami s\u0142u\u017cbowymi pracownik\u00f3w, podr\u00f3\u017cami os\u00f3b nieb\u0119d\u0105cych pracownikami Uniwersytetu \u015al\u0105skiego i podr\u00f3\u017cami go\u015bci krajowych oraz zasad ich rozliczania oraz <\/em><\/li>\n<li><em>Regulamin kierowania pracownik\u00f3w, doktorant\u00f3w i student\u00f3w Uniwersytetu \u015al\u0105skiego w Katowicach za granic\u0119 w celach naukowych, dydaktycznych i szkoleniowych oraz przyjmowania go\u015bci z zagranicy<\/em>.<\/li>\n<\/ul>\n<div class=\"mt-3\"><a href=\"https:\/\/aktyprawne.us.edu.pl\/446-lista-dokumentow\/d\/8263\/5\/?reporef=%2F446-lista-dokumentow%2F\" class=\"link-button mr-3 \">Instrukcja w sprawie nale\u017cno\u015bci zwi\u0105zanych z podr\u00f3\u017cami s\u0142u\u017cbowymi<\/a><a href=\"https:\/\/aktyprawne.us.edu.pl\/423-lista\/d\/8264\/5\/\" class=\"link-button mr-3 \">Regulamin kierowania | Zarz\u0105dzenie Rektora U\u015a nr 107\/2025<\/a><\/div>\r\n                            <\/div>\r\n                            \r\n                            \r\n                        <\/div>\r\n                    <\/div>\r\n                <\/div>[\/vc_column][\/vc_row][vc_row][vc_column]<div class=\"container\"><div class=\"separator\" style=\"background-color: #EBEBEB\"><\/div><\/div>[\/vc_column][\/vc_row][vc_row][vc_column]\r\n                <div class=\"text-modules \">\r\n                    <div class=\"container\">\r\n                         <h3 class=\"subtitle text-modules__subtitle\">\u00a7 2. Dobrowolno\u015b\u0107 korzystania z po\u015brednictwa biura podr\u00f3\u017cy przy realizacji wyjazd\u00f3w zagranicznych<\/h3>\r\n                        <div class=\"row m-0\">\r\n                            <div class=\"text-modules__content\">\r\n                                1. Uniwersytet korzysta ze wsparcia wyspecjalizowanego biura podr\u00f3\u017cy pomagaj\u0105cego w zakupie bilet\u00f3w lotniczych, kolejowych i autobusowych oraz organizacji podr\u00f3\u017cy zagranicznych. Korzystanie z jego us\u0142ug jest jednak dobrowolne. Pracownik mo\u017ce dokona\u0107 zakupu za po\u015brednictwem biura lub samodzielnie kupi\u0107 bilet na podr\u00f3\u017c zagraniczn\u0105 u przewo\u017anika (np. w linii lotniczej). Zakup poprzez biuro podr\u00f3\u017cy zapewnia wsparcie w razie odwo\u0142ania lotu lub innych podobnych sytuacji awaryjnych. Dokonuj\u0105c samodzielnego zakupu pracownik otrzymuje zwrot kosztu zakupionego biletu po zrealizowaniu i rozliczeniu ca\u0142o\u015bci koszt\u00f3w wyjazdu. Decyduj\u0105c si\u0119 na samodzielny zakup bilet\u00f3w pracownik jest zobowi\u0105zany kierowa\u0107 si\u0119 wzgl\u0119dami gospodarno\u015bci i celowo\u015bci wydatkowania \u015brodk\u00f3w publicznych. W przypadku ra\u017c\u0105co wysokiej ceny biletu, zakupionego z naruszeniem tych zasad, zwrot mo\u017ce zosta\u0107 dokonany w wysoko\u015bci odpowiadaj\u0105cej uzasadnionej cenie biletu na danej trasie.<\/p>\n<p>2. Warunkiem zwrotu koszt\u00f3w zakupionego biletu jest z\u0142o\u017cenie przed wyjazdem zaakceptowanego Wniosku o wyjazd za granic\u0119 oraz przedstawienie razem z rozliczeniem wyjazdu imiennej faktury lub imiennego biletu. Podobne zasady obowi\u0105zuj\u0105 przy zakupie wizy.<\/p>\n<p>3. W przypadku wyjazd\u00f3w finansowanych ze \u017ar\u00f3de\u0142 zewn\u0119trznych, w szczeg\u00f3lno\u015bci grant\u00f3w krajowych i europejskich, zakup biletu i wizy podlega zasadom okre\u015blonym przez podmiot finansuj\u0105cy dla danego rodzaju projekt\u00f3w.<\/p>\n<p>4. Szczeg\u00f3\u0142owe regulacje w tym zakresie okre\u015bla:<\/p>\n<ul>\n<li><em>pismo ok\u00f3lne Rektora U\u015a nr 3\/2025 w sprawie zmiany procedury oraz okre\u015blenia zasad zakupu bilet\u00f3w lotniczych, kolejowych, autobusowych, promowych oraz us\u0142ugi wizowania paszport\u00f3w na wyjazdy za granic\u0119 pracownik\u00f3w, doktorant\u00f3w, student\u00f3w Uniwersytetu \u015al\u0105skiego w Katowicach oraz os\u00f3b nieb\u0119d\u0105cych pracownikami<\/em>.<\/li>\n<\/ul>\n<div class=\"mt-3\"><a href=\"https:\/\/aktyprawne.us.edu.pl\/446-lista-dokumentow\/d\/8262\/5\/?reporef=%2F446-lista-dokumentow%2F\" class=\"link-button mr-3 \">Pismo ok\u00f3lne Rektora U\u015a nr 3\/2025<\/a><\/div>\r\n                            <\/div>\r\n                            \r\n                            \r\n                        <\/div>\r\n                    <\/div>\r\n                <\/div>[\/vc_column][\/vc_row][vc_row][vc_column]<div class=\"container\"><div class=\"separator\" style=\"background-color: #EBEBEB\"><\/div><\/div>[\/vc_column][\/vc_row][vc_row][vc_column]\r\n                <div class=\"text-modules \">\r\n                    <div class=\"container\">\r\n                         <h3 class=\"subtitle text-modules__subtitle\">\u00a7 3. \u0141\u0105czenie cel\u00f3w podr\u00f3\u017cy s\u0142u\u017cbowej i prywatnej<\/h3>\r\n                        <div class=\"row m-0\">\r\n                            <div class=\"text-modules__content\">\r\n                                1. W trosce o r\u00f3wnowag\u0119 mi\u0119dzy \u017cyciem rodzinnym i prac\u0105 Uniwersytet umo\u017cliwia podr\u00f3\u017cowanie s\u0142u\u017cbowe wraz z rodzin\u0105 lub innymi osobami towarzysz\u0105cymi. Uniwersytet dopuszcza r\u00f3wnie\u017c \u0142\u0105czenie wyjazd\u00f3w s\u0142u\u017cbowych z urlopami wypoczynkowymi.<\/p>\n<p>2. W przypadku takich podr\u00f3\u017cy s\u0142u\u017cbowych mo\u017cliwe jest rozliczenie koszt\u00f3w pobytu wy\u0142\u0105cznie osoby delegowanej, na podstawie udokumentowanych przez pracownika koszt\u00f3w noclegu w danym obiekcie dla jednej osoby. W przypadku \u0142\u0105czenia delegacji z pobytem prywatnym, dodatkowe dni sp\u0119dzone w danym miejscu wymagaj\u0105 uzyskania urlopu wypoczynkowego i nie stanowi\u0105 cz\u0119\u015bci pobytu s\u0142u\u017cbowego (nie s\u0105 wi\u0119c obj\u0119te ubezpieczeniem zapewnianym przez pracodawc\u0119). Uniwersytet nie ponosi odpowiedzialno\u015bci za bezpiecze\u0144stwo wsp\u00f3\u0142uczestnik\u00f3w podr\u00f3\u017cy.<\/p>\n<p>3. W przypadku wyjazd\u00f3w finansowanych ze \u017ar\u00f3de\u0142 zewn\u0119trznych, odbycie wyjazdu s\u0142u\u017cbowego \u0142\u0105czonego z wyjazdem prywatnym mo\u017ce mie\u0107 miejsce pod warunkiem, \u017ce nie jest sprzeczne z zasadami realizacji danego projektu okre\u015blanymi przez podmiot finansuj\u0105cy.<\/p>\n<p>4. Szczeg\u00f3\u0142owe regulacje w tym zakresie okre\u015bla:<\/p>\n<ul>\n<li><em>Instrukcja w sprawie nale\u017cno\u015bci zwi\u0105zanych z podr\u00f3\u017cami s\u0142u\u017cbowymi pracownik\u00f3w, podr\u00f3\u017cami os\u00f3b nieb\u0119d\u0105cych pracownikami Uniwersytetu \u015al\u0105skiego i podr\u00f3\u017cami go\u015bci krajowych oraz zasad ich rozliczania oraz <\/em><\/li>\n<li><em>Regulamin kierowania pracownik\u00f3w, doktorant\u00f3w i student\u00f3w Uniwersytetu \u015al\u0105skiego w Katowicach za granic\u0119 w celach naukowych, dydaktycznych i szkoleniowych oraz przyjmowania go\u015bci z zagranicy<\/em>.<\/li>\n<\/ul>\n<div class=\"mt-3\"><a href=\"https:\/\/aktyprawne.us.edu.pl\/446-lista-dokumentow\/d\/8263\/5\/?reporef=%2F446-lista-dokumentow%2F\" class=\"link-button mr-3 \">Instrukcja w sprawie nale\u017cno\u015bci zwi\u0105zanych z podr\u00f3\u017cami s\u0142u\u017cbowymi | Zarz\u0105dzenie Rektora U\u015a nr 106\/2025<\/a><a href=\"https:\/\/aktyprawne.us.edu.pl\/423-lista\/d\/8264\/5\/\" class=\"link-button mr-3 \">Regulamin kierowania | Zarz\u0105dzenie Rektora U\u015a nr 107\/2025<\/a><\/div>\r\n                            <\/div>\r\n                            \r\n                            \r\n                        <\/div>\r\n                    <\/div>\r\n                <\/div>[\/vc_column][\/vc_row][vc_row][vc_column]<div class=\"container\"><div class=\"separator\" style=\"background-color: #EBEBEB\"><\/div><\/div>[\/vc_column][\/vc_row][vc_row][vc_column]\r\n                <div class=\"text-modules \">\r\n                    <div class=\"container\">\r\n                         \r\n                        <div class=\"row m-0\">\r\n                            <div class=\"text-modules__content\">\r\n                                 \r\n                                <div class=\"mt-3\"><a href=\"https:\/\/us.edu.pl\/pracownik\/wp-content\/uploads\/sites\/2\/pracownik\/Sprawy-miedzynarodowe\/Polityka-mobilnos%CC%81ci-US_27.06.2025.pdf\" class=\"mtli_attachment mtli_pdf\" class=\"link-button mr-3 \">Polityka mobilno\u015bci U\u015a<\/a><a href=\"https:\/\/aktyprawne.us.edu.pl\/446-lista-dokumentow\/d\/8261\/5\/?reporef=%2F446-lista-dokumentow%2F\" class=\"link-button mr-3 \">Pismo ok\u00f3lne Rektora nr 2\/2025<\/a><\/div>\r\n                            <\/div>\r\n                            \r\n                            \r\n                        <\/div>\r\n                    <\/div>\r\n                <\/div>[\/vc_column][\/vc_row]<\/p>","protected":false},"excerpt":{"rendered":"<p>[vc_row][vc_column][\/vc_column][\/vc_row][vc_row][vc_column][\/vc_column][\/vc_row][vc_row][vc_column][\/vc_column][\/vc_row][vc_row][vc_column][\/vc_column][\/vc_row][vc_row][vc_column][\/vc_column][\/vc_row][vc_row][vc_column][\/vc_column][\/vc_row][vc_row][vc_column][\/vc_column][\/vc_row][vc_row][vc_column][\/vc_column][\/vc_row][vc_row][vc_column][\/vc_column][\/vc_row][vc_row][vc_column][\/vc_column][\/vc_row] [&#8230;]<\/p>\n<p><a class=\"btn btn-secondary understrap-read-more-link\" href=\"https:\/\/us.edu.pl\/pracownik\/sprawy-miedzynarodowe\/mobilnosc-miedzynarodowa\/wyjazdy-zagraniczne\/polityka-mobilnosci-us\/\">Read More&#8230;<\/a><\/p>\n","protected":false},"author":41,"featured_media":0,"parent":9166,"menu_order":0,"comment_status":"closed","ping_status":"closed","template":"page-templates\/page-with-bookmarks.php","meta":{"_expiration-date-status":"","_expiration-date":0,"_expiration-date-type":"","_expiration-date-categories":[],"_expiration-date-options":[]},"acf":[],"_links":{"self":[{"href":"https:\/\/us.edu.pl\/pracownik\/wp-json\/wp\/v2\/pages\/38625"}],"collection":[{"href":"https:\/\/us.edu.pl\/pracownik\/wp-json\/wp\/v2\/pages"}],"about":[{"href":"https:\/\/us.edu.pl\/pracownik\/wp-json\/wp\/v2\/types\/page"}],"author":[{"embeddable":true,"href":"https:\/\/us.edu.pl\/pracownik\/wp-json\/wp\/v2\/users\/41"}],"replies":[{"embeddable":true,"href":"https:\/\/us.edu.pl\/pracownik\/wp-json\/wp\/v2\/comments?post=38625"}],"version-history":[{"count":10,"href":"https:\/\/us.edu.pl\/pracownik\/wp-json\/wp\/v2\/pages\/38625\/revisions"}],"predecessor-version":[{"id":38977,"href":"https:\/\/us.edu.pl\/pracownik\/wp-json\/wp\/v2\/pages\/38625\/revisions\/38977"}],"up":[{"embeddable":true,"href":"https:\/\/us.edu.pl\/pracownik\/wp-json\/wp\/v2\/pages\/9166"}],"wp:attachment":[{"href":"https:\/\/us.edu.pl\/pracownik\/wp-json\/wp\/v2\/media?parent=38625"}],"curies":[{"name":"wp","href":"https:\/\/api.w.org\/{rel}","templated":true}]}}

Polityka mobilności UŚ

<p>[vc_row][vc_column][/vc_column][/vc_row][vc_row][vc_column]
                <div class="text-modules ">
                    <div class="container">
                         
                        <div class="row m-0">
                            <div class="text-modules__content">
                                Niniejsza polityka wskazuje rozwiązania służące efektywnej i przyjaznej pracownikom i pracowniczkom organizacji wyjazdów służbowych w ramach działalności naukowej, dydaktycznej i organizacyjnej.<br />
Określone niżej priorytety mają na celu wdrożenie zmian sprzyjających podejmowaniu współpracy krajowej oraz międzynarodowej, przy jednoczesnym zapewnieniu bezpieczeństwa podróżujących i dążeniu do uproszczenia procedur formalnych.<br />
Polityka obejmuje zalecenia w zakresie korzystania z komunikacji publicznej, samochodu prywatnego oraz samolotu. Dodatkowo wskazuje się ułatwienia w zakresie łączenia życia rodzinnego z zawodowym w związku z wyjazdami służbowymi. 
                                <div class="mt-3"></div>
                            </div>
                            
                            
                        </div>
                    </div>
                </div>[/vc_column][/vc_row][vc_row][vc_column]<div class="container"><div class="separator" style="background-color: #EBEBEB"></div></div>[/vc_column][/vc_row][vc_row][vc_column]
                <div class="text-modules ">
                    <div class="container">
                         <h3 class="subtitle text-modules__subtitle">§ 1. Wybór środków transportu</h3>
                        <div class="row m-0">
                            <div class="text-modules__content">
                                1. Kierując się troską o bezpieczeństwo pracowników i pracowniczek, środowisko naturalne, oraz gospodarność w Uniwersytecie rekomenduje się i zaleca podróże środkami transportu publicznego. Z uzasadnionych powodów kierownik jednostki może wyrazić zgodę na podróż prywatnym samochodem. W tym przypadku przysługuje zwrot kosztów w wysokości do 100% kwoty określonej w odpowiednich przepisach prawa (tzw. kilometrówki), jednakże nie więcej niż równowartość 300 EURO.</p>
<p>2. Wyjazdy służbowe finansowane ze środków projektowych objęte są zasadami określonymi przez podmiot finansujący w ramach budżetu dostępnego w projekcie. W tych przypadkach stosuje się wytyczne danego projektu, a w razie ich braku powszechnie obowiązujące prawo nie uwzględniając wewnętrznych ograniczeń Uczelni.</p>
<p>3. Szczegółowe regulacje w tym zakresie określa:</p>
<ul>
<li><em>Instrukcja w sprawie należności związanych z podróżami służbowymi pracowników, podróżami osób niebędących pracownikami Uniwersytetu Śląskiego i podróżami gości krajowych oraz zasad ich rozliczania oraz </em></li>
<li><em>Regulamin kierowania pracowników, doktorantów i studentów Uniwersytetu Śląskiego w Katowicach za granicę w celach naukowych, dydaktycznych i szkoleniowych oraz przyjmowania gości z zagranicy</em>.</li>
</ul>
<div class="mt-3"><a href="https://aktyprawne.us.edu.pl/446-lista-dokumentow/d/8263/5/?reporef=%2F446-lista-dokumentow%2F" class="link-button mr-3 ">Instrukcja w sprawie należności związanych z podróżami służbowymi</a><a href="https://aktyprawne.us.edu.pl/423-lista/d/8264/5/" class="link-button mr-3 ">Regulamin kierowania | Zarządzenie Rektora UŚ nr 107/2025</a></div>
                            </div>
                            
                            
                        </div>
                    </div>
                </div>[/vc_column][/vc_row][vc_row][vc_column]<div class="container"><div class="separator" style="background-color: #EBEBEB"></div></div>[/vc_column][/vc_row][vc_row][vc_column]
                <div class="text-modules ">
                    <div class="container">
                         <h3 class="subtitle text-modules__subtitle">§ 2. Dobrowolność korzystania z pośrednictwa biura podróży przy realizacji wyjazdów zagranicznych</h3>
                        <div class="row m-0">
                            <div class="text-modules__content">
                                1. Uniwersytet korzysta ze wsparcia wyspecjalizowanego biura podróży pomagającego w zakupie biletów lotniczych, kolejowych i autobusowych oraz organizacji podróży zagranicznych. Korzystanie z jego usług jest jednak dobrowolne. Pracownik może dokonać zakupu za pośrednictwem biura lub samodzielnie kupić bilet na podróż zagraniczną u przewoźnika (np. w linii lotniczej). Zakup poprzez biuro podróży zapewnia wsparcie w razie odwołania lotu lub innych podobnych sytuacji awaryjnych. Dokonując samodzielnego zakupu pracownik otrzymuje zwrot kosztu zakupionego biletu po zrealizowaniu i rozliczeniu całości kosztów wyjazdu. Decydując się na samodzielny zakup biletów pracownik jest zobowiązany kierować się względami gospodarności i celowości wydatkowania środków publicznych. W przypadku rażąco wysokiej ceny biletu, zakupionego z naruszeniem tych zasad, zwrot może zostać dokonany w wysokości odpowiadającej uzasadnionej cenie biletu na danej trasie.</p>
<p>2. Warunkiem zwrotu kosztów zakupionego biletu jest złożenie przed wyjazdem zaakceptowanego Wniosku o wyjazd za granicę oraz przedstawienie razem z rozliczeniem wyjazdu imiennej faktury lub imiennego biletu. Podobne zasady obowiązują przy zakupie wizy.</p>
<p>3. W przypadku wyjazdów finansowanych ze źródeł zewnętrznych, w szczególności grantów krajowych i europejskich, zakup biletu i wizy podlega zasadom określonym przez podmiot finansujący dla danego rodzaju projektów.</p>
<p>4. Szczegółowe regulacje w tym zakresie określa:</p>
<ul>
<li><em>pismo okólne Rektora UŚ nr 3/2025 w sprawie zmiany procedury oraz określenia zasad zakupu biletów lotniczych, kolejowych, autobusowych, promowych oraz usługi wizowania paszportów na wyjazdy za granicę pracowników, doktorantów, studentów Uniwersytetu Śląskiego w Katowicach oraz osób niebędących pracownikami</em>.</li>
</ul>
<div class="mt-3"><a href="https://aktyprawne.us.edu.pl/446-lista-dokumentow/d/8262/5/?reporef=%2F446-lista-dokumentow%2F" class="link-button mr-3 ">Pismo okólne Rektora UŚ nr 3/2025</a></div>
                            </div>
                            
                            
                        </div>
                    </div>
                </div>[/vc_column][/vc_row][vc_row][vc_column]<div class="container"><div class="separator" style="background-color: #EBEBEB"></div></div>[/vc_column][/vc_row][vc_row][vc_column]
                <div class="text-modules ">
                    <div class="container">
                         <h3 class="subtitle text-modules__subtitle">§ 3. Łączenie celów podróży służbowej i prywatnej</h3>
                        <div class="row m-0">
                            <div class="text-modules__content">
                                1. W trosce o równowagę między życiem rodzinnym i pracą Uniwersytet umożliwia podróżowanie służbowe wraz z rodziną lub innymi osobami towarzyszącymi. Uniwersytet dopuszcza również łączenie wyjazdów służbowych z urlopami wypoczynkowymi.</p>
<p>2. W przypadku takich podróży służbowych możliwe jest rozliczenie kosztów pobytu wyłącznie osoby delegowanej, na podstawie udokumentowanych przez pracownika kosztów noclegu w danym obiekcie dla jednej osoby. W przypadku łączenia delegacji z pobytem prywatnym, dodatkowe dni spędzone w danym miejscu wymagają uzyskania urlopu wypoczynkowego i nie stanowią części pobytu służbowego (nie są więc objęte ubezpieczeniem zapewnianym przez pracodawcę). Uniwersytet nie ponosi odpowiedzialności za bezpieczeństwo współuczestników podróży.</p>
<p>3. W przypadku wyjazdów finansowanych ze źródeł zewnętrznych, odbycie wyjazdu służbowego łączonego z wyjazdem prywatnym może mieć miejsce pod warunkiem, że nie jest sprzeczne z zasadami realizacji danego projektu określanymi przez podmiot finansujący.</p>
<p>4. Szczegółowe regulacje w tym zakresie określa:</p>
<ul>
<li><em>Instrukcja w sprawie należności związanych z podróżami służbowymi pracowników, podróżami osób niebędących pracownikami Uniwersytetu Śląskiego i podróżami gości krajowych oraz zasad ich rozliczania oraz </em></li>
<li><em>Regulamin kierowania pracowników, doktorantów i studentów Uniwersytetu Śląskiego w Katowicach za granicę w celach naukowych, dydaktycznych i szkoleniowych oraz przyjmowania gości z zagranicy</em>.</li>
</ul>
<div class="mt-3"><a href="https://aktyprawne.us.edu.pl/446-lista-dokumentow/d/8263/5/?reporef=%2F446-lista-dokumentow%2F" class="link-button mr-3 ">Instrukcja w sprawie należności związanych z podróżami służbowymi | Zarządzenie Rektora UŚ nr 106/2025</a><a href="https://aktyprawne.us.edu.pl/423-lista/d/8264/5/" class="link-button mr-3 ">Regulamin kierowania | Zarządzenie Rektora UŚ nr 107/2025</a></div>
                            </div>
                            
                            
                        </div>
                    </div>
                </div>[/vc_column][/vc_row][vc_row][vc_column]<div class="container"><div class="separator" style="background-color: #EBEBEB"></div></div>[/vc_column][/vc_row][vc_row][vc_column]
                <div class="text-modules ">
                    <div class="container">
                         
                        <div class="row m-0">
                            <div class="text-modules__content">
                                 
                                <div class="mt-3"><a href="https://us.edu.pl/pracownik/wp-content/uploads/sites/2/pracownik/Sprawy-miedzynarodowe/Polityka-mobilnos%CC%81ci-US_27.06.2025.pdf" class="mtli_attachment mtli_pdf" class="link-button mr-3 ">Polityka mobilności UŚ</a><a href="https://aktyprawne.us.edu.pl/446-lista-dokumentow/d/8261/5/?reporef=%2F446-lista-dokumentow%2F" class="link-button mr-3 ">Pismo okólne Rektora nr 2/2025</a></div>
                            </div>
                            
                            
                        </div>
                    </div>
                </div>[/vc_column][/vc_row]</p>
