{"id":38653,"date":"2025-07-02T10:34:14","date_gmt":"2025-07-02T08:34:14","guid":{"rendered":"https:\/\/us.edu.pl\/pracownik\/?page_id=38653"},"modified":"2025-07-09T14:34:10","modified_gmt":"2025-07-09T12:34:10","slug":"samodzielny-zakup-biletow","status":"publish","type":"page","link":"https:\/\/us.edu.pl\/pracownik\/sprawy-miedzynarodowe\/mobilnosc-miedzynarodowa\/wyjazdy-zagraniczne\/samodzielny-zakup-biletow\/","title":{"rendered":"Samodzielny zakup bilet\u00f3w i us\u0142ugi wizowania paszport\u00f3w na wyjazd za granic\u0119"},"content":{"rendered":"<p>[vc_row][vc_column][\/vc_column][\/vc_row][vc_row][vc_column]\r\n                <div class=\"text-modules\">\r\n                    <div class=\"container\">\r\n                        \r\n                        <div class=\"text-modules__content\"><p>Osoba wyje\u017cd\u017caj\u0105ca mo\u017ce samodzielnie zakupi\u0107 bilety oraz wiz\u0119 z w\u0142asnych \u015brodk\u00f3w u dowolnego przewo\u017anika, w dowolnie wybranym biurze podr\u00f3\u017cy lub poprzez portal rezerwacyjny. Decyzja w zakresie wydatkowania w\u0142asnych \u015brodk\u00f3w nale\u017cy do osoby realizuj\u0105cej zakup.<\/p>\n<p>Zaleca si\u0119 dokonywania samodzielnego zakupu biletu bezpo\u015brednio u przewo\u017anika.<\/p>\n<p>W przypadku dokonania zakupu przed akceptacj\u0105 <em>Wniosku o wyjazd za granic\u0119<\/em>, osoba wyje\u017cd\u017caj\u0105ca ponosi koszty tego zakupu, je\u015bli <em>Wniosek<\/em> nie zostanie zaakceptowany.<\/p>\n<p>Osoba wyje\u017cd\u017caj\u0105ca ponosi pe\u0142n\u0105 odpowiedzialno\u015b\u0107 za podr\u00f3\u017c i w razie potrzeby sama dokonuje zmian, kontaktuj\u0105c si\u0119 z przewo\u017anikiem.<\/p>\n<p>Daty przejazdu powinny by\u0107 zgodne z terminem pobytu na <em>Wniosku o wyjazd za granic\u0119<\/em>.<\/p>\n<\/div>\r\n                    <\/div>\r\n                <\/div>[\/vc_column][\/vc_row][vc_row][vc_column]<div class=\"container\"><div class=\"separator\" style=\"background-color: #EBEBEB\"><\/div><\/div>[\/vc_column][\/vc_row][vc_row][vc_column width=&#8221;1\/2&#8243;]\r\n                <div class=\"text-modules\">\r\n                    <div class=\"container\">\r\n                        \r\n                        <div class=\"text-modules__content\"><p><strong>Zwrot poniesionych koszt\u00f3w za samodzielnie zakupione bilety nast\u0119puje po zako\u0144czeniu wyjazdu<\/strong>, na podstawie do\u0142\u0105czonych do rozliczenia wyjazdu:<\/p>\n<ul>\n<li>imiennej faktury wystawionej na osob\u0119 wyje\u017cd\u017caj\u0105c\u0105<br \/>\nlub<\/li>\n<li>imiennego biletu.<\/li>\n<\/ul>\n<p>Dokument powinien zawiera\u0107:<\/p>\n<ul>\n<li>imi\u0119 i nazwisko osoby wyje\u017cd\u017caj\u0105cej,<\/li>\n<li>numer i dat\u0119 wystawienia,<\/li>\n<li>rodzaj us\u0142ugi,<\/li>\n<li>destynacj\u0119,<\/li>\n<li>klas\u0119 biletu,<\/li>\n<li>dat\u0119 i godzin\u0119 rozpocz\u0119cia oraz zako\u0144czenia podr\u00f3\u017cy,<\/li>\n<li>kwot\u0119 nale\u017cno\u015bci.<\/li>\n<\/ul>\n<p>\n<\/div>\r\n                    <\/div>\r\n                <\/div>[\/vc_column][vc_column width=&#8221;1\/2&#8243;]\r\n                <div class=\"text-modules\">\r\n                    <div class=\"container\">\r\n                        \r\n                        <div class=\"text-modules__content\"><p><strong>W przypadku samodzielnego zakupu wizy, zwrot poniesionych koszt\u00f3w nast\u0119puje po zako\u0144czeniu wyjazdu<\/strong> na podstawie do\u0142\u0105czonych do rozliczenia wyjazdu:<\/p>\n<ul>\n<li>potwierdzenia wp\u0142aty, rachunku<br \/>\nlub<\/li>\n<li>faktury.<\/li>\n<\/ul>\n<p>Dokument powinien zawiera\u0107:<\/p>\n<ul>\n<li>imi\u0119 i nazwisko,<\/li>\n<li>kwot\u0119,<\/li>\n<li>dat\u0119,<\/li>\n<li>nazw\u0119 kraju.<\/li>\n<\/ul>\n<p>\n<\/div>\r\n                    <\/div>\r\n                <\/div>[\/vc_column][\/vc_row][vc_row][vc_column width=&#8221;1\/2&#8243;]<div class=\"container\"><div class=\"separator\" style=\"background-color: #EBEBEB\"><\/div><\/div>[\/vc_column][vc_column width=&#8221;1\/2&#8243;]<div class=\"container\"><div class=\"separator\" style=\"background-color: #EBEBEB\"><\/div><\/div>[\/vc_column][\/vc_row][vc_row][vc_column]\r\n                <div class=\"text-modules \">\r\n                    <div class=\"container\">\r\n                         \r\n                        <div class=\"row m-0\">\r\n                            <div class=\"text-modules__content\">\r\n                                Je\u017celi podr\u00f3\u017c odbywa si\u0119 w ramach projekt\u00f3w dofinansowanych ze \u017ar\u00f3de\u0142 zewn\u0119trznych, zakup biletu i wizy musi by\u0107 dokonany zgodnie z obowi\u0105zuj\u0105cymi<br \/>\nw danym projekcie przepisami.<\/p>\n<p>Je\u015bli planowana warto\u015b\u0107 zakupu biletu na 1 osob\u0119 lub grup\u0119 os\u00f3b podr\u00f3\u017cuj\u0105c\u0105 tym samym po\u0142\u0105czeniem przekracza 10 000,00 PLN netto, konieczne jest przeprowadzenie przez osob\u0119 wyje\u017cd\u017caj\u0105c\u0105 udokumentowanego rozeznania rynku zgodnie z obowi\u0105zuj\u0105cym\u00a0<a href=\"https:\/\/aktyprawne.us.edu.pl\/446-lista-dokumentow\/d\/4988\/5\/?reporef=%2F446-lista-dokumentow%2F\">Regulaminem ubiegania si\u0119 i udzielania zam\u00f3wie\u0144 publicznych przez Uniwersytet \u015al\u0105ski w Katowicach<\/a>, zgodnie z przyj\u0119tymi progami lub zakup za po\u015brednictwem biura. Do rozliczenia nale\u017cy do\u0142\u0105czy\u0107 minimum 3 oferty po\u0142\u0105cze\u0144 na wybrany termin i tras\u0119 lub zrzuty z ekranu z wyszukiwarki\u00a0 po\u0142\u0105cze\u0144.<\/p>\n<p>W przypadkach nasuwaj\u0105cych w\u0105tpliwo\u015bci, w szczeg\u00f3lno\u015bci ra\u017c\u0105co wysokiej ceny biletu, uczelnia mo\u017ce za\u017c\u0105da\u0107 udokumentowania spe\u0142nienia warunku oszcz\u0119dnego i celowego wydatkowania \u015brodk\u00f3w na zakup bilet\u00f3w, w szczeg\u00f3lno\u015bci wyboru sprzedawcy, rodzaju biletu i mo\u017cliwych do uzyskania cen.<\/p>\n<p>W przypadku stwierdzenia naruszenia powy\u017cszych zasad \u015brodki wydatkowane na zakup biletu mog\u0105 nie zosta\u0107 rozliczone lub zosta\u0107 rozliczone jedynie w uzasadnionej cz\u0119\u015bci. \r\n                                <div class=\"mt-3\"><\/div>\r\n                            <\/div>\r\n                            \r\n                            \r\n                        <\/div>\r\n                    <\/div>\r\n                <\/div>[\/vc_column][\/vc_row]<\/p>","protected":false},"excerpt":{"rendered":"<p>[vc_row][vc_column][\/vc_column][\/vc_row][vc_row][vc_column][\/vc_column][\/vc_row][vc_row][vc_column][\/vc_column][\/vc_row][vc_row][vc_column width=&#8221;1\/2&#8243;][\/vc_column][vc_column width=&#8221;1\/2&#8243;][\/vc_column][\/vc_row][vc_row][vc_column width=&#8221;1\/2&#8243;][\/vc_column][vc_column width=&#8221;1\/2&#8243;][\/vc_column][\/vc_row][vc_row][vc_column][\/vc_column][\/vc_row] [&#8230;]<\/p>\n<p><a class=\"btn btn-secondary understrap-read-more-link\" href=\"https:\/\/us.edu.pl\/pracownik\/sprawy-miedzynarodowe\/mobilnosc-miedzynarodowa\/wyjazdy-zagraniczne\/samodzielny-zakup-biletow\/\">Read More&#8230;<\/a><\/p>\n","protected":false},"author":41,"featured_media":0,"parent":9166,"menu_order":0,"comment_status":"closed","ping_status":"closed","template":"page-templates\/page-with-bookmarks.php","meta":{"_expiration-date-status":"","_expiration-date":0,"_expiration-date-type":"","_expiration-date-categories":[],"_expiration-date-options":[]},"acf":[],"_links":{"self":[{"href":"https:\/\/us.edu.pl\/pracownik\/wp-json\/wp\/v2\/pages\/38653"}],"collection":[{"href":"https:\/\/us.edu.pl\/pracownik\/wp-json\/wp\/v2\/pages"}],"about":[{"href":"https:\/\/us.edu.pl\/pracownik\/wp-json\/wp\/v2\/types\/page"}],"author":[{"embeddable":true,"href":"https:\/\/us.edu.pl\/pracownik\/wp-json\/wp\/v2\/users\/41"}],"replies":[{"embeddable":true,"href":"https:\/\/us.edu.pl\/pracownik\/wp-json\/wp\/v2\/comments?post=38653"}],"version-history":[{"count":7,"href":"https:\/\/us.edu.pl\/pracownik\/wp-json\/wp\/v2\/pages\/38653\/revisions"}],"predecessor-version":[{"id":39096,"href":"https:\/\/us.edu.pl\/pracownik\/wp-json\/wp\/v2\/pages\/38653\/revisions\/39096"}],"up":[{"embeddable":true,"href":"https:\/\/us.edu.pl\/pracownik\/wp-json\/wp\/v2\/pages\/9166"}],"wp:attachment":[{"href":"https:\/\/us.edu.pl\/pracownik\/wp-json\/wp\/v2\/media?parent=38653"}],"curies":[{"name":"wp","href":"https:\/\/api.w.org\/{rel}","templated":true}]}}