{"id":41334,"date":"2025-11-04T09:22:45","date_gmt":"2025-11-04T08:22:45","guid":{"rendered":"https:\/\/us.edu.pl\/pracownik\/?page_id=41334"},"modified":"2025-11-06T08:39:19","modified_gmt":"2025-11-06T07:39:19","slug":"posiedzenie-komisji-06-11-2025","status":"publish","type":"page","link":"https:\/\/us.edu.pl\/pracownik\/sprawy-dydaktyczne\/senacka-komisja-ds-ksztalcenia\/senacka-komisja-ds-ksztalcenia-sklad-komisji\/kadencja-2024-2028\/posiedzenie-komisji-06-11-2025\/","title":{"rendered":"Posiedzenie komisji &#8211; 06.11.2025"},"content":{"rendered":"<p>[vc_row][vc_column]\r\n                <div class=\"text-modules\">\r\n                    <div class=\"container\">\r\n                        <h3 class=\"page-title text__title\">Posiedzenie Komisji ds. kszta\u0142cenia i student\u00f3w - 06 listopada 2025 r.<\/h3>\r\n                        <div class=\"text-modules__content\"><p>Posiedzenie Komisji ds. kszta\u0142cenia i student\u00f3w, kt\u00f3re odb\u0119dzie si\u0119 w <strong>czwartek 6 listopada 2025 r. o godz. 10.00<\/strong> w sali 1.20 w budynku Rektoratu Uniwersytetu \u015al\u0105skiego.<\/p>\n<p><strong>Planowany porz\u0105dek posiedzenia:<\/strong><br \/>\n1. Komunikaty Prorektorki ds. studenckich i kszta\u0142cenia.<br \/>\n2. Przyj\u0119cie wzoru procedur <a href=\"https:\/\/us.edu.pl\/pracownik\/wp-content\/uploads\/sites\/2\/Editor\/sprawy-dydatktyczne\/Komisja-ksztalcenia\/Kadencja-2024-2028\/20252026\/6-listopada\/Jakosc-Ksztalcenia_SP.docx\" class=\"mtli_attachment mtli_docx\" data-mtli=\"mtli_filesize222,68kB\" class=\"mtli_attachment mtli_docx\" data-mtli=\"mtli_filesize222,68kB\">Systemu Zapewniania Jako\u015bci Kszta\u0142cenia dla program\u00f3w studi\u00f3w podyplomowych w Uniwersytecie \u015al\u0105skim w Katowicach<\/a><br \/>\n3. Rekrutacja w Uniwersytecie \u015al\u0105skim kandydat\u00f3w na studia na rok akademicki 2025\/2026 \u2013 <a href=\"https:\/\/us.edu.pl\/pracownik\/wp-content\/uploads\/sites\/2\/Editor\/sprawy-dydatktyczne\/Komisja-ksztalcenia\/Kadencja-2024-2028\/20252026\/6-listopada\/Rekrutacja-2025-2026.pptx\">statystyki, analizy, wnioski<\/a>.<br \/>\n4. Opiniowanie Uchwa\u0142y Senatu Uniwersytetu \u015al\u0105skiego w Katowicach <a href=\"https:\/\/us.edu.pl\/pracownik\/wp-content\/uploads\/sites\/2\/Editor\/sprawy-dydatktyczne\/Komisja-ksztalcenia\/Kadencja-2024-2028\/20252026\/6-listopada\/Zmiana-do-uchwaly_rekrutacyjnej_r_ak_2025_2026.docx\" class=\"mtli_attachment mtli_docx\" data-mtli=\"mtli_filesize17,51kB\" class=\"mtli_attachment mtli_docx\" data-mtli=\"mtli_filesize17,51kB\">zmieniaj\u0105cej uchwa\u0142\u0119 w sprawie warunk\u00f3w i trybu rekrutacji na I rok studi\u00f3w w Uniwersytecie \u015al\u0105skim w roku akademickim 2025\/2026<\/a><br \/>\n5. Opinia do wniosku w sprawie ustalenia programu studi\u00f3w dla nowego kierunku studi\u00f3w: <a href=\"https:\/\/us.edu.pl\/pracownik\/wp-content\/uploads\/sites\/2\/Editor\/sprawy-dydatktyczne\/Komisja-ksztalcenia\/Kadencja-2024-2028\/20252026\/6-listopada\/Kontrola-jakosci-materialow-i-wyrobow-2.zip\">Kontrola jako\u015bci materia\u0142\u00f3w i wyrob\u00f3w<\/a>, studia stacjonarne II stopnia (III-semestralne) na Wydziale Nauk \u015acis\u0142ych i Technicznych od roku akademickiego 2025\/2026.<br \/>\n6. Opinia do wniosku w sprawie ustalenia programu studi\u00f3w dla nowego kierunku studi\u00f3w: <a href=\"https:\/\/us.edu.pl\/pracownik\/wp-content\/uploads\/sites\/2\/Editor\/sprawy-dydatktyczne\/Komisja-ksztalcenia\/Kadencja-2024-2028\/20252026\/6-listopada\/Projektowanie-w-przemyslach-kreatywnych-1.zip\">Projektowanie w sektorach kreatywnych<\/a>, studia stacjonarne I stopnia na Wydziale Sztuki i Nauk o Edukacji od roku akademickiego 2026\/2027.<br \/>\n7. <a href=\"https:\/\/us.edu.pl\/pracownik\/wp-content\/uploads\/sites\/2\/Editor\/sprawy-dydatktyczne\/Komisja-ksztalcenia\/Kadencja-2024-2028\/20252026\/6-listopada\/Ksztalcenie-ogolnouniwersteckie-2025-2026.pptx\">Realizacja zaj\u0119\u0107 og\u00f3lnouniwersyteckich w roku akademickim 2025\/2026 oraz 2026\/2027<\/a><\/p>\n<style type=\"text\/css\">a[data-mtli~=\"mtli_filesize222,68kB\"]:after {content:\" (222,68 kB)\"}a[data-mtli~=\"mtli_filesize17,51kB\"]:after {content:\" (17,51 kB)\"}<\/style><\/div>\r\n                    <\/div>\r\n                <\/div>[\/vc_column][\/vc_row]<\/p>\n<style type=\"text\/css\">a[data-mtli~=\"mtli_filesize222,68kB\"]:after {content:\" (222,68 kB)\"}a[data-mtli~=\"mtli_filesize17,51kB\"]:after {content:\" (17,51 kB)\"}<\/style>","protected":false},"excerpt":{"rendered":"<p>[vc_row][vc_column][\/vc_column][\/vc_row] [&#8230;]<\/p>\n<p><a class=\"btn btn-secondary understrap-read-more-link\" href=\"https:\/\/us.edu.pl\/pracownik\/sprawy-dydaktyczne\/senacka-komisja-ds-ksztalcenia\/senacka-komisja-ds-ksztalcenia-sklad-komisji\/kadencja-2024-2028\/posiedzenie-komisji-06-11-2025\/\">Read More&#8230;<\/a><\/p>\n","protected":false},"author":5108,"featured_media":0,"parent":27904,"menu_order":-48,"comment_status":"closed","ping_status":"closed","template":"page-templates\/inner-page.php","meta":{"_expiration-date-status":"saved","_expiration-date":0,"_expiration-date-type":"","_expiration-date-categories":[],"_expiration-date-options":[]},"acf":[],"_links":{"self":[{"href":"https:\/\/us.edu.pl\/pracownik\/wp-json\/wp\/v2\/pages\/41334"}],"collection":[{"href":"https:\/\/us.edu.pl\/pracownik\/wp-json\/wp\/v2\/pages"}],"about":[{"href":"https:\/\/us.edu.pl\/pracownik\/wp-json\/wp\/v2\/types\/page"}],"author":[{"embeddable":true,"href":"https:\/\/us.edu.pl\/pracownik\/wp-json\/wp\/v2\/users\/5108"}],"replies":[{"embeddable":true,"href":"https:\/\/us.edu.pl\/pracownik\/wp-json\/wp\/v2\/comments?post=41334"}],"version-history":[{"count":10,"href":"https:\/\/us.edu.pl\/pracownik\/wp-json\/wp\/v2\/pages\/41334\/revisions"}],"predecessor-version":[{"id":41357,"href":"https:\/\/us.edu.pl\/pracownik\/wp-json\/wp\/v2\/pages\/41334\/revisions\/41357"}],"up":[{"embeddable":true,"href":"https:\/\/us.edu.pl\/pracownik\/wp-json\/wp\/v2\/pages\/27904"}],"wp:attachment":[{"href":"https:\/\/us.edu.pl\/pracownik\/wp-json\/wp\/v2\/media?parent=41334"}],"curies":[{"name":"wp","href":"https:\/\/api.w.org\/{rel}","templated":true}]}}