{"id":41489,"date":"2025-11-17T13:22:52","date_gmt":"2025-11-17T12:22:52","guid":{"rendered":"https:\/\/us.edu.pl\/pracownik\/?page_id=41489"},"modified":"2026-03-11T14:00:51","modified_gmt":"2026-03-11T13:00:51","slug":"o-komisji-etyki-ds-badan-naukowych","status":"publish","type":"page","link":"https:\/\/us.edu.pl\/pracownik\/komisja-etyki-ds-badan-naukowych\/o-komisji-etyki-ds-badan-naukowych\/","title":{"rendered":"O Komisji Etyki ds. bada\u0144 naukowych"},"content":{"rendered":"<p>[vc_row][vc_column][\/vc_column][\/vc_row][vc_row][vc_column width=&#8221;1\/2&#8243;]\r\n                <div class='sidebar_moduls sidebar_links color-blue' style='background-color: #EBEBEB'>\r\n                    <h3>Akt powo\u0142ania Komisji Etyki U\u015a ds. bada\u0144 naukowych<\/h3>\r\n                    <ul class='angle-list'>\r\n                    <li><a href=\"https:\/\/us.edu.pl\/pracownik\/wp-content\/uploads\/sites\/2\/pracownik\/komisja-etyki-sig.pdf\" class=\"mtli_attachment mtli_pdf\" data-mtli=\"mtli_filesize470,21kB\">Powo\u0142anie<\/a><\/li>\r\n                <\/ul>\r\n            <\/div>[\/vc_column][vc_column width=&#8221;1\/2&#8243;]\r\n                <div class='sidebar_moduls sidebar_links color-blue' style='background-color: #EBEBEB'>\r\n                    <h3>Regulamin Komisji Etyki U\u015a ds. bada\u0144 naukowych<\/h3>\r\n                    <ul class='angle-list'>\r\n                    <li><a href=\"https:\/\/us.edu.pl\/pracownik\/wp-content\/uploads\/sites\/2\/pracownik\/Regulamin-Komisji-Etyki-US-2024.pdf\" class=\"mtli_attachment mtli_pdf\" data-mtli=\"mtli_filesize94,48kB\">Regulamin<\/a><\/li>\r\n                <\/ul>\r\n            <\/div>[\/vc_column][\/vc_row][vc_row][vc_column width=&#8221;1\/2&#8243;]<div class=\"container\"><div class=\"separator\" style=\"background-color: #EBEBEB\"><\/div><\/div>[\/vc_column][vc_column width=&#8221;1\/2&#8243;]<div class=\"container\"><div class=\"separator\" style=\"background-color: #EBEBEB\"><\/div><\/div>[\/vc_column][\/vc_row][vc_row][vc_column]\r\n                <div class=\"text-modules \">\r\n                    <div class=\"container\">\r\n                         \r\n                        <div class=\"row m-0\">\r\n                            <div class=\"text-modules__content\">\r\n                                <\/p>\n<h4><span style=\"font-family: verdana, geneva, sans-serif;\"><strong><span class=\"Y2IQFc\" lang=\"en\" style=\"font-size: 24pt;\">Sk\u0142ad Komisji<\/span><\/strong><\/span><\/h4>\n<div class=\"mt-3\"><\/div>\r\n                            <\/div>\r\n                            \r\n                            \r\n                        <\/div>\r\n                    <\/div>\r\n                <\/div>[\/vc_column][\/vc_row][vc_row][vc_column]\r\n                <div class=\"text-modules reverse\">\r\n                    <div class=\"container\">\r\n                         <h3 class=\"subtitle text-modules__subtitle\">dr hab. Monika Jagielska, prof. U\u015a \u2013 Wydzia\u0142 Prawa i Administracji \u2013 przewodnicz\u0105ca<\/h3>\r\n                        <div class=\"row m-0\">\r\n                            <div class=\"text-modules__content\">\r\n                                Profesor w Instytucie Nauk Prawnych Wydzia\u0142u Prawa i Administracji Uniwersytetu \u015al\u0105skiego w Katowicach. Ekspertka i recenzentka w zakresie etyki w badaniach z udzia\u0142em ludzi w projektach Komisji Europejskiej (m.in. FP7, Horyzont 2020, Horyzont Europa). Wiceprzewodnicz\u0105ca panel\u00f3w eksperckich oceniaj\u0105cych kwestie etyczne w konkursach Komisji Europejskiej H2020 i Horyzont Europa, inicjatywa Marie Curie. Od 2022 Przewodnicz\u0105ca Komisji Etyki ds. bada\u0144 z udzia\u0142em ludzi w Uniwersytecie \u015al\u0105skim w Katowicach.<\/p>\n<p><strong>Kontakt:<\/strong> <a href=\"https:\/\/ab.us.edu.pl\/emp?id=9202\" target=\"_blank\" rel=\"noopener\">https:\/\/ab.us.edu.pl\/emp?id=9202<\/a> \r\n                                <div class=\"mt-3\"><\/div>\r\n                            <\/div>\r\n                            \r\n                            <div class=\"text-modules__img\"><a href=\"https:\/\/ab.us.edu.pl\/emp?id=9202\" target=\"_blank\"><img src=\"https:\/\/us.edu.pl\/pracownik\/wp-content\/uploads\/sites\/2\/pracownik\/1Monika_Jagielska-150x150.jpg\" alt=\"img\"><\/a><\/div>\r\n                        <\/div>\r\n                    <\/div>\r\n                <\/div>[\/vc_column][\/vc_row][vc_row][vc_column]<div class=\"container\"><div class=\"separator\" style=\"background-color: #EBEBEB\"><\/div><\/div>[\/vc_column][\/vc_row][vc_row][vc_column]\r\n                <div class=\"text-modules reverse\">\r\n                    <div class=\"container\">\r\n                         <h3 class=\"subtitle text-modules__subtitle\">dr Anna Ko\u0142odziej-Zaleska, prof. U\u015a \u2013 Wydzia\u0142 Nauk Spo\u0142ecznych \u2013 zast\u0119pca przewodnicz\u0105cej<\/h3>\r\n                        <div class=\"row m-0\">\r\n                            <div class=\"text-modules__content\">\r\n                                Profesor U\u015a w Instytucie Psychologii, psycholog kliniczny. W latach 2020-2024 pe\u0142ni\u0142a funkcj\u0119 Sekretarza Komisji Etyki Uniwersytetu \u015al\u0105skiego. Jej praca naukowa koncentruje si\u0119 g\u0142\u00f3wnie na problematyce kryzys\u00f3w rodzinnych i trudno\u015bci rozwojowych do\u015bwiadczanych w kontek\u015bcie systemu rodzinnego, z uwzgl\u0119dnieniem znaczenia zasob\u00f3w indywidualnych i spo\u0142ecznych. Zdobyte do\u015bwiadczenie zawodowe obejmuje szpitale, przychodnie, poradnie, szko\u0142y i przedszkola. Dzia\u0142ania praktyczne wi\u0105\u017c\u0105 si\u0119 z diagnoz\u0105 rodzic\u00f3w i dzieci (zw\u0142aszcza z rodzin zast\u0119pczych, rodzin rozwiedzionych i zrekonstruowanych) oraz poradnictwem rodzicielskim.<\/p>\n<p>Dorobek naukowy zawiera artyku\u0142y publikowane w czasopismach naukowych, wsp\u00f3\u0142prac\u0119 mi\u0119dzynarodow\u0105 i interdyscyplinarn\u0105, ksi\u0105\u017cki, rozdzia\u0142y w ksi\u0105\u017ckach oraz konferencje naukowe. Badania naukowe skupiaj\u0105 si\u0119 na zdrowiu psychicznym os\u00f3b do\u015bwiadczaj\u0105cych normatywnych i nienormatywnych kryzys\u00f3w \u017cyciowych. Posiada do\u015bwiadczenie przede wszystkim w prowadzeniu bada\u0144 z udzia\u0142em kobiet w ci\u0105\u017cy i po porodzie, rodzic\u00f3w po rozwodzie i tworz\u0105cych rodziny zrekonstruowane, rodzic\u00f3w zast\u0119pczych, rodzic\u00f3w dzieci niepe\u0142nosprawnych oraz adolescent\u00f3w z niepe\u0142nosprawno\u015bciami i trudno\u015bciami rozwojowymi.<\/p>\n<p><strong>Kontakt:<\/strong> <a href=\"https:\/\/ab.us.edu.pl\/emp?id=42201\" target=\"_blank\" rel=\"noopener\">https:\/\/ab.us.edu.pl\/emp?id=42201<\/a> \r\n                                <div class=\"mt-3\"><\/div>\r\n                            <\/div>\r\n                            \r\n                            <div class=\"text-modules__img\"><a href=\"https:\/\/ab.us.edu.pl\/emp?id=42201\" target=\"_blank\"><img src=\"https:\/\/us.edu.pl\/pracownik\/wp-content\/uploads\/sites\/2\/pracownik\/1Anna_Kolodziej_Zaleska-150x150.jpg\" alt=\"img\"><\/a><\/div>\r\n                        <\/div>\r\n                    <\/div>\r\n                <\/div>[\/vc_column][\/vc_row][vc_row][vc_column]<div class=\"container\"><div class=\"separator\" style=\"background-color: #EBEBEB\"><\/div><\/div>[\/vc_column][\/vc_row][vc_row][vc_column]\r\n                <div class=\"text-modules reverse\">\r\n                    <div class=\"container\">\r\n                         <h3 class=\"subtitle text-modules__subtitle\">dr Magdalena Sitko-Dominik \u2013 Wydzia\u0142 Nauk Spo\u0142ecznych \u2013 sekretarz<\/h3>\r\n                        <div class=\"row m-0\">\r\n                            <div class=\"text-modules__content\">\r\n                                Doktorka nauk spo\u0142ecznych w dyscyplinie psychologia. Pracuje na stanowisku adiunkta w Instytucie Psychologii Uniwersytetu \u015al\u0105skiego, gdzie od dekady prowadzi badania naukowe z udzia\u0142em ludzi oraz zaj\u0119cia dydaktyczne. Jej zainteresowania naukowe dotycz\u0105 psychologii bliskich zwi\u0105zk\u00f3w, psychologii spo\u0142ecznej oraz uwarunkowa\u0144 zespo\u0142u stresu pourazowego w s\u0142u\u017cbach ratowniczych.<\/p>\n<p><strong>Kontakt:<\/strong> <a href=\"https:\/\/ab.us.edu.pl\/emp?id=48972\" target=\"_blank\" rel=\"noopener\">https:\/\/ab.us.edu.pl\/emp?id=48972<\/a> \r\n                                <div class=\"mt-3\"><\/div>\r\n                            <\/div>\r\n                            \r\n                            <div class=\"text-modules__img\"><a href=\"https:\/\/ab.us.edu.pl\/emp?id=48972\" target=\"_blank\"><img src=\"https:\/\/us.edu.pl\/pracownik\/wp-content\/uploads\/sites\/2\/pracownik\/2M.Sitko-Dominik--150x150.jpg\" alt=\"img\"><\/a><\/div>\r\n                        <\/div>\r\n                    <\/div>\r\n                <\/div>[\/vc_column][\/vc_row]<\/p>\n<style type=\"text\/css\">a[data-mtli~=\"mtli_filesize470,21kB\"]:after {content:\" (470,21 kB)\"}a[data-mtli~=\"mtli_filesize94,48kB\"]:after {content:\" (94,48 kB)\"}<\/style>","protected":false},"excerpt":{"rendered":"<p>[vc_row][vc_column][\/vc_column][\/vc_row][vc_row][vc_column width=&#8221;1\/2&#8243;][\/vc_column][vc_column width=&#8221;1\/2&#8243;][\/vc_column][\/vc_row][vc_row][vc_column width=&#8221;1\/2&#8243;][\/vc_column][vc_column width=&#8221;1\/2&#8243;][\/vc_column][\/vc_row][vc_row][vc_column][\/vc_column][\/vc_row][vc_row][vc_column][\/vc_column][\/vc_row][vc_row][vc_column][\/vc_column][\/vc_row][vc_row][vc_column][\/vc_column][\/vc_row][vc_row][vc_column][\/vc_column][\/vc_row][vc_row][vc_column][\/vc_column][\/vc_row] [&#8230;]<\/p>\n<p><a class=\"btn btn-secondary understrap-read-more-link\" href=\"https:\/\/us.edu.pl\/pracownik\/komisja-etyki-ds-badan-naukowych\/o-komisji-etyki-ds-badan-naukowych\/\">Read More&#8230;<\/a><\/p>\n","protected":false},"author":41,"featured_media":0,"parent":41381,"menu_order":0,"comment_status":"closed","ping_status":"closed","template":"page-templates\/page-with-bookmarks.php","meta":{"_expiration-date-status":"","_expiration-date":0,"_expiration-date-type":"","_expiration-date-categories":[],"_expiration-date-options":[]},"acf":[],"_links":{"self":[{"href":"https:\/\/us.edu.pl\/pracownik\/wp-json\/wp\/v2\/pages\/41489"}],"collection":[{"href":"https:\/\/us.edu.pl\/pracownik\/wp-json\/wp\/v2\/pages"}],"about":[{"href":"https:\/\/us.edu.pl\/pracownik\/wp-json\/wp\/v2\/types\/page"}],"author":[{"embeddable":true,"href":"https:\/\/us.edu.pl\/pracownik\/wp-json\/wp\/v2\/users\/41"}],"replies":[{"embeddable":true,"href":"https:\/\/us.edu.pl\/pracownik\/wp-json\/wp\/v2\/comments?post=41489"}],"version-history":[{"count":10,"href":"https:\/\/us.edu.pl\/pracownik\/wp-json\/wp\/v2\/pages\/41489\/revisions"}],"predecessor-version":[{"id":42603,"href":"https:\/\/us.edu.pl\/pracownik\/wp-json\/wp\/v2\/pages\/41489\/revisions\/42603"}],"up":[{"embeddable":true,"href":"https:\/\/us.edu.pl\/pracownik\/wp-json\/wp\/v2\/pages\/41381"}],"wp:attachment":[{"href":"https:\/\/us.edu.pl\/pracownik\/wp-json\/wp\/v2\/media?parent=41489"}],"curies":[{"name":"wp","href":"https:\/\/api.w.org\/{rel}","templated":true}]}}