{"id":41737,"date":"2025-11-28T14:07:37","date_gmt":"2025-11-28T13:07:37","guid":{"rendered":"https:\/\/us.edu.pl\/pracownik\/?page_id=41737"},"modified":"2025-11-28T14:42:26","modified_gmt":"2025-11-28T13:42:26","slug":"skladanie-wniosku-formularz-elektroniczny-komisja-etyki-ds-badan-naukowych","status":"publish","type":"page","link":"https:\/\/us.edu.pl\/pracownik\/komisja-etyki-ds-badan-naukowych\/skladanie-wniosku-komisja-etyki-ds-badan-naukowych\/skladanie-wniosku-formularz-elektroniczny-komisja-etyki-ds-badan-naukowych\/","title":{"rendered":"sk\u0142adanie wniosku | formularz elektroniczny | Komisja Etyki ds. bada\u0144 naukowych"},"content":{"rendered":"<p>[vc_row][vc_column][\/vc_column][\/vc_row][vc_row el_class=&#8221;container&#8221;][vc_column width=&#8221;2\/3&#8243;]\r\n                <div class=\"text-modules \">\r\n                    <div class=\"container\">\r\n                         <h3 class=\"subtitle text-modules__subtitle\">Instrukcja wype\u0142niania formularza elektronicznego<\/h3>\r\n                        <div class=\"row m-0\">\r\n                            <div class=\"text-modules__content\">\r\n                                W celu z\u0142o\u017cenia wniosku do Komisji Etyki prosimy o:<\/p>\n<table style=\"border-collapse: collapse; width: 100%;\">\n<tbody>\n<tr>\n<td style=\"width: 18.3305%;\"><img class=\"alignnone wp-image-10002\" src=\"https:\/\/us.edu.pl\/pracownik\/wp-content\/uploads\/sites\/2\/pracownik\/Ikony-graficzne\/Obraz-granat-ptaszek.jpg\" alt=\"\" width=\"126\" height=\"126\" srcset=\"https:\/\/us.edu.pl\/pracownik\/wp-content\/uploads\/sites\/2\/pracownik\/Ikony-graficzne\/Obraz-granat-ptaszek.jpg 270w, https:\/\/us.edu.pl\/pracownik\/wp-content\/uploads\/sites\/2\/pracownik\/Ikony-graficzne\/Obraz-granat-ptaszek-150x150.jpg 150w\" sizes=\"(max-width: 126px) 100vw, 126px\" \/><\/td>\n<td style=\"width: 81.6695%;\">Skorzystanie z linku w aplikacji MS Office Forms: <a href=\"https:\/\/forms.office.com\/pages\/responsepage.aspx?id=kWLHUIAMRESi-0-KsWjDERBYgd6wy2BHhEooDXAAvw9UOTFDS0NIR0QyRTA2SjYyTzhXOEFBWFlUTC4u&amp;route=shorturl\" target=\"_blank\" rel=\"noopener\">Wniosek o wydanie opinii przez Komisj\u0119 Etyki U\u015a\u00a0<\/a><\/td>\n<\/tr>\n<tr>\n<td style=\"width: 18.3305%;\"><\/td>\n<td style=\"width: 81.6695%;\"><\/td>\n<\/tr>\n<\/tbody>\n<\/table>\n<p><strong>Uwaga!<\/strong><br \/>\nWniosek mo\u017ce nie dzia\u0142a\u0107 prawid\u0142owo w przegl\u0105darce Safari. Dotychczas nie by\u0142o problem\u00f3w z przegl\u0105dark\u0105 Chrome \r\n                                <div class=\"mt-3\"><\/div>\r\n                            <\/div>\r\n                            \r\n                            \r\n                        <\/div>\r\n                    <\/div>\r\n                <\/div>[\/vc_column][vc_column width=&#8221;1\/3&#8243;]\r\n                <div class=\"text-modules\">\r\n                    <div class=\"container\">\r\n                        \r\n                        <div class=\"text-modules__content\"><p><a href=\"https:\/\/forms.office.com\/pages\/responsepage.aspx?id=kWLHUIAMRESi-0-KsWjDERBYgd6wy2BHhEooDXAAvw9UOTFDS0NIR0QyRTA2SjYyTzhXOEFBWFlUTC4u&amp;route=shorturl\" target=\"_blank\" rel=\"noopener\"><img class=\"alignnone wp-image-41409\" src=\"https:\/\/us.edu.pl\/pracownik\/wp-content\/uploads\/sites\/2\/pracownik\/formularz_elektroniczny.png\" alt=\"\" width=\"371\" height=\"364\" srcset=\"https:\/\/us.edu.pl\/pracownik\/wp-content\/uploads\/sites\/2\/pracownik\/formularz_elektroniczny.png 733w, https:\/\/us.edu.pl\/pracownik\/wp-content\/uploads\/sites\/2\/pracownik\/formularz_elektroniczny-575x565.png 575w\" sizes=\"(max-width: 371px) 100vw, 371px\" \/><\/a><\/p>\n<\/div>\r\n                    <\/div>\r\n                <\/div>[\/vc_column][\/vc_row][vc_row][vc_column]<div class=\"container\"><div class=\"separator\" style=\"background-color: #EBEBEB\"><\/div><\/div>[\/vc_column][\/vc_row][vc_row el_class=&#8221;container&#8221;][vc_column]\r\n                <div class=\"text-modules \">\r\n                    <div class=\"container\">\r\n                         <h3 class=\"subtitle text-modules__subtitle\">1. Zalogowanie si\u0119 kontem @o356.us.edu.pl (jak do MS Teams),<\/h3>\r\n                        <div class=\"row m-0\">\r\n                            <div class=\"text-modules__content\">\r\n                                <strong>Uwaga!<\/strong><br \/>\nWniosek mo\u017ce nie dzia\u0142a\u0107 prawid\u0142owo w przegl\u0105darce Safari. Dotychczas nie by\u0142o problem\u00f3w z przegl\u0105dark\u0105 Chrome \r\n                                <div class=\"mt-3\"><\/div>\r\n                            <\/div>\r\n                            \r\n                            \r\n                        <\/div>\r\n                    <\/div>\r\n                <\/div>[\/vc_column][\/vc_row][vc_row][vc_column]<div class=\"container\"><div class=\"separator\" style=\"background-color: #EBEBEB\"><\/div><\/div>[\/vc_column][\/vc_row][vc_row el_class=&#8221;container&#8221;][vc_column]\r\n                <div class=\"text-modules \">\r\n                    <div class=\"container\">\r\n                         <h3 class=\"subtitle text-modules__subtitle\">2. Wype\u0142nienie wniosku<\/h3>\r\n                        <div class=\"row m-0\">\r\n                            <div class=\"text-modules__content\">\r\n                                <strong>Uwaga!<\/strong><\/p>\n<ul>\n<li>pola oznaczone\u00a0<strong>*<\/strong>\u00a0s\u0105 obowi\u0105zkowe,<\/li>\n<li>przed wype\u0142nieniem poszczeg\u00f3lnych punkt\u00f3w zach\u0119camy do zapoznania si\u0119 z umieszczonymi przy nich obja\u015bnieniami, a tak\u017ce poradnikiem,<\/li>\n<li>je\u017celi istnieje mo\u017cliwo\u015b\u0107 wielokrotnego wyboru odpowiedzi, jest to zaznaczone w danym punkcie,<\/li>\n<li>poszczeg\u00f3lne punkty wniosku pokazuj\u0105 si\u0119 na ekranie w zale\u017cno\u015bci od udzielonej odpowiedzi (np. zaznaczenie odpowiedzi NIE na pytanie o udzia\u0142 os\u00f3b szczeg\u00f3lnie podatnych\/wra\u017cliwych w badaniu powoduje, \u017ce sekcja po\u015bwi\u0119cona tej kwestii nie poka\u017ce si\u0119 na ekranie i nie trzeba jej wype\u0142nia\u0107),<\/li>\n<li>wniosek zapisuje si\u0119 automatycznie. W celu ca\u0142kowitego usuni\u0119cia wprowadzonych danych nale\u017cy nacisn\u0105\u0107\u00a0<strong>\u2026<\/strong>\u00a0w prawym g\u00f3rnym rogu (obok ikonki w kszta\u0142cie ksi\u0105\u017cki \u201eczytnik immersyjny\u201d) i wybra\u0107 \u201ewyczy\u015b\u0107 formularz\u201d.<\/li>\n<\/ul>\n<div class=\"mt-3\"><\/div>\r\n                            <\/div>\r\n                            \r\n                            \r\n                        <\/div>\r\n                    <\/div>\r\n                <\/div>[\/vc_column][\/vc_row][vc_row][vc_column]<div class=\"container\"><div class=\"separator\" style=\"background-color: #EBEBEB\"><\/div><\/div>[\/vc_column][\/vc_row][vc_row el_class=&#8221;container&#8221;][vc_column]\r\n                <div class=\"text-modules \">\r\n                    <div class=\"container\">\r\n                         <h3 class=\"subtitle text-modules__subtitle\">3. Wys\u0142anie wniosku<\/h3>\r\n                        <div class=\"row m-0\">\r\n                            <div class=\"text-modules__content\">\r\n                                <strong>Uwaga!<\/strong><\/p>\n<ul>\n<li>po wys\u0142aniu wniosku do Komisji sugerujemy zachowanie jego kopii w formacie pdf. Mo\u017ce to u\u0142atwi\u0107 prac\u0119 w razie potrzeby poprawy wniosku,<\/li>\n<li>kopi\u0119 wys\u0142anego wniosku zapisuje si\u0119 naciskaj\u0105c <strong>\u2026.<\/strong> w prawym g\u00f3rnym rogu strony, kt\u00f3ra wy\u015bwietla si\u0119 po wys\u0142aniu wniosku \u201eDzi\u0119kujemy za przes\u0142anie wniosku do Komisji Etyki U\u015a\u201d.<\/li>\n<\/ul>\n<p>&nbsp;<\/p>\n<p>W sytuacji, gdy wniosek otrzyma\u0142 opini\u0119 warunkow\u0105 lub wymaga\u0142 poprawy prosimy:<\/p>\n<ol>\n<li>wype\u0142ni\u0107 wniosek ponownie<\/li>\n<li>w ko\u0144cowej cz\u0119\u015bci prosimy o ustosunkowanie si\u0119 do uwag KE i opisanie wprowadzone zmiany lub za\u0142\u0105czenie pliku zawieraj\u0105cego takie informacje<\/li>\n<li>wys\u0142a\u0107 wniosek<\/li>\n<\/ol>\n<p>Po wys\u0142aniu wniosku do Komisji sugerujemy zachowanie jego kopii w formacie pdf. \r\n                                <div class=\"mt-3\"><\/div>\r\n                            <\/div>\r\n                            \r\n                            \r\n                        <\/div>\r\n                    <\/div>\r\n                <\/div>[\/vc_column][\/vc_row]<\/p>","protected":false},"excerpt":{"rendered":"<p>[vc_row][vc_column][\/vc_column][\/vc_row][vc_row el_class=&#8221;container&#8221;][vc_column width=&#8221;2\/3&#8243;][\/vc_column][vc_column width=&#8221;1\/3&#8243;][\/vc_column][\/vc_row][vc_row][vc_column][\/vc_column][\/vc_row][vc_row el_class=&#8221;container&#8221;][vc_column][\/vc_column][\/vc_row][vc_row][vc_column][\/vc_column][\/vc_row][vc_row el_class=&#8221;container&#8221;][vc_column][\/vc_column][\/vc_row][vc_row][vc_column][\/vc_column][\/vc_row][vc_row el_class=&#8221;container&#8221;][vc_column][\/vc_column][\/vc_row] [&#8230;]<\/p>\n<p><a class=\"btn btn-secondary understrap-read-more-link\" href=\"https:\/\/us.edu.pl\/pracownik\/komisja-etyki-ds-badan-naukowych\/skladanie-wniosku-komisja-etyki-ds-badan-naukowych\/skladanie-wniosku-formularz-elektroniczny-komisja-etyki-ds-badan-naukowych\/\">Read More&#8230;<\/a><\/p>\n","protected":false},"author":41,"featured_media":0,"parent":41421,"menu_order":0,"comment_status":"closed","ping_status":"closed","template":"","meta":{"_expiration-date-status":"","_expiration-date":0,"_expiration-date-type":"","_expiration-date-categories":[],"_expiration-date-options":[]},"acf":[],"_links":{"self":[{"href":"https:\/\/us.edu.pl\/pracownik\/wp-json\/wp\/v2\/pages\/41737"}],"collection":[{"href":"https:\/\/us.edu.pl\/pracownik\/wp-json\/wp\/v2\/pages"}],"about":[{"href":"https:\/\/us.edu.pl\/pracownik\/wp-json\/wp\/v2\/types\/page"}],"author":[{"embeddable":true,"href":"https:\/\/us.edu.pl\/pracownik\/wp-json\/wp\/v2\/users\/41"}],"replies":[{"embeddable":true,"href":"https:\/\/us.edu.pl\/pracownik\/wp-json\/wp\/v2\/comments?post=41737"}],"version-history":[{"count":7,"href":"https:\/\/us.edu.pl\/pracownik\/wp-json\/wp\/v2\/pages\/41737\/revisions"}],"predecessor-version":[{"id":41749,"href":"https:\/\/us.edu.pl\/pracownik\/wp-json\/wp\/v2\/pages\/41737\/revisions\/41749"}],"up":[{"embeddable":true,"href":"https:\/\/us.edu.pl\/pracownik\/wp-json\/wp\/v2\/pages\/41421"}],"wp:attachment":[{"href":"https:\/\/us.edu.pl\/pracownik\/wp-json\/wp\/v2\/media?parent=41737"}],"curies":[{"name":"wp","href":"https:\/\/api.w.org\/{rel}","templated":true}]}}