{"id":41750,"date":"2025-11-28T14:56:09","date_gmt":"2025-11-28T13:56:09","guid":{"rendered":"https:\/\/us.edu.pl\/pracownik\/?page_id=41750"},"modified":"2025-11-28T15:44:55","modified_gmt":"2025-11-28T14:44:55","slug":"skladanie-wniosku-formularz-pdf-komisja-etyki-ds-badan-naukowych","status":"publish","type":"page","link":"https:\/\/us.edu.pl\/pracownik\/komisja-etyki-ds-badan-naukowych\/skladanie-wniosku-komisja-etyki-ds-badan-naukowych\/skladanie-wniosku-formularz-pdf-komisja-etyki-ds-badan-naukowych\/","title":{"rendered":"Sk\u0142adanie wniosku | formularz PDF | Komisja Etyki ds. bada\u0144 naukowych"},"content":{"rendered":"<p>[vc_row][vc_column][\/vc_column][\/vc_row][vc_row el_class=&#8221;container&#8221;][vc_column width=&#8221;2\/3&#8243;]\r\n                <div class=\"text-modules \">\r\n                    <div class=\"container\">\r\n                         <h3 class=\"subtitle text-modules__subtitle\">sk\u0142adanie wniosku | \u015bcie\u017cka dotychczasowa<\/h3>\r\n                        <div class=\"row m-0\">\r\n                            <div class=\"text-modules__content\">\r\n                                W celu z\u0142o\u017cenia wniosku do Komisji Etyki prosimy o:<\/p>\n<table style=\"border-collapse: collapse; width: 100%;\">\n<tbody>\n<tr>\n<td style=\"width: 18.3305%;\"><img class=\"alignnone wp-image-10002\" src=\"https:\/\/us.edu.pl\/pracownik\/wp-content\/uploads\/sites\/2\/pracownik\/Ikony-graficzne\/Obraz-granat-ptaszek.jpg\" alt=\"\" width=\"126\" height=\"126\" srcset=\"https:\/\/us.edu.pl\/pracownik\/wp-content\/uploads\/sites\/2\/pracownik\/Ikony-graficzne\/Obraz-granat-ptaszek.jpg 270w, https:\/\/us.edu.pl\/pracownik\/wp-content\/uploads\/sites\/2\/pracownik\/Ikony-graficzne\/Obraz-granat-ptaszek-150x150.jpg 150w\" sizes=\"(max-width: 126px) 100vw, 126px\" \/><\/td>\n<td style=\"width: 81.6695%;\">Pobranie formularza wniosku: <a href=\"https:\/\/us.edu.pl\/pracownik\/wp-content\/uploads\/sites\/2\/pracownik\/wniosek_dotychczasowy.docx\" class=\"mtli_attachment mtli_docx\" data-mtli=\"mtli_filesize41,02kB\" class=\"mtli_attachment mtli_docx\" data-mtli=\"mtli_filesize41,02kB\" target=\"_blank\" rel=\"noopener\">Wniosek o wydanie opinii przez Komisj\u0119 Etyki U\u015a\u00a0<\/a><\/td>\n<\/tr>\n<tr>\n<td style=\"width: 18.3305%;\"><\/td>\n<td style=\"width: 81.6695%;\"><\/td>\n<\/tr>\n<\/tbody>\n<\/table>\n<div class=\"mt-3\"><\/div>\r\n                            <\/div>\r\n                            \r\n                            \r\n                        <\/div>\r\n                    <\/div>\r\n                <\/div>[\/vc_column][vc_column width=&#8221;1\/3&#8243;]\r\n                <div class=\"text-modules\">\r\n                    <div class=\"container\">\r\n                        \r\n                        <div class=\"text-modules__content\"><p><a href=\"https:\/\/us.edu.pl\/pracownik\/wp-content\/uploads\/sites\/2\/pracownik\/wniosek_dotychczasowy.docx\" class=\"mtli_attachment mtli_docx\" data-mtli=\"mtli_filesize41,02kB\" class=\"mtli_attachment mtli_docx\" data-mtli=\"mtli_filesize41,02kB\" target=\"_blank\" rel=\"noopener\"><img class=\"alignnone wp-image-41412\" src=\"https:\/\/us.edu.pl\/pracownik\/wp-content\/uploads\/sites\/2\/pracownik\/wniosek_dotychczasowy-594x800.png\" alt=\"\" width=\"259\" height=\"349\" srcset=\"https:\/\/us.edu.pl\/pracownik\/wp-content\/uploads\/sites\/2\/pracownik\/wniosek_dotychczasowy-594x800.png 594w, https:\/\/us.edu.pl\/pracownik\/wp-content\/uploads\/sites\/2\/pracownik\/wniosek_dotychczasowy-761x1024.png 761w, https:\/\/us.edu.pl\/pracownik\/wp-content\/uploads\/sites\/2\/pracownik\/wniosek_dotychczasowy-768x1034.png 768w, https:\/\/us.edu.pl\/pracownik\/wp-content\/uploads\/sites\/2\/pracownik\/wniosek_dotychczasowy-427x575.png 427w, https:\/\/us.edu.pl\/pracownik\/wp-content\/uploads\/sites\/2\/pracownik\/wniosek_dotychczasowy.png 951w\" sizes=\"(max-width: 259px) 100vw, 259px\" \/><\/a><\/p>\n<style type=\"text\/css\">a[data-mtli~=\"mtli_filesize41,02kB\"]:after {content:\" (41,02 kB)\"}<\/style><\/div>\r\n                    <\/div>\r\n                <\/div>[\/vc_column][\/vc_row][vc_row][vc_column]<div class=\"container\"><div class=\"separator\" style=\"background-color: #EBEBEB\"><\/div><\/div>[\/vc_column][\/vc_row][vc_row][vc_column]\r\n                <div class=\"text-modules \">\r\n                    <div class=\"container\">\r\n                         <h3 class=\"subtitle text-modules__subtitle\">1. Wype\u0142nienie wniosku<\/h3>\r\n                        <div class=\"row m-0\">\r\n                            <div class=\"text-modules__content\">\r\n                                <strong>Uwaga!<\/strong><\/p>\n<ol style=\"list-style-type: lower-alpha;\">\n<li>przed wype\u0142nieniem poszczeg\u00f3lnych punkt\u00f3w zach\u0119camy do zapoznania si\u0119 z poradnikiem,<\/li>\n<li>zwr\u00f3cenie uwagi na to, \u017ce wnioski sk\u0142adane do Komisji powinny w szczeg\u00f3lno\u015bci zawiera\u0107 informacje na temat:<\/li>\n<\/ol>\n<ul>\n<li>celu projektu,<\/li>\n<li>rodzaju i liczby os\u00f3b uczestnicz\u0105cych w badaniu oraz kryteri\u00f3w ich doboru,<\/li>\n<li>przebiegu badania i stosowanych narz\u0119dzi badawczych (je\u015bli dotyczy),<\/li>\n<li>ryzyk i czynnik\u00f3w stresogennych dla os\u00f3b uczestnicz\u0105cych w badaniu oraz \u015brodk\u00f3w podejmowanych w celu unikni\u0119cia negatywnych skutk\u00f3w badania,<\/li>\n<li>sposobu przekazywania osobom uczestnicz\u0105cym w badaniu informacji na temat przebiegu badania i uzyskiwania ich zgody na udzia\u0142 w badaniu,<\/li>\n<li>informacji kierowanych do os\u00f3b uczestnicz\u0105cych w badaniu,<\/li>\n<li>pozyskiwania i ochrony danych osobowych.<\/li>\n<\/ul>\n<div class=\"mt-3\"><\/div>\r\n                            <\/div>\r\n                            \r\n                            \r\n                        <\/div>\r\n                    <\/div>\r\n                <\/div>[\/vc_column][\/vc_row][vc_row][vc_column]<div class=\"container\"><div class=\"separator\" style=\"background-color: #EBEBEB\"><\/div><\/div>[\/vc_column][\/vc_row][vc_row][vc_column]\r\n                <div class=\"text-modules \">\r\n                    <div class=\"container\">\r\n                         <h3 class=\"subtitle text-modules__subtitle\">2. Podpisanie wniosku<\/h3>\r\n                        <div class=\"row m-0\">\r\n                            <div class=\"text-modules__content\">\r\n                                <strong>Uwaga!<\/strong><\/p>\n<p><span style=\"color: #800000;\"><em>je\u015bli dotyczy<\/em><\/span> \u2013 uzyskanie na wniosku podpisu osoby, kt\u00f3ra pe\u0142ni funkcj\u0119 promotora lub opiekuna naukowego. \r\n                                <div class=\"mt-3\"><\/div>\r\n                            <\/div>\r\n                            \r\n                            \r\n                        <\/div>\r\n                    <\/div>\r\n                <\/div>[\/vc_column][\/vc_row][vc_row][vc_column]<div class=\"container\"><div class=\"separator\" style=\"background-color: #EBEBEB\"><\/div><\/div>[\/vc_column][\/vc_row][vc_row][vc_column]\r\n                <div class=\"text-modules \">\r\n                    <div class=\"container\">\r\n                         <h3 class=\"subtitle text-modules__subtitle\">3. Przygotowanie w\u0142a\u015bciwych za\u0142\u0105cznik\u00f3w<\/h3>\r\n                        <div class=\"row m-0\">\r\n                            <div class=\"text-modules__content\">\r\n                                <strong>Uwaga!<\/strong><\/p>\n<p>O\u015bwiadczenie o uzyskaniu \u015bwiadomej zgody jest niezb\u0119dne.<\/p>\n<ul>\n<li>wzory za\u0142\u0105cznik\u00f3w dost\u0119pne s\u0105 na stronie Komisji\n<ul>\n<li><a class=\"mtli_attachment mtli_docx mtli_attachment mtli_docx\" href=\"https:\/\/us.edu.pl\/pracownik\/wp-content\/uploads\/sites\/2\/pracownik\/Zal.-1_Oswiadczenie-badacza-Zgoda-Dorosli_Wzor_Komisja-Etyki-US_12.2020.docx\" data-mtli=\"mtli_filesize17,61kB\" target=\"_blank\" rel=\"noopener\" data-mtli=\"mtli_filesize17,61kB\">o\u015bwiadczenie badacza \u2013 za\u0142.1<\/a>,<\/li>\n<li><a class=\"mtli_attachment mtli_docx mtli_attachment mtli_docx\" href=\"https:\/\/us.edu.pl\/pracownik\/wp-content\/uploads\/sites\/2\/pracownik\/Zal_2_Oswiadczenie-badacza-Zgoda_Dorosli_Dane-Osobowe_Wzor_Komisja-Etyki-US_12.2020.docx\" data-mtli=\"mtli_filesize15,94kB\" target=\"_blank\" rel=\"noopener\" data-mtli=\"mtli_filesize15,94kB\">o\u015bwiadczenie badacza \u2013 za\u0142.2<\/a><\/li>\n<\/ul>\n<\/li>\n<\/ul>\n<p>&nbsp;<\/p>\n<div class=\"mt-3\"><\/div>\r\n                            <\/div>\r\n                            \r\n                            \r\n                        <\/div>\r\n                    <\/div>\r\n                <\/div>[\/vc_column][\/vc_row][vc_row][vc_column]<div class=\"container\"><div class=\"separator\" style=\"background-color: #EBEBEB\"><\/div><\/div>[\/vc_column][\/vc_row][vc_row][vc_column]\r\n                <div class=\"text-modules \">\r\n                    <div class=\"container\">\r\n                         <h3 class=\"subtitle text-modules__subtitle\">4. Przes\u0142anie kompletnej dokumentacji<\/h3>\r\n                        <div class=\"row m-0\">\r\n                            <div class=\"text-modules__content\">\r\n                                Wniosek nale\u017cy opatrzy\u0107 stosownymi podpisami w formatach PDF oraz DOCX lub DOC, jak r\u00f3wnie\u017c za\u0142\u0105czniki w formacie PDF na adres Komisji:<\/p>\n<ul>\n<li><a href=\"mailto:komisja.etyki@us.edu.pl\" target=\"_blank\" rel=\"noopener\">komisja.etyki@us.edu.pl<\/a><\/li>\n<\/ul>\n<p>&nbsp;<\/p>\n<p>W sytuacji, gdy wniosek otrzyma\u0142 opini\u0119 warunkow\u0105 lub wymaga\u0142 poprawy prosimy, aby:<\/p>\n<ul>\n<li>nanie\u015b\u0107 zmiany w trybie \u015bledzenia zmian lub oznaczy\u0107 wprowadzone zmiany kolorem,<\/li>\n<li>ustosunkowa\u0107 si\u0119 w osobnym pliku do uwag Komisji i opisa\u0107 wprowadzone zmiany,<\/li>\n<li>przes\u0142a\u0107 pe\u0142n\u0105 dokumentacj\u0119, czyli wniosek wraz z za\u0142\u0105cznikami.<\/li>\n<\/ul>\n<div class=\"mt-3\"><\/div>\r\n                            <\/div>\r\n                            \r\n                            \r\n                        <\/div>\r\n                    <\/div>\r\n                <\/div>[\/vc_column][\/vc_row]<\/p>\n<style type=\"text\/css\">a[data-mtli~=\"mtli_filesize41,02kB\"]:after {content:\" (41,02 kB)\"}a[data-mtli~=\"mtli_filesize17,61kB\"]:after {content:\" (17,61 kB)\"}a[data-mtli~=\"mtli_filesize15,94kB\"]:after {content:\" (15,94 kB)\"}<\/style>","protected":false},"excerpt":{"rendered":"<p>[vc_row][vc_column][\/vc_column][\/vc_row][vc_row el_class=&#8221;container&#8221;][vc_column width=&#8221;2\/3&#8243;][\/vc_column][vc_column width=&#8221;1\/3&#8243;][\/vc_column][\/vc_row][vc_row][vc_column][\/vc_column][\/vc_row][vc_row][vc_column][\/vc_column][\/vc_row][vc_row][vc_column][\/vc_column][\/vc_row][vc_row][vc_column][\/vc_column][\/vc_row][vc_row][vc_column][\/vc_column][\/vc_row][vc_row][vc_column][\/vc_column][\/vc_row][vc_row][vc_column][\/vc_column][\/vc_row][vc_row][vc_column][\/vc_column][\/vc_row] [&#8230;]<\/p>\n<p><a class=\"btn btn-secondary understrap-read-more-link\" href=\"https:\/\/us.edu.pl\/pracownik\/komisja-etyki-ds-badan-naukowych\/skladanie-wniosku-komisja-etyki-ds-badan-naukowych\/skladanie-wniosku-formularz-pdf-komisja-etyki-ds-badan-naukowych\/\">Read More&#8230;<\/a><\/p>\n","protected":false},"author":41,"featured_media":0,"parent":41421,"menu_order":0,"comment_status":"closed","ping_status":"closed","template":"","meta":{"_expiration-date-status":"","_expiration-date":0,"_expiration-date-type":"","_expiration-date-categories":[],"_expiration-date-options":[]},"acf":[],"_links":{"self":[{"href":"https:\/\/us.edu.pl\/pracownik\/wp-json\/wp\/v2\/pages\/41750"}],"collection":[{"href":"https:\/\/us.edu.pl\/pracownik\/wp-json\/wp\/v2\/pages"}],"about":[{"href":"https:\/\/us.edu.pl\/pracownik\/wp-json\/wp\/v2\/types\/page"}],"author":[{"embeddable":true,"href":"https:\/\/us.edu.pl\/pracownik\/wp-json\/wp\/v2\/users\/41"}],"replies":[{"embeddable":true,"href":"https:\/\/us.edu.pl\/pracownik\/wp-json\/wp\/v2\/comments?post=41750"}],"version-history":[{"count":4,"href":"https:\/\/us.edu.pl\/pracownik\/wp-json\/wp\/v2\/pages\/41750\/revisions"}],"predecessor-version":[{"id":41766,"href":"https:\/\/us.edu.pl\/pracownik\/wp-json\/wp\/v2\/pages\/41750\/revisions\/41766"}],"up":[{"embeddable":true,"href":"https:\/\/us.edu.pl\/pracownik\/wp-json\/wp\/v2\/pages\/41421"}],"wp:attachment":[{"href":"https:\/\/us.edu.pl\/pracownik\/wp-json\/wp\/v2\/media?parent=41750"}],"curies":[{"name":"wp","href":"https:\/\/api.w.org\/{rel}","templated":true}]}}