{"id":43055,"date":"2026-04-14T10:31:26","date_gmt":"2026-04-14T08:31:26","guid":{"rendered":"https:\/\/us.edu.pl\/pracownik\/?page_id=43055"},"modified":"2026-04-14T15:02:51","modified_gmt":"2026-04-14T13:02:51","slug":"posiedzenie-komisji-16-04-2026","status":"publish","type":"page","link":"https:\/\/us.edu.pl\/pracownik\/sprawy-dydaktyczne\/senacka-komisja-ds-ksztalcenia\/senacka-komisja-ds-ksztalcenia-sklad-komisji\/kadencja-2024-2028\/posiedzenie-komisji-16-04-2026\/","title":{"rendered":"Posiedzenie komisji &#8211; 16.04.2026"},"content":{"rendered":"<p>[vc_row][vc_column]\r\n                <div class=\"text-modules\">\r\n                    <div class=\"container\">\r\n                        <h3 class=\"page-title text__title\">Posiedzenie Komisji ds. kszta\u0142cenia i student\u00f3w - 16 kwietnia 2026 r.<\/h3>\r\n                        <div class=\"text-modules__content\"><p>Posiedzenie Komisji ds. kszta\u0142cenia i student\u00f3w, kt\u00f3re odb\u0119dzie si\u0119 w <strong>czwartek 16 kwietnia 2026 r. o godz. 10.00 w sali 1.20 w budynku Rektoratu Uniwersytetu \u015al\u0105skiego.<\/strong><\/p>\n<p>&nbsp;<\/p>\n<p><strong>Planowany porz\u0105dek posiedzenia:<\/strong><\/p>\n<ol>\n<li>Komunikaty Prorektorki ds. studenckich i kszta\u0142cenia.<\/li>\n<li>Opiniowanie programu studi\u00f3w podyplomowych:\n<ol style=\"list-style-type: lower-alpha;\">\n<li><a href=\"https:\/\/us.edu.pl\/pracownik\/wp-content\/uploads\/sites\/2\/Editor\/sprawy-dydatktyczne\/Komisja-ksztalcenia\/Kadencja-2024-2028\/20252026\/16-kwiecien\/SP-prawa-gospodarczego-i-handlowego.zip\">Studia podyplomowe prawa gospodarczego i handlowego<\/a> \u2013 modyfikacja programu.<\/li>\n<li><a href=\"https:\/\/us.edu.pl\/pracownik\/wp-content\/uploads\/sites\/2\/Editor\/sprawy-dydatktyczne\/Komisja-ksztalcenia\/Kadencja-2024-2028\/20252026\/16-kwiecien\/SP-Rodziny.zip\">Studia podyplomowe Rodziny<\/a> \u2013 nowy program.<\/li>\n<li><a href=\"https:\/\/us.edu.pl\/pracownik\/wp-content\/uploads\/sites\/2\/Editor\/sprawy-dydatktyczne\/Komisja-ksztalcenia\/Kadencja-2024-2028\/20252026\/16-kwiecien\/SP-z-Wiedzy-o-Regionie.zip\">Studia podyplomowe Wiedza o Regionie<\/a> \u2013 modyfikacja programu.<\/li>\n<li><a href=\"https:\/\/us.edu.pl\/pracownik\/wp-content\/uploads\/sites\/2\/Editor\/sprawy-dydatktyczne\/Komisja-ksztalcenia\/Kadencja-2024-2028\/20252026\/16-kwiecien\/PSK-do-Nauczania-Drugiego-Przedmiotu.zip\">Podyplomowe Studia Kwalifikacyjne do Nauczania Drugiego Przedmiotu \u2013 Kultury Polskiej i J\u0119zyka Polskiego jako Obcego<\/a> \u2013 modyfikacja programu.<\/li>\n<li>P<a href=\"https:\/\/us.edu.pl\/pracownik\/wp-content\/uploads\/sites\/2\/Editor\/sprawy-dydatktyczne\/Komisja-ksztalcenia\/Kadencja-2024-2028\/20252026\/16-kwiecien\/PSNJPJO_kwalifikacyjne.zip\">odyplomowe Studia Kwalifikacyjne Nauczania Kultury Polskiej i J\u0119zyka Polskiego jako Obcego<\/a> \u2013 modyfikacja programu.<\/li>\n<li><a href=\"https:\/\/us.edu.pl\/pracownik\/wp-content\/uploads\/sites\/2\/Editor\/sprawy-dydatktyczne\/Komisja-ksztalcenia\/Kadencja-2024-2028\/20252026\/16-kwiecien\/PSNJPJO_doskonalace.zip\">Podyplomowe Studia Doskonal\u0105ce Nauczania Kultury Polskiej i J\u0119zyka Polskiego jako Obcego<\/a> \u2013 modyfikacja programu.<\/li>\n<\/ol>\n<\/li>\n<li>Modu\u0142 projektowy \u2013 za\u0142o\u017cenia organizacje.<\/li>\n<li>Opiniowanie <a href=\"https:\/\/us.edu.pl\/pracownik\/wp-content\/uploads\/sites\/2\/Editor\/sprawy-dydatktyczne\/Komisja-ksztalcenia\/Kadencja-2024-2028\/20252026\/16-kwiecien\/Projekt-Regulaminu-studiow_-zmiany-od-1.10.2026.pdf\" class=\"mtli_attachment mtli_pdf\" data-mtli=\"mtli_filesize722,47kB\" class=\"mtli_attachment mtli_pdf\" data-mtli=\"mtli_filesize722,47kB\">projektu nowego Regulaminu Studi\u00f3w w Uniwersytecie \u015al\u0105skim.<\/a><\/li>\n<li>Realizacja seminari\u00f3w dyplomowych.<\/li>\n<li>Uchwa\u0142a w sprawie przyj\u0119cia sprawozdania z Oceny jako\u015bci kszta\u0142cenia na Uniwersytecie \u015al\u0105skim w Katowicach za rok akademicki 2024\/2025.<\/li>\n<li>Opinia do wniosku w sprawie likwidacji kierunku studi\u00f3w od roku akademickiego 2026\/2027:\n<ol style=\"list-style-type: lower-alpha;\">\n<li><a href=\"https:\/\/us.edu.pl\/pracownik\/wp-content\/uploads\/sites\/2\/Editor\/sprawy-dydatktyczne\/Komisja-ksztalcenia\/Kadencja-2024-2028\/20252026\/16-kwiecien\/Kultury-mediow-_-I-i-II-st.-NS-_-likwidacja-od-2026-27.pdf\" class=\"mtli_attachment mtli_pdf\" data-mtli=\"mtli_filesize1,29MB\" class=\"mtli_attachment mtli_pdf\" data-mtli=\"mtli_filesize1,29MB\">kultury medi\u00f3w, studia niestacjonarne I i II stopnia,<\/a><\/li>\n<li><a href=\"https:\/\/us.edu.pl\/pracownik\/wp-content\/uploads\/sites\/2\/Editor\/sprawy-dydatktyczne\/Komisja-ksztalcenia\/Kadencja-2024-2028\/20252026\/16-kwiecien\/Likwidacja_fil-romanska_-II-SS.pdf\" class=\"mtli_attachment mtli_pdf\" data-mtli=\"mtli_filesize497,78kB\" class=\"mtli_attachment mtli_pdf\" data-mtli=\"mtli_filesize497,78kB\">filologia roma\u0144ska, studia stacjonarne II stopnia,<\/a><\/li>\n<li><a href=\"https:\/\/us.edu.pl\/pracownik\/wp-content\/uploads\/sites\/2\/Editor\/sprawy-dydatktyczne\/Komisja-ksztalcenia\/Kadencja-2024-2028\/20252026\/16-kwiecien\/doradztwo-fil-i-coach-_-I-i-II-NS.zip\">doradztwo filozoficzne i coaching, studia niestacjonarne I i II stopnia<\/a>,<\/li>\n<li><a href=\"https:\/\/us.edu.pl\/pracownik\/wp-content\/uploads\/sites\/2\/Editor\/sprawy-dydatktyczne\/Komisja-ksztalcenia\/Kadencja-2024-2028\/20252026\/16-kwiecien\/Likwidacja_filozofia_-I-i-II-NS.pdf\" class=\"mtli_attachment mtli_pdf\" data-mtli=\"mtli_filesize576,04kB\" class=\"mtli_attachment mtli_pdf\" data-mtli=\"mtli_filesize576,04kB\">filozofia, studia niestacjonarne I i II stopnia.<\/a><\/li>\n<\/ol>\n<\/li>\n<li>Opinia do wniosku w sprawie ustalenia programu studi\u00f3w dla nowego kierunku studi\u00f3w: <strong>Ba\u0142kanistyka<\/strong>, studia stacjonarne I stopnia od roku akademickiego 2026\/2027.<\/li>\n<li>Opinia do wniosku w sprawie ustalenia programu studi\u00f3w dla nowego kierunku studi\u00f3w: <a href=\"https:\/\/us.edu.pl\/pracownik\/wp-content\/uploads\/sites\/2\/Editor\/sprawy-dydatktyczne\/Komisja-ksztalcenia\/Kadencja-2024-2028\/20252026\/16-kwiecien\/historia-sztuki-_-II-SS.zip\"><strong>Historia sztuki<\/strong>, studia stacjonarne II stopnia<\/a> od roku akademickiego 2026\/2027.<\/li>\n<li>Opinia do wniosku w sprawie modyfikacji program\u00f3w studi\u00f3w dla cyklu dydaktycznego 2026\/2027 na kierunku <strong>Komunikacja promocyjna i kryzysowa<\/strong> \u2013 studia stacjonarne II stopnia.<\/li>\n<li>Wolne wnioski.<\/li>\n<\/ol>\n<ol>\n<li style=\"list-style-type: none;\"><\/li>\n<\/ol>\n<p>\n<style type=\"text\/css\">a[data-mtli~=\"mtli_filesize722,47kB\"]:after {content:\" (722,47 kB)\"}a[data-mtli~=\"mtli_filesize1,29MB\"]:after {content:\" (1,29 MB)\"}a[data-mtli~=\"mtli_filesize497,78kB\"]:after {content:\" (497,78 kB)\"}a[data-mtli~=\"mtli_filesize576,04kB\"]:after {content:\" (576,04 kB)\"}<\/style><\/div>\r\n                    <\/div>\r\n                <\/div>[\/vc_column][\/vc_row]<\/p>\n<style type=\"text\/css\">a[data-mtli~=\"mtli_filesize722,47kB\"]:after {content:\" (722,47 kB)\"}a[data-mtli~=\"mtli_filesize1,29MB\"]:after {content:\" (1,29 MB)\"}a[data-mtli~=\"mtli_filesize497,78kB\"]:after {content:\" (497,78 kB)\"}a[data-mtli~=\"mtli_filesize576,04kB\"]:after {content:\" (576,04 kB)\"}<\/style>","protected":false},"excerpt":{"rendered":"<p>[vc_row][vc_column][\/vc_column][\/vc_row] [&#8230;]<\/p>\n<p><a class=\"btn btn-secondary understrap-read-more-link\" href=\"https:\/\/us.edu.pl\/pracownik\/sprawy-dydaktyczne\/senacka-komisja-ds-ksztalcenia\/senacka-komisja-ds-ksztalcenia-sklad-komisji\/kadencja-2024-2028\/posiedzenie-komisji-16-04-2026\/\">Read More&#8230;<\/a><\/p>\n","protected":false},"author":31,"featured_media":0,"parent":27904,"menu_order":-50,"comment_status":"closed","ping_status":"closed","template":"page-templates\/inner-page.php","meta":{"_expiration-date-status":"saved","_expiration-date":0,"_expiration-date-type":"","_expiration-date-categories":[],"_expiration-date-options":[]},"acf":[],"_links":{"self":[{"href":"https:\/\/us.edu.pl\/pracownik\/wp-json\/wp\/v2\/pages\/43055"}],"collection":[{"href":"https:\/\/us.edu.pl\/pracownik\/wp-json\/wp\/v2\/pages"}],"about":[{"href":"https:\/\/us.edu.pl\/pracownik\/wp-json\/wp\/v2\/types\/page"}],"author":[{"embeddable":true,"href":"https:\/\/us.edu.pl\/pracownik\/wp-json\/wp\/v2\/users\/31"}],"replies":[{"embeddable":true,"href":"https:\/\/us.edu.pl\/pracownik\/wp-json\/wp\/v2\/comments?post=43055"}],"version-history":[{"count":7,"href":"https:\/\/us.edu.pl\/pracownik\/wp-json\/wp\/v2\/pages\/43055\/revisions"}],"predecessor-version":[{"id":43090,"href":"https:\/\/us.edu.pl\/pracownik\/wp-json\/wp\/v2\/pages\/43055\/revisions\/43090"}],"up":[{"embeddable":true,"href":"https:\/\/us.edu.pl\/pracownik\/wp-json\/wp\/v2\/pages\/27904"}],"wp:attachment":[{"href":"https:\/\/us.edu.pl\/pracownik\/wp-json\/wp\/v2\/media?parent=43055"}],"curies":[{"name":"wp","href":"https:\/\/api.w.org\/{rel}","templated":true}]}}