{"id":4689,"date":"2019-12-09T12:04:11","date_gmt":"2019-12-09T11:04:11","guid":{"rendered":"https:\/\/us.edu.pl\/pracownik\/?page_id=4689"},"modified":"2024-10-29T09:34:13","modified_gmt":"2024-10-29T08:34:13","slug":"krajowe-podroze-sluzbowe","status":"publish","type":"page","link":"https:\/\/us.edu.pl\/pracownik\/procedury-i-obieg-dokumentow\/sprawy-finansowe-i-ksiegowe\/sprawy-finansowe\/krajowe-podroze-sluzbowe\/","title":{"rendered":"Krajowe Podr\u00f3\u017ce s\u0142u\u017cbowe"},"content":{"rendered":"<p>[vc_row][vc_column][\/vc_column][\/vc_row][vc_row][vc_column]\r\n                <div class=\"text-modules\">\r\n                    <div class=\"container\">\r\n                        <h3 class=\"page-title text__title\">Krajowe podr\u00f3\u017ce s\u0142u\u017cbowe<\/h3>\r\n                        <div class=\"text-modules__content\"><\/p>\n<h5><span style=\"font-size: 12pt;\"><strong>(zgodnie z DZ.U.2022 poz. 2302)<\/strong><\/span><\/h5>\n<p>zgodnie z tre\u015bci\u0105 og\u0142oszonego dnia 14 listopada 2022 r. rozporz\u0105dzenia MRiPS zmieniaj\u0105cego rozporz\u0105dzenie w sprawie nale\u017cno\u015bci przys\u0142uguj\u0105cych pracownikowi zatrudnionemu w pa\u0144stwowej lub samorz\u0105dowej jednostce sfery bud\u017cetowej z tytu\u0142u podr\u00f3\u017cy s\u0142u\u017cbowej, zmieniono kwot\u0119 diety w czasie podr\u00f3\u017cy krajowej oraz kwoty diet i limitu na nocleg w poszczeg\u00f3lnych pa\u0144stwach w podr\u00f3\u017cach zagranicznych.<br \/>\n<u>Nowe nale\u017cno\u015bci z \u00a0tytu\u0142u krajowej podr\u00f3\u017cy s\u0142u\u017cbowej:<\/u><\/p>\n<ul>\n<li><strong>Dieta 45,00 z\u0142, <\/strong><\/li>\n<li><strong>Rycza\u0142t na pokrycie koszt\u00f3w dojazdu 9,00 z\u0142, <\/strong><\/li>\n<li><strong>Rycza\u0142t za nocleg 67,50 z\u0142, limit za nocleg 900,00 z\u0142.<\/strong><\/li>\n<\/ul>\n<p><strong><u>Nowe przepisy dotycz\u0105ce delegacji krajowych wchodz\u0105 w \u017cycie z dniem 1 stycznia 2023 r. z zastrze\u017ceniem:<\/u><\/strong><\/p>\n<p><span style=\"font-weight: 400;\">W przypadku podr\u00f3\u017cy s\u0142u\u017cbowej na obszarze kraju, rozpocz\u0119tej i niezako\u0144czonej przed dniem 1 stycznia 2023 r., nale\u017cno\u015bci z tytu\u0142u podr\u00f3\u017cy s\u0142u\u017cbowej ustala si\u0119:<\/span><\/p>\n<ol>\n<li style=\"font-weight: 400;\">za czas podr\u00f3\u017cy przypadaj\u0105cy przed dniem 1 stycznia 2023 r. \u2013 na podstawie przepis\u00f3w rozporz\u0105dzenia zmienianego w \u00a7 1 w brzmieniu dotychczasowym<\/li>\n<li style=\"font-weight: 400;\">za czas podr\u00f3\u017cy przypadaj\u0105cy od dnia 1 stycznia 2023 r. \u2013 na podstawie przepis\u00f3w rozporz\u0105dzenia zmienianego w \u00a7 1 w brzmieniu nadanym niniejszym rozporz\u0105dzeniem.<\/li>\n<\/ol>\n<p><strong><u>Nowe nale\u017cno\u015bci z \u00a0tytu\u0142u podr\u00f3\u017cy s\u0142u\u017cbowej poza granicami kraju:\u00a0<\/u><\/strong><\/p>\n<p><span style=\"font-weight: 400;\">Nast\u0105pi\u0142a zmiana wysoko\u015bci diet za dob\u0119 oraz limitu na nocleg w poszczeg\u00f3lnych pa\u0144stwach zgodnie z tabel\u0105 stanowi\u0105ca za\u0142\u0105cznik do rozporz\u0105dzenia.\u00a0<\/span><\/p>\n<p><strong><u>Nowe przepisy dotycz\u0105ce podr\u00f3\u017cy s\u0142u\u017cbowej poza granicami kraju wchodz\u0105 w \u017cycie z dniem 29 listopada 2022. z zastrze\u017ceniem:<\/u><\/strong><br style=\"font-weight: 400;\" \/><span style=\"font-weight: 400;\">\u00a0<\/span><br style=\"font-weight: 400;\" \/><span style=\"font-weight: 400;\">W przypadku podr\u00f3\u017cy s\u0142u\u017cbowej poza granicami kraju, rozpocz\u0119tej i niezako\u0144czonej przed dniem wej\u015bcia w \u017cycie rozporz\u0105dzenia, nale\u017cno\u015bci z tytu\u0142u podr\u00f3\u017cy s\u0142u\u017cbowej ustala si\u0119:<\/span><br style=\"font-weight: 400;\" \/><span style=\"font-weight: 400;\">\u00a0<\/span><\/p>\n<ol>\n<li>za czas podr\u00f3\u017cy przypadaj\u0105cy przed dniem wej\u015bcia w \u017cycie rozporz\u0105dzenia \u2013 na podstawie przepis\u00f3w rozporz\u0105dzenia zmienianego w \u00a7 1 w brzmieniu dotychczasowym;<\/li>\n<li><span style=\"font-weight: 400;\">za czas podr\u00f3\u017cy przypadaj\u0105cy od dnia wej\u015bcia w \u017cycie rozporz\u0105dzenia \u2013 na podstawie przepis\u00f3w rozporz\u0105dzenia zmienianego w \u00a7 1 w brzmieniu nadanym niniejszym rozporz\u0105dzeniem.<br \/>\n<\/span><\/li>\n<\/ol>\n<p>&nbsp;<\/p>\n<p>Druki:<\/p>\n<ul>\n<li style=\"list-style-type: none;\">\n<ul>\n<li><a href=\"\/pracownik\/wp-content\/uploads\/sites\/2\/pliki-dodatkowe\/finanse\/2zalacznik_.doc\" class=\"mtli_attachment mtli_doc\" data-mtli=\"mtli_filesize32,50kB\" class=\"mtli_attachment mtli_doc\" data-mtli=\"mtli_filesize32,50kB\">Wniosek o wyra\u017cenie zgody na u\u017cycie samochodu prywatnego w celu odbycia podr\u00f3\u017cy s\u0142u\u017cbowej\/wyjazdu\u00a0<\/a><\/li>\n<li><a href=\"\/pracownik\/wp-content\/uploads\/sites\/2\/pliki-dodatkowe\/finanse\/3zalacznik.doc\" class=\"mtli_attachment mtli_doc\" data-mtli=\"mtli_filesize29,50kB\" class=\"mtli_attachment mtli_doc\" data-mtli=\"mtli_filesize29,50kB\">O\u015bwiadczenie o poniesieniu wydatku w trakcie odbywania podr\u00f3\u017cy s\u0142u\u017cbowej\/wyjazdu i przyczynach braku jego udokumentowania<\/a><\/li>\n<li><a href=\"\/pracownik\/wp-content\/uploads\/sites\/2\/pliki-dodatkowe\/finanse\/4-za\u0142-UMOWA-o-zwr-koszt-St-Dok.docx\" class=\"mtli_attachment mtli_docx\" data-mtli=\"mtli_filesize15,53kB\" class=\"mtli_attachment mtli_docx\" data-mtli=\"mtli_filesize15,53kB\">Umowa o zwrot koszt\u00f3w podr\u00f3\u017cy osobie nieb\u0119d\u0105cej pracownikiem Uniwersytetu \u015al\u0105skiego w Katowicach<\/a><\/li>\n<\/ul>\n<\/li>\n<\/ul>\n<ol>\n<li><a class=\"mtli_attachment mtli_docx mtli_attachment mtli_docx mtli_attachment mtli_docx\" href=\"https:\/\/us.edu.pl\/pracownik\/wp-content\/uploads\/sites\/2\/pliki-dodatkowe\/finanse\/5-za%C5%82.-Instrukcja-planow-podr.docx\" data-mtli=\"mtli_filesize3,32MB\">Instrukcja planowania krajowej podr\u00f3\u017cy s\u0142u\u017cbowej<\/a><\/li>\n<li><a class=\"mtli_attachment mtli_docx mtli_attachment mtli_docx mtli_attachment mtli_docx\" href=\"https:\/\/us.edu.pl\/pracownik\/wp-content\/uploads\/sites\/2\/pliki-dodatkowe\/finanse\/6-za%C5%82.-Instrukcja-rozlicz-podr.docx\" data-mtli=\"mtli_filesize2,89MB\">Instrukcja rozliczania krajowej podr\u00f3\u017cy s\u0142u\u017cbowej<\/a><\/li>\n<\/ol>\n<p>&nbsp;<\/p>\n<p><span style=\"text-decoration: underline;\">podstawa prawna:<\/span><\/p>\n<ul>\n<li>Link do rozporz\u0105dzenia:<a href=\"https:\/\/isap.sejm.gov.pl\/isap.nsf\/DocDetails.xsp?id=WDU20220002302\" target=\"_blank\" rel=\"noopener\"> https:\/\/isap.sejm.gov.pl\/isap.nsf\/DocDetails.xsp?id=WDU20220001481<\/a><\/li>\n<li><a href=\"https:\/\/aktyprawne.us.edu.pl\/423-lista\/d\/5055\/5\/\" target=\"_blank\" rel=\"noopener\">Zarz\u0105dzenie nr 71\/2021 Rektora Uniwersytetu \u015al\u0105skiego w Katowicach z dnia 20 kwietnia 2021 r.<\/a> (Instrukcja)<\/li>\n<\/ul>\n<p>&nbsp;<\/p>\n<p>Druki:<\/p>\n<ul>\n<li style=\"list-style-type: none;\">\n<ul>\n<li><a href=\"\/pracownik\/wp-content\/uploads\/sites\/2\/pliki-dodatkowe\/finanse\/2zalacznik_.doc\" class=\"mtli_attachment mtli_doc\" data-mtli=\"mtli_filesize32,50kB\" class=\"mtli_attachment mtli_doc\" data-mtli=\"mtli_filesize32,50kB\">Wniosek o wyra\u017cenie zgody na u\u017cycie samochodu prywatnego w celu odbycia podr\u00f3\u017cy s\u0142u\u017cbowej\/wyjazdu\u00a0<\/a><\/li>\n<li><a href=\"\/pracownik\/wp-content\/uploads\/sites\/2\/pliki-dodatkowe\/finanse\/3zalacznik.doc\" class=\"mtli_attachment mtli_doc\" data-mtli=\"mtli_filesize29,50kB\" class=\"mtli_attachment mtli_doc\" data-mtli=\"mtli_filesize29,50kB\">O\u015bwiadczenie o poniesieniu wydatku w trakcie odbywania podr\u00f3\u017cy s\u0142u\u017cbowej\/wyjazdu i przyczynach braku jego udokumentowania<\/a><\/li>\n<li><a href=\"\/pracownik\/wp-content\/uploads\/sites\/2\/pliki-dodatkowe\/finanse\/4-za\u0142-UMOWA-o-zwr-koszt-St-Dok.docx\" class=\"mtli_attachment mtli_docx\" data-mtli=\"mtli_filesize15,53kB\" class=\"mtli_attachment mtli_docx\" data-mtli=\"mtli_filesize15,53kB\">Umowa o zwrot koszt\u00f3w podr\u00f3\u017cy osobie nieb\u0119d\u0105cej pracownikiem Uniwersytetu \u015al\u0105skiego w Katowicach<\/a><a href=\"\/pracownik\/wp-content\/uploads\/sites\/2\/pliki-dodatkowe\/finanse\/5-za\u0142.-Instrukcja-planow-podr.docx\" class=\"mtli_attachment mtli_docx\" data-mtli=\"mtli_filesize3,32MB\" class=\"mtli_attachment mtli_docx\" data-mtli=\"mtli_filesize3,32MB\">Instrukcja planowania krajowej podr\u00f3\u017cy s\u0142u\u017cbowej<\/a><br \/>\n<a href=\"\/pracownik\/wp-content\/uploads\/sites\/2\/pliki-dodatkowe\/finanse\/6-za\u0142.-Instrukcja-rozlicz-podr.docx\" class=\"mtli_attachment mtli_docx\" data-mtli=\"mtli_filesize2,89MB\" class=\"mtli_attachment mtli_docx\" data-mtli=\"mtli_filesize2,89MB\">Instrukcja rozliczania krajowej podr\u00f3\u017cy s\u0142u\u017cbowej<\/a><\/li>\n<\/ul>\n<\/li>\n<\/ul>\n<p>\n<style type=\"text\/css\">a[data-mtli~=\"mtli_filesize32,50kB\"]:after {content:\" (32,50 kB)\"}a[data-mtli~=\"mtli_filesize29,50kB\"]:after {content:\" (29,50 kB)\"}a[data-mtli~=\"mtli_filesize15,53kB\"]:after {content:\" (15,53 kB)\"}a[data-mtli~=\"mtli_filesize3,32MB\"]:after {content:\" (3,32 MB)\"}a[data-mtli~=\"mtli_filesize2,89MB\"]:after {content:\" (2,89 MB)\"}<\/style><\/div>\r\n                    <\/div>\r\n                <\/div>[\/vc_column][\/vc_row][vc_row][vc_column]\r\n\t\t\t\t<div class='container'>\r\n\t\t\t\t\t<div class='list-links list-links_gray'>\r\n\t\t\t\t\t\t  <h2 class='section-title'>u\u017cycie prywatnych pojazd\u00f3w do cel\u00f3w s\u0142u\u017cbowych<\/h2>\r\n\t\t\t\t\t\t  <ul>\r\n\t\t\t\t\t\t\t\t<li><a href='https:\/\/us.edu.pl\/pracownik\/procedury-i-obieg-dokumentow\/sprawy-finansowe-i-ksiegowe\/sprawy-finansowe\/krajowe-podroze-sluzbowe\/uzycie-prywatnego-pojazdu-do-celow-sluzbowych\/'><p>stawki obowi\u0105zuj\u0105ce od 17 stycznia 2023 r.<\/p><\/a><\/li><\/ul>\r\n\t\t\t\t\t<\/div>\r\n\t\t\t\t<\/div>   \r\n\t\t\t\t\t[\/vc_column][\/vc_row]<\/p>\n<style type=\"text\/css\">a[data-mtli~=\"mtli_filesize32,50kB\"]:after {content:\" (32,50 kB)\"}a[data-mtli~=\"mtli_filesize29,50kB\"]:after {content:\" (29,50 kB)\"}a[data-mtli~=\"mtli_filesize15,53kB\"]:after {content:\" (15,53 kB)\"}a[data-mtli~=\"mtli_filesize3,32MB\"]:after {content:\" (3,32 MB)\"}a[data-mtli~=\"mtli_filesize2,89MB\"]:after {content:\" (2,89 MB)\"}a[data-mtli~=\"mtli_filesize30,50kB\"]:after {content:\" (30,50 kB)\"}a[data-mtli~=\"mtli_filesize28,00kB\"]:after {content:\" (28,00 kB)\"}a[data-mtli~=\"mtli_filesize13,79kB\"]:after {content:\" (13,79 kB)\"}<\/style>","protected":false},"excerpt":{"rendered":"<p>[vc_row][vc_column][\/vc_column][\/vc_row][vc_row][vc_column][\/vc_column][\/vc_row][vc_row][vc_column][\/vc_column][\/vc_row] [&#8230;]<\/p>\n<p><a class=\"btn btn-secondary understrap-read-more-link\" href=\"https:\/\/us.edu.pl\/pracownik\/procedury-i-obieg-dokumentow\/sprawy-finansowe-i-ksiegowe\/sprawy-finansowe\/krajowe-podroze-sluzbowe\/\">Read More&#8230;<\/a><\/p>\n","protected":false},"author":41,"featured_media":0,"parent":685,"menu_order":267,"comment_status":"closed","ping_status":"closed","template":"page-templates\/inner-page-with-bookmarks.php","meta":{"_expiration-date-status":"","_expiration-date":0,"_expiration-date-type":"","_expiration-date-categories":[],"_expiration-date-options":[]},"acf":[],"_links":{"self":[{"href":"https:\/\/us.edu.pl\/pracownik\/wp-json\/wp\/v2\/pages\/4689"}],"collection":[{"href":"https:\/\/us.edu.pl\/pracownik\/wp-json\/wp\/v2\/pages"}],"about":[{"href":"https:\/\/us.edu.pl\/pracownik\/wp-json\/wp\/v2\/types\/page"}],"author":[{"embeddable":true,"href":"https:\/\/us.edu.pl\/pracownik\/wp-json\/wp\/v2\/users\/41"}],"replies":[{"embeddable":true,"href":"https:\/\/us.edu.pl\/pracownik\/wp-json\/wp\/v2\/comments?post=4689"}],"version-history":[{"count":10,"href":"https:\/\/us.edu.pl\/pracownik\/wp-json\/wp\/v2\/pages\/4689\/revisions"}],"predecessor-version":[{"id":28623,"href":"https:\/\/us.edu.pl\/pracownik\/wp-json\/wp\/v2\/pages\/4689\/revisions\/28623"}],"up":[{"embeddable":true,"href":"https:\/\/us.edu.pl\/pracownik\/wp-json\/wp\/v2\/pages\/685"}],"wp:attachment":[{"href":"https:\/\/us.edu.pl\/pracownik\/wp-json\/wp\/v2\/media?parent=4689"}],"curies":[{"name":"wp","href":"https:\/\/api.w.org\/{rel}","templated":true}]}}