{"id":4974,"date":"2020-01-02T10:14:43","date_gmt":"2020-01-02T09:14:43","guid":{"rendered":"https:\/\/us.edu.pl\/pracownik\/?page_id=4974"},"modified":"2026-03-03T14:59:49","modified_gmt":"2026-03-03T13:59:49","slug":"ocena-okresowa","status":"publish","type":"page","link":"https:\/\/us.edu.pl\/pracownik\/sprawy-pracownicze\/ocena-okresowa\/","title":{"rendered":"Ocena okresowa NA"},"content":{"rendered":"<p>[vc_row][vc_column][\/vc_column][\/vc_row][vc_row][vc_column width=&#8221;5\/6&#8243;]\r\n                <div class=\"text-modules\">\r\n                    <div class=\"container\">\r\n                        \r\n                        <div class=\"text-modules__content\"><\/p>\n<ol>\n<li>Ocenie okresowej podlegaj\u0105 nauczyciele akademiccy zatrudnieni w Uniwersytecie, z wyj\u0105tkiem rektora.<\/li>\n<li>Oceny okresowej nauczyciela akademickiego dokonuje si\u0119 nie rzadziej ni\u017c raz na cztery lata lub na wniosek rektora.<\/li>\n<li>Z inicjatyw\u0105 przeprowadzenia indywidualnej oceny okresowej mo\u017ce wyst\u0105pi\u0107 do rektora zainteresowany nauczyciel akademicki, w szczeg\u00f3lno\u015bci w zwi\u0105zku z ubieganiem si\u0119 o awans lub przed\u0142u\u017cenie zatrudnienia na podstawie umowy o prac\u0119 na czas nieokre\u015blony.<\/li>\n<li>Kryteria i tryb dokonywania oceny okresowej nauczycieli akademickich zatrudnionych w Uniwersytecie \u015al\u0105skim w Katowicach, jak r\u00f3wnie\u017c zasady i tryb powo\u0142ywania komisji oceniaj\u0105cych okre\u015bla w\u0142a\u015bciwe zarz\u0105dzenie rektora.<\/li>\n<\/ol>\n<p>&nbsp;<\/p>\n<p>W razie stwierdzenia braku lub b\u0142\u0119d\u00f3w w danych zamieszczonych w Portalu Pracownika mo\u017cna skontaktowa\u0107 si\u0119 \u00a0z:<\/p>\n<ul>\n<li>publikacje, dorobek naukowy lub artystyczny afiliowane dla U\u015a &#8211; CINiBA: <a href=\"mailto:bibliogr@ciniba.edu.pl\">bibliogr@ciniba.edu.pl<\/a>;<\/li>\n<li>projekty finansowane ze \u015brodk\u00f3w zewn\u0119trznych i wnioski sk\u0142adane w konkursach &#8211; Dzia\u0142 Projekt\u00f3w: <a href=\"mailto:projekty@us.edu.pl\">projekty@us.edu.pl<\/a>;<\/li>\n<li>prace badawcze zlecone realizowane w Uniwersytecie lub poprzez SPIN-US &#8211; Biuro Wsp\u00f3\u0142pracy z Gospodark\u0105: <a href=\"mailto:transfer@us.edu.pl\">transfer@us.edu.pl<\/a>;<\/li>\n<li>projekty wynalazcze Biuro Rzecznik\u00f3w Patentowych U\u015a: <a href=\"mailto:brp@us.edu.pl\">brp@us.edu.pl<\/a>;<\/li>\n<li>wyniki ankiety oceny pracy dydaktycznej nauczyciela &#8211; Dzia\u0142 Jako\u015bci i Analiz Strategicznych: <a href=\"mailto:djas@us.edu.pl\">djas@us.edu.pl<\/a>;<\/li>\n<li>informacje o prowadzonych zaj\u0119ciach \u2013 dziekanat w\u0142a\u015bciwego wydzia\u0142u lub kolegium.<\/li>\n<\/ul>\n<p>\n<\/div>\r\n                    <\/div>\r\n                <\/div>[\/vc_column][vc_column width=&#8221;1\/6&#8243;]\r\n                <div class='sidebar_moduls sidebar_button' style=\"background-color: #EBEBEB; color: #002E5A\">\r\n                    <h3><\/h3>\r\n                    <div class='link-button-wrap'><a style=\"background-color: #002E5A!important; color: #FFFFFF!important\" href='https:\/\/us.edu.pl\/pracownik\/sprawy-pracownicze\/ocena-okresowa\/archiwum-oceny-okresowej-nauczyciela-akademickiego\/' class='link-button'>archiwum tre\u015bci oceny okresowej nauczyciela akademickiego<\/a><\/div>\r\n                <\/div>[\/vc_column][\/vc_row][vc_row][vc_column][vc_column_text][\/vc_column_text][\/vc_column][\/vc_row]<\/p>\n<style type=\"text\/css\">a[data-mtli~=\"mtli_filesize36,44kB\"]:after {content:\" (36,44 kB)\"}a[data-mtli~=\"mtli_filesize444,12kB\"]:after {content:\" (444,12 kB)\"}<\/style>","protected":false},"excerpt":{"rendered":"<p>[vc_row][vc_column][\/vc_column][\/vc_row][vc_row][vc_column width=&#8221;5\/6&#8243;][\/vc_column][vc_column width=&#8221;1\/6&#8243;][\/vc_column][\/vc_row][vc_row][vc_column][vc_column_text][\/vc_column_text][\/vc_column][\/vc_row] [&#8230;]<\/p>\n<p><a class=\"btn btn-secondary understrap-read-more-link\" href=\"https:\/\/us.edu.pl\/pracownik\/sprawy-pracownicze\/ocena-okresowa\/\">Read More&#8230;<\/a><\/p>\n","protected":false},"author":41,"featured_media":0,"parent":174,"menu_order":264,"comment_status":"closed","ping_status":"closed","template":"page-templates\/page-with-bookmarks.php","meta":{"_expiration-date-status":"","_expiration-date":0,"_expiration-date-type":"","_expiration-date-categories":[],"_expiration-date-options":[]},"acf":[],"_links":{"self":[{"href":"https:\/\/us.edu.pl\/pracownik\/wp-json\/wp\/v2\/pages\/4974"}],"collection":[{"href":"https:\/\/us.edu.pl\/pracownik\/wp-json\/wp\/v2\/pages"}],"about":[{"href":"https:\/\/us.edu.pl\/pracownik\/wp-json\/wp\/v2\/types\/page"}],"author":[{"embeddable":true,"href":"https:\/\/us.edu.pl\/pracownik\/wp-json\/wp\/v2\/users\/41"}],"replies":[{"embeddable":true,"href":"https:\/\/us.edu.pl\/pracownik\/wp-json\/wp\/v2\/comments?post=4974"}],"version-history":[{"count":12,"href":"https:\/\/us.edu.pl\/pracownik\/wp-json\/wp\/v2\/pages\/4974\/revisions"}],"predecessor-version":[{"id":42486,"href":"https:\/\/us.edu.pl\/pracownik\/wp-json\/wp\/v2\/pages\/4974\/revisions\/42486"}],"up":[{"embeddable":true,"href":"https:\/\/us.edu.pl\/pracownik\/wp-json\/wp\/v2\/pages\/174"}],"wp:attachment":[{"href":"https:\/\/us.edu.pl\/pracownik\/wp-json\/wp\/v2\/media?parent=4974"}],"curies":[{"name":"wp","href":"https:\/\/api.w.org\/{rel}","templated":true}]}}