{"id":5384,"date":"2020-01-24T10:34:57","date_gmt":"2020-01-24T09:34:57","guid":{"rendered":"https:\/\/us.edu.pl\/pracownik\/?page_id=5384"},"modified":"2026-04-22T12:47:05","modified_gmt":"2026-04-22T10:47:05","slug":"dostawa-zaluzji-pionowych-i-poziomych-oraz-rolet-wewnetrznych-i-zewnetrznych","status":"publish","type":"page","link":"https:\/\/us.edu.pl\/pracownik\/procedury-i-obieg-dokumentow\/logistyka\/aktualne-umowy-dlugoterminowe\/dostawa-zaluzji-pionowych-i-poziomych-oraz-rolet-wewnetrznych-i-zewnetrznych\/","title":{"rendered":"Dostawa \u017caluzji pionowych i poziomych oraz rolet wewn\u0119trznych i zewn\u0119trznych"},"content":{"rendered":"<p>[vc_row][vc_column][\/vc_column][\/vc_row][vc_row][vc_column]\r\n                <div class=\"text-modules\">\r\n                    <div class=\"container\">\r\n                        <h3 class=\"page-title text__title\">Dostawa \u017caluzji pionowych i poziomych oraz rolet wewn\u0119trznych i zewn\u0119trznych<\/h3>\r\n                        <div class=\"text-modules__content\"><\/p>\n<p style=\"margin-top: 0cm; background: white;\"><span style=\"font-size: 13.0pt; font-family: 'Open Sans',sans-serif; color: black;\">W dniu <strong><span style=\"font-family: 'Open Sans',sans-serif;\">3.09.2025<\/span><\/strong>\u00a0roku zosta\u0142a zawarta umowa d\u0142ugoterminowa na dostaw\u0119 \u017caluzji pionowych i poziomych oraz rolet wewn\u0119trznych i zewn\u0119trznych<\/span><\/p>\n<p style=\"margin-top: 0cm; background: white;\"><strong><span style=\"font-size: 13.0pt; font-family: 'Open Sans',sans-serif; color: black;\">Wykonawca:\u00a0<\/span><\/strong><span style=\"font-size: 13.0pt; font-family: 'Open Sans',sans-serif; color: black;\">F.P.H.U. \u201eTULUS\u201d EDYTA TABAKA ul. Stoczniowa 51, 51-215 Wroc\u0142aw<\/span><\/p>\n<p style=\"margin-top: 0cm; background: white; box-sizing: border-box; overflow-wrap: break-word; margin-bottom: 1rem; font-variant-ligatures: normal; font-variant-caps: normal; orphans: 2; widows: 2; -webkit-text-stroke-width: 0px; text-decoration-thickness: initial; text-decoration-style: initial; text-decoration-color: initial; word-spacing: 0px;\"><strong><span style=\"font-size: 13.0pt; font-family: 'Open Sans',sans-serif; color: black;\">Numer umowy:\u00a0<\/span><\/strong><strong><span style=\"font-size: 12.0pt; font-family: 'Open Sans',sans-serif; color: black;\">DZP.382.1.45.2025<\/span><\/strong><\/p>\n<p style=\"margin-top: 0cm; background: white; box-sizing: border-box; overflow-wrap: break-word; margin-bottom: 1rem; font-variant-ligatures: normal; font-variant-caps: normal; orphans: 2; widows: 2; -webkit-text-stroke-width: 0px; text-decoration-thickness: initial; text-decoration-style: initial; text-decoration-color: initial; word-spacing: 0px;\"><strong><span style=\"font-size: 13.0pt; font-family: 'Open Sans',sans-serif; color: black;\">Termin realizacji:\u00a0<\/span><\/strong><strong><span style=\"font-size: 12.0pt; font-family: 'Open Sans',sans-serif; color: black;\">od 03.09.2025 do 03.09.2026<\/span><\/strong><\/p>\n<p style=\"margin-top: 0cm; background: white;\"><span style=\"font-size: 13.0pt; font-family: 'Open Sans',sans-serif; color: black;\">Wykonawca b\u0119dzie realizowa\u0142 przedmiot umowy sukcesywnie, partiami, wed\u0142ug bie\u017c\u0105cych potrzeb Zamawiaj\u0105cego, w okresie od 03.09.2025 do 03.09.2026 albo do wyczerpania kwoty przeznaczonej na finansowanie zam\u00f3wienia (kt\u00f3ra stanowi warto\u015b\u0107 umowy), je\u017celi jej wyczerpanie nast\u0105pi przed 03.09.2026. Wykonawca b\u0119dzie realizowa\u0142 zam\u00f3wienia w terminie:<\/span><\/p>\n<p style=\"margin-top: 0cm; background: white;\"><span style=\"font-size: 13.0pt; font-family: 'Open Sans',sans-serif; color: black;\">&#8211; do 12 dni roboczych dla rolet drewnianych, oraz <\/span><\/p>\n<p style=\"margin-top: 0cm; background: white;\"><span style=\"font-size: 13.0pt; font-family: 'Open Sans',sans-serif; color: black;\">&#8211; do 6 dni roboczych dla pozosta\u0142ych artyku\u0142\u00f3w, licz\u0105c od daty przekazania zam\u00f3wienia.<\/span><\/p>\n<p style=\"margin-top: 0cm; background: white;\"><strong><span style=\"font-size: 13.0pt; font-family: 'Open Sans',sans-serif; color: black;\">Osoba nadzoruj\u0105ca realizacj\u0119 umowy ze strony Zamawiaj\u0105cego: \u00a0<\/span><\/strong><\/p>\n<p style=\"margin-top: 0cm; background: white; box-sizing: border-box; overflow-wrap: break-word; margin-bottom: 1rem; font-variant-ligatures: normal; font-variant-caps: normal; orphans: 2; widows: 2; -webkit-text-stroke-width: 0px; text-decoration-thickness: initial; text-decoration-style: initial; text-decoration-color: initial; word-spacing: 0px;\"><strong><span style=\"font-size: 13.0pt; font-family: 'Open Sans',sans-serif; color: black;\">Ma\u0142gorzata Chojecka<\/span><\/strong><span style=\"font-size: 13.0pt; font-family: 'Open Sans',sans-serif; color: black;\">; Dzia\u0142 Zarz\u0105dzania Dostawami U\u015a, ul. Bankowa 14, Katowice; tel. 32\/359 11 71, e-mail:\u00a0<a href=\"mailto:malgorzata.chojecka@us.edu.pl\">malgorzata.chojecka@us.edu.pl<\/a><\/span><\/p>\n<p style=\"margin-top: 0cm; background: white; box-sizing: border-box; overflow-wrap: break-word; margin-bottom: 1rem; font-variant-ligatures: normal; font-variant-caps: normal; orphans: 2; widows: 2; -webkit-text-stroke-width: 0px; text-decoration-thickness: initial; text-decoration-style: initial; text-decoration-color: initial; word-spacing: 0px;\"><strong><span style=\"font-size: 13.0pt; font-family: 'Open Sans',sans-serif; color: black;\">Osoba odpowiedzialna za realizacj\u0119 umowy ze strony Wykonawcy:<\/span><\/strong><span style=\"font-size: 13.0pt; font-family: 'Open Sans',sans-serif; color: black;\">\u00a0<\/span><\/p>\n<p style=\"margin-top: 0cm; background: white; box-sizing: border-box; overflow-wrap: break-word; margin-bottom: 1rem; font-variant-ligatures: normal; font-variant-caps: normal; orphans: 2; widows: 2; -webkit-text-stroke-width: 0px; text-decoration-thickness: initial; text-decoration-style: initial; text-decoration-color: initial; word-spacing: 0px;\"><strong><span style=\"font-size: 13.0pt; font-family: 'Open Sans',sans-serif; color: black;\">Tomasz Tabaka<\/span><\/strong><span style=\"font-size: 13.0pt; font-family: 'Open Sans',sans-serif; color: black;\">\u00a0tel. 723-992-424, e- mail:\u00a0<a href=\"mailto:tabaka.tomasz@gmail.com\">tabaka.tomasz@gmail.com<\/a><\/span><\/p>\n<p style=\"margin-top: 0cm; background: white; box-sizing: border-box; overflow-wrap: break-word; margin-bottom: 1rem; font-variant-ligatures: normal; font-variant-caps: normal; orphans: 2; widows: 2; -webkit-text-stroke-width: 0px; text-decoration-thickness: initial; text-decoration-style: initial; text-decoration-color: initial; word-spacing: 0px;\"><span style=\"font-size: 13.0pt; font-family: 'Open Sans',sans-serif; color: black;\">Zakres przedmiotu umowy obejmuje dostaw\u0119 \u017caluzji pionowych i poziomych oraz rolet wewn\u0119trznych i zewn\u0119trznych\u00a0wraz z ich dostarczeniem do Zamawiaj\u0105cego oraz monta\u017cem. Przez monta\u017c nale\u017cy rozumie\u0107 instalacj\u0119 kompletnych i\u00a0gotowych do u\u017cycia \u017caluzji w\u00a0pomieszczeniach, w kt\u00f3rych b\u0119d\u0105 u\u017cytkowane.<\/span><\/p>\n<p>\n<\/div>\r\n                    <\/div>\r\n                <\/div>[\/vc_column][\/vc_row]<\/p>","protected":false},"excerpt":{"rendered":"<p>[vc_row][vc_column][\/vc_column][\/vc_row][vc_row][vc_column][\/vc_column][\/vc_row] [&#8230;]<\/p>\n<p><a class=\"btn btn-secondary understrap-read-more-link\" href=\"https:\/\/us.edu.pl\/pracownik\/procedury-i-obieg-dokumentow\/logistyka\/aktualne-umowy-dlugoterminowe\/dostawa-zaluzji-pionowych-i-poziomych-oraz-rolet-wewnetrznych-i-zewnetrznych\/\">Read More&#8230;<\/a><\/p>\n","protected":false},"author":41,"featured_media":0,"parent":2268,"menu_order":259,"comment_status":"closed","ping_status":"closed","template":"page-templates\/inner-page.php","meta":{"_expiration-date-status":"","_expiration-date":0,"_expiration-date-type":"","_expiration-date-categories":[],"_expiration-date-options":[]},"acf":[],"_links":{"self":[{"href":"https:\/\/us.edu.pl\/pracownik\/wp-json\/wp\/v2\/pages\/5384"}],"collection":[{"href":"https:\/\/us.edu.pl\/pracownik\/wp-json\/wp\/v2\/pages"}],"about":[{"href":"https:\/\/us.edu.pl\/pracownik\/wp-json\/wp\/v2\/types\/page"}],"author":[{"embeddable":true,"href":"https:\/\/us.edu.pl\/pracownik\/wp-json\/wp\/v2\/users\/41"}],"replies":[{"embeddable":true,"href":"https:\/\/us.edu.pl\/pracownik\/wp-json\/wp\/v2\/comments?post=5384"}],"version-history":[{"count":10,"href":"https:\/\/us.edu.pl\/pracownik\/wp-json\/wp\/v2\/pages\/5384\/revisions"}],"predecessor-version":[{"id":43285,"href":"https:\/\/us.edu.pl\/pracownik\/wp-json\/wp\/v2\/pages\/5384\/revisions\/43285"}],"up":[{"embeddable":true,"href":"https:\/\/us.edu.pl\/pracownik\/wp-json\/wp\/v2\/pages\/2268"}],"wp:attachment":[{"href":"https:\/\/us.edu.pl\/pracownik\/wp-json\/wp\/v2\/media?parent=5384"}],"curies":[{"name":"wp","href":"https:\/\/api.w.org\/{rel}","templated":true}]}}