{"id":625,"date":"2019-09-19T12:28:43","date_gmt":"2019-09-19T10:28:43","guid":{"rendered":"http:\/\/php71.nfinity-beta.pl\/us\/pracownik\/?page_id=625"},"modified":"2024-02-07T11:08:10","modified_gmt":"2024-02-07T10:08:10","slug":"pokoje-goscinne-i-osrodki","status":"publish","type":"page","link":"https:\/\/us.edu.pl\/pracownik\/sprawy-socjalne\/pokoje-goscinne-i-osrodki\/","title":{"rendered":"Pokoje go\u015bcinne i o\u015brodki"},"content":{"rendered":"<p>[vc_row][vc_column][\/vc_column][\/vc_row][vc_row][vc_column]\r\n                <div class=\"text-modules\">\r\n                    <div class=\"container\">\r\n                        <h3 class=\"page-title text__title\">Pokoje go\u015bcinne i o\u015brodki wypoczynkowe Uniwersytetu \u015al\u0105skiego<\/h3>\r\n                        <div class=\"text-modules__content\"><p><strong><span style=\"font-family: verdana, geneva, sans-serif; color: #002e5a;\"><a style=\"color: #002e5a;\" href=\"http:\/\/bip.us.edu.pl\/zarzadzenie-nr-992019\"><span style=\"font-size: medium;\">Zarz\u0105dzenie w sprawie zasad przyznawania pomieszcze\u0144 oraz zamieszkiwania w Domach Asystenta Uniwersytetu \u015al\u0105skiego<\/span><\/a><\/span><\/strong><\/p>\n<\/div>\r\n                    <\/div>\r\n                <\/div>\r\n\t\t\t\t<div class='container'>\r\n\t\t\t\t\t<div class='list-links list-links_'>\r\n\t\t\t\t\t\t  \r\n\t\t\t\t\t\t  <ul>\r\n\t\t\t\t\t\t\t\t<li><a href='https:\/\/us.edu.pl\/student\/wsparcie-i-fundusze\/akademiki-2\/pokojegoscinne\/'><h2>Pokoje go\u015bcinne Uniwersytetu \u015al\u0105skiego<\/h2><\/a><\/li>\r\n\t\t\t\t\t\t\t\t<li><a href='https:\/\/us.edu.pl\/pokoje-goscinne-i-osrodki-wypoczynkowe-uniwersytetu-slaskiego\/dom-asystenta-nr-3-w-katowicach\/'><h2>Pokoje go\u015bcinne U\u015a w Katowicach<\/h2><\/a><\/li>\r\n\t\t\t\t\t\t\t\t<li><a href='https:\/\/us.edu.pl\/pokoje-goscinne-i-osrodki-wypoczynkowe-uniwersytetu-slaskiego\/pokoje-goscinne-w-chorzowie\/'><h2>Pokoje go\u015bcinne U\u015a w Chorzowie<\/h2><\/a><\/li>\r\n\t\t\t\t\t\t\t\t<li><a href='https:\/\/us.edu.pl\/pokoje-goscinne-i-osrodki-wypoczynkowe-uniwersytetu-slaskiego\/osrodek-wypoczynkowy-w-szczyrku\/'><h2>O\u015brodki wypoczynkowe: Szczyrk<\/h2><\/a><\/li>\r\n\t\t\t\t\t\t\t\t<li><a href='https:\/\/us.edu.pl\/student\/index\/akademiki-2\/'><h2>Akademiki<\/h2><\/a><\/li><\/ul>\r\n\t\t\t\t\t<\/div>\r\n\t\t\t\t<\/div>   \r\n\t\t\t\t\t[\/vc_column][\/vc_row]<\/p>","protected":false},"excerpt":{"rendered":"<p>[vc_row][vc_column][\/vc_column][\/vc_row][vc_row][vc_column][\/vc_column][\/vc_row] [&#8230;]<\/p>\n<p><a class=\"btn btn-secondary understrap-read-more-link\" href=\"https:\/\/us.edu.pl\/pracownik\/sprawy-socjalne\/pokoje-goscinne-i-osrodki\/\">Read More&#8230;<\/a><\/p>\n","protected":false},"author":1,"featured_media":0,"parent":522,"menu_order":387,"comment_status":"closed","ping_status":"closed","template":"page-templates\/inner-page.php","meta":{"_expiration-date-status":"","_expiration-date":0,"_expiration-date-type":"","_expiration-date-categories":[],"_expiration-date-options":[]},"acf":[],"_links":{"self":[{"href":"https:\/\/us.edu.pl\/pracownik\/wp-json\/wp\/v2\/pages\/625"}],"collection":[{"href":"https:\/\/us.edu.pl\/pracownik\/wp-json\/wp\/v2\/pages"}],"about":[{"href":"https:\/\/us.edu.pl\/pracownik\/wp-json\/wp\/v2\/types\/page"}],"author":[{"embeddable":true,"href":"https:\/\/us.edu.pl\/pracownik\/wp-json\/wp\/v2\/users\/1"}],"replies":[{"embeddable":true,"href":"https:\/\/us.edu.pl\/pracownik\/wp-json\/wp\/v2\/comments?post=625"}],"version-history":[{"count":10,"href":"https:\/\/us.edu.pl\/pracownik\/wp-json\/wp\/v2\/pages\/625\/revisions"}],"predecessor-version":[{"id":24223,"href":"https:\/\/us.edu.pl\/pracownik\/wp-json\/wp\/v2\/pages\/625\/revisions\/24223"}],"up":[{"embeddable":true,"href":"https:\/\/us.edu.pl\/pracownik\/wp-json\/wp\/v2\/pages\/522"}],"wp:attachment":[{"href":"https:\/\/us.edu.pl\/pracownik\/wp-json\/wp\/v2\/media?parent=625"}],"curies":[{"name":"wp","href":"https:\/\/api.w.org\/{rel}","templated":true}]}}