{"id":7023,"date":"2020-03-30T12:31:07","date_gmt":"2020-03-30T10:31:07","guid":{"rendered":"https:\/\/us.edu.pl\/pracownik\/?page_id=7023"},"modified":"2025-06-26T14:26:39","modified_gmt":"2025-06-26T12:26:39","slug":"dostawa-pieczatek-2","status":"publish","type":"page","link":"https:\/\/us.edu.pl\/pracownik\/procedury-i-obieg-dokumentow\/logistyka\/aktualne-umowy-dlugoterminowe\/dostawa-pieczatek-2\/","title":{"rendered":"Dostawa piecz\u0105tek"},"content":{"rendered":"<p>[vc_row][vc_column][\/vc_column][\/vc_row][vc_row][vc_column]\r\n                <div class=\"text-modules\">\r\n                    <div class=\"container\">\r\n                        <h3 class=\"page-title text__title\">Dostawa piecz\u0105tek<\/h3>\r\n                        <div class=\"text-modules__content\"><p>Szanowni Pa\u0144stwo,<\/p>\n<p>uprzejmie informujemy, i\u017c w dniu\u00a0\u00a0<strong>16 kwietnia 2025\u00a0<\/strong>roku zosta\u0142a zawarta umowa d\u0142ugoterminowa na dostaw\u0119\u00a0 piecz\u0105tek\u00a0wg bie\u017c\u0105cych potrzeb Zamawiaj\u0105cego.<\/p>\n<p>&nbsp;<\/p>\n<p><strong>Wykonawca:<\/strong><\/p>\n<p><strong>Przedsi\u0119biorstwo Handlowo-Us\u0142ugowe TACOM Marek Szaraniec<\/strong><\/p>\n<p><strong>ul. Teatralna 6\/2;\u00a0\u00a040-003 Katowice<\/strong><\/p>\n<p><strong>Numer umowy:\u00a0DZD.382.023.KM.2025 cz\u0119\u015b\u0107 A i B<\/strong><\/p>\n<p><strong>Termin realizacji:\u00a016.04.2025 r. do 16.04.2026 r.<\/strong><\/p>\n<p>&nbsp;<\/p>\n<p>Wykonawca b\u0119dzie realizowa\u0107 sprzeda\u017c piecz\u0105tek sukcesywnie, partiami, wed\u0142ug bie\u017c\u0105cych potrzeb Zamawiaj\u0105cego przez okres 12 miesi\u0119cy od daty zawarcia umowy do dnia 16.04.2026 r. Dostawy b\u0119d\u0105 realizowane w\u00a0terminie do 14 dni roboczych od daty otrzymania pisemnego zam\u00f3wienia wystawionego przez Dzia\u0142 Zarz\u0105dzania Dostawami i przekazanego do Wykonawcy.<\/p>\n<p>&nbsp;<\/p>\n<p>Osoba nadzoruj\u0105ca realizacj\u0119 umowy ze strony Zamawiaj\u0105cego:<\/p>\n<p><strong>Karolina Malinowska ;\u00a0tel. 32\u00a0359 2242, email:\u00a0<\/strong><a href=\"mailto:karolina.malinowska@us.edu.pl\">karolina.malinowska@us.edu.pl<\/a><\/p>\n<p>lub<\/p>\n<p><strong>Zbigniew Lorenc ;\u00a0tel. 32\u00a0359 2239, email:\u00a0<\/strong><a href=\"mailto:zbigniew.lorenc@us.edu.pl\">zbigniew.lorenc@us.edu.pl<\/a><\/p>\n<p>&nbsp;<\/p>\n<p>Osoby odpowiedzialne za realizacj\u0119 umowy ze strony Wykonawcy:<\/p>\n<p><strong>Marek Szaraniec lub Krzysztof Kontny ;\u00a0<\/strong>tel. 32\u00a0253 80 23, email:\u00a0\u00a0<a href=\"mailto:tacom@tacom.pl\">tacom@tacom.pl<\/a><\/p>\n<p>&nbsp;<\/p>\n<p><a href=\"https:\/\/us.edu.pl\/pracownik\/wp-content\/uploads\/sites\/2\/Bez-kategorii\/Asortyment-pieczatki.pdf\" class=\"mtli_attachment mtli_pdf\" data-mtli=\"mtli_filesize115,08kB\" class=\"mtli_attachment mtli_pdf\" data-mtli=\"mtli_filesize115,08kB\">Asortyment &#8211; piecz\u0105tki<\/a><\/p>\n<style type=\"text\/css\">a[data-mtli~=\"mtli_filesize115,08kB\"]:after {content:\" (115,08 kB)\"}<\/style><\/div>\r\n                    <\/div>\r\n                <\/div>[\/vc_column][\/vc_row][vc_row][vc_column]\r\n\t\t\t\t\t<div class='container'>\r\n\t\t\t\t\t\t<div class='sidebar_moduls sidebar_dropdown zakladki' style='background-color: '>\r\n\t\t\t\t\t\t\t<h3 class='page-title'><\/h3>\r\n\t\t\t\t\t\t\t<p class='zakladki__desc'><\/p>\r\n\r\n\t\t\t\t\t\t\t<div class='bookmarks'><\/div>\r\n\t\t\t\t\t\t<\/div>\r\n\t\t\t\t\t <\/div>[\/vc_column][\/vc_row]<\/p>\n<style type=\"text\/css\">a[data-mtli~=\"mtli_filesize115,08kB\"]:after {content:\" (115,08 kB)\"}<\/style>","protected":false},"excerpt":{"rendered":"<p>[vc_row][vc_column][\/vc_column][\/vc_row][vc_row][vc_column][\/vc_column][\/vc_row][vc_row][vc_column][\/vc_column][\/vc_row] [&#8230;]<\/p>\n<p><a class=\"btn btn-secondary understrap-read-more-link\" href=\"https:\/\/us.edu.pl\/pracownik\/procedury-i-obieg-dokumentow\/logistyka\/aktualne-umowy-dlugoterminowe\/dostawa-pieczatek-2\/\">Read More&#8230;<\/a><\/p>\n","protected":false},"author":91,"featured_media":0,"parent":2268,"menu_order":225,"comment_status":"closed","ping_status":"closed","template":"page-templates\/inner-page.php","meta":{"_expiration-date-status":"","_expiration-date":0,"_expiration-date-type":"","_expiration-date-categories":[],"_expiration-date-options":[]},"acf":[],"_links":{"self":[{"href":"https:\/\/us.edu.pl\/pracownik\/wp-json\/wp\/v2\/pages\/7023"}],"collection":[{"href":"https:\/\/us.edu.pl\/pracownik\/wp-json\/wp\/v2\/pages"}],"about":[{"href":"https:\/\/us.edu.pl\/pracownik\/wp-json\/wp\/v2\/types\/page"}],"author":[{"embeddable":true,"href":"https:\/\/us.edu.pl\/pracownik\/wp-json\/wp\/v2\/users\/91"}],"replies":[{"embeddable":true,"href":"https:\/\/us.edu.pl\/pracownik\/wp-json\/wp\/v2\/comments?post=7023"}],"version-history":[{"count":9,"href":"https:\/\/us.edu.pl\/pracownik\/wp-json\/wp\/v2\/pages\/7023\/revisions"}],"predecessor-version":[{"id":38153,"href":"https:\/\/us.edu.pl\/pracownik\/wp-json\/wp\/v2\/pages\/7023\/revisions\/38153"}],"up":[{"embeddable":true,"href":"https:\/\/us.edu.pl\/pracownik\/wp-json\/wp\/v2\/pages\/2268"}],"wp:attachment":[{"href":"https:\/\/us.edu.pl\/pracownik\/wp-json\/wp\/v2\/media?parent=7023"}],"curies":[{"name":"wp","href":"https:\/\/api.w.org\/{rel}","templated":true}]}}