{"id":721,"date":"2019-09-20T09:53:16","date_gmt":"2019-09-20T07:53:16","guid":{"rendered":"http:\/\/php71.nfinity-beta.pl\/us\/pracownik\/?page_id=721"},"modified":"2025-08-20T11:43:11","modified_gmt":"2025-08-20T09:43:11","slug":"pensum-dydaktyczne","status":"publish","type":"page","link":"https:\/\/us.edu.pl\/pracownik\/sprawy-dydaktyczne\/pensum-dydaktyczne\/","title":{"rendered":"Pensum dydaktyczne"},"content":{"rendered":"<p>[vc_row][vc_column]\r\n                <div class=\"text-modules\">\r\n                    <div class=\"container\">\r\n                        <h3 class=\"page-title text__title\">Pensum dydaktyczne<\/h3>\r\n                        <div class=\"text-modules__content\"><p>Wydzia\u0142y zobowi\u0105zane s\u0105 do ustalania na ka\u017cdy rok akademicki zdolno\u015bci dydaktycznej, przez kt\u00f3r\u0105 rozumie si\u0119 stanowi\u0105c\u0105 oddzielnie dla ka\u017cdego wydzia\u0142u sum\u0119 godzin dydaktycznych, wynikaj\u0105cych ze struktury zatrudnienia i obowi\u0105zuj\u0105cego dla poszczeg\u00f3lnych stanowisk pensum. Planowanie i rozliczanie pensum, godzin ponadwymiarowych i zleconych wspiera Uniwersytecki System Obs\u0142ugi Student\u00f3w (USOS).<br \/>\nPrzed rozpocz\u0119ciem roku akademickiego upowa\u017cniony przez dziekana pracownik wydzia\u0142u wprowadza do USOS wszystkie, zaplanowane na dany rok akademicki zaj\u0119cia dydaktyczne, wynikaj\u0105ce z program\u00f3w studi\u00f3w.<br \/>\nWprowadzone do USOS modu\u0142y wraz z przyporz\u0105dkowanymi, zgodnie z programem studi\u00f3w rodzajami zaj\u0119\u0107, rzeczywist\u0105 liczb\u0105 grup zaj\u0119ciowych oraz przypisanymi do odpowiednich grup osobami prowadz\u0105cymi zaj\u0119cia stanowi\u0105 podstaw\u0119 rozliczenia godzin dydaktycznych. Rozliczeniu podlegaj\u0105 jedynie godziny faktycznie zrealizowane.<\/p>\n<\/div>\r\n                    <\/div>\r\n                <\/div>[\/vc_column][\/vc_row]<\/p>","protected":false},"excerpt":{"rendered":"<p>[vc_row][vc_column][\/vc_column][\/vc_row] [&#8230;]<\/p>\n<p><a class=\"btn btn-secondary understrap-read-more-link\" href=\"https:\/\/us.edu.pl\/pracownik\/sprawy-dydaktyczne\/pensum-dydaktyczne\/\">Read More&#8230;<\/a><\/p>\n","protected":false},"author":1,"featured_media":0,"parent":182,"menu_order":448,"comment_status":"closed","ping_status":"closed","template":"page-templates\/page-with-sidebar-and-bookmarks.php","meta":{"_expiration-date-status":"saved","_expiration-date":0,"_expiration-date-type":"","_expiration-date-categories":[],"_expiration-date-options":[]},"acf":[],"_links":{"self":[{"href":"https:\/\/us.edu.pl\/pracownik\/wp-json\/wp\/v2\/pages\/721"}],"collection":[{"href":"https:\/\/us.edu.pl\/pracownik\/wp-json\/wp\/v2\/pages"}],"about":[{"href":"https:\/\/us.edu.pl\/pracownik\/wp-json\/wp\/v2\/types\/page"}],"author":[{"embeddable":true,"href":"https:\/\/us.edu.pl\/pracownik\/wp-json\/wp\/v2\/users\/1"}],"replies":[{"embeddable":true,"href":"https:\/\/us.edu.pl\/pracownik\/wp-json\/wp\/v2\/comments?post=721"}],"version-history":[{"count":11,"href":"https:\/\/us.edu.pl\/pracownik\/wp-json\/wp\/v2\/pages\/721\/revisions"}],"predecessor-version":[{"id":40509,"href":"https:\/\/us.edu.pl\/pracownik\/wp-json\/wp\/v2\/pages\/721\/revisions\/40509"}],"up":[{"embeddable":true,"href":"https:\/\/us.edu.pl\/pracownik\/wp-json\/wp\/v2\/pages\/182"}],"wp:attachment":[{"href":"https:\/\/us.edu.pl\/pracownik\/wp-json\/wp\/v2\/media?parent=721"}],"curies":[{"name":"wp","href":"https:\/\/api.w.org\/{rel}","templated":true}]}}