{"id":944,"date":"2019-10-03T14:49:18","date_gmt":"2019-10-03T12:49:18","guid":{"rendered":"https:\/\/us.edu.pl\/pracownik\/?page_id=944"},"modified":"2019-10-03T14:50:35","modified_gmt":"2019-10-03T12:50:35","slug":"instrukcje-dostepne-w-inspektoracie-bhp-i-op","status":"publish","type":"page","link":"https:\/\/us.edu.pl\/pracownik\/instrukcje-dostepne-w-inspektoracie-bhp-i-op\/","title":{"rendered":"INSTRUKCJE DOST\u0118PNE W INSPEKTORACIE BHP I OP"},"content":{"rendered":"<p>I. Instrukcje dotycz\u0105ce pierwszej pomocy:<br \/>\n\u25cf Pierwsza pomoc w nag\u0142ych wypadkach,<br \/>\n\u25cf Instrukcja udzielania I-szej pomocy &#8211; stany nagl\u0105ce,<br \/>\n\u25cf Instrukcja udzielania I-szej pomocy &#8211; post\u0119powanie z osob\u0105 nieprzytomn\u0105,<br \/>\n\u25cf Instrukcja udzielania I-szej pomocy &#8211; oparzenia,<br \/>\n\u25cf Instrukcja udzielania I-szej pomocy &#8211; zatrucia,<br \/>\n\u25cf Instrukcja post\u0119powania w przypadkach oparzenia kwasem lub \u0142ugiem,<br \/>\n\u25cf Ratowanie os\u00f3b pora\u017conych pr\u0105dem,<br \/>\nII. Instrukcje dotycz\u0105ce substancji niebezpiecznych:<br \/>\n\u25cf Instrukcja BHP przy sk\u0142adowaniu, przechowywaniu i transporcie materia\u0142\u00f3w<br \/>\ni substancji niebezpiecznych,<br \/>\n\u25cf Instrukcja bezpiecznej pracy w laboratoriach chemicznych Uniwersytetu \u015al\u0105skiego,<br \/>\n\u25cf Instrukcja post\u0119powania przy pracach neutralizacyjnych oraz gromadzenie odpad\u00f3w,<br \/>\n\u25cf Instrukcja BHP dla pracownik\u00f3w zatrudnionych w magazynie chemicznym,<br \/>\n\u25cf Instrukcja BHP przy wykonywaniu prac w laboratorium chemicznym,<br \/>\n\u25cf Instrukcja BHP przy stosowaniu substancji zawieraj\u0105cych czynniki rakotw\u00f3rcze,<br \/>\n\u25cf Instrukcja BHP dla pracownik\u00f3w zatrudnionych w magazynie og\u00f3lnym,<br \/>\n\u25cf Instrukcja post\u0119powania przy pracach z niebezpiecznymi substancjami chemicznymi.<br \/>\nIII. Instrukcje z zakresu ochrony ppo\u017c.:<br \/>\n\u25cf Instrukcja przeciwpo\u017carowego zabezpieczenia magazyn\u00f3w nie zagro\u017conych<br \/>\nwybuchem,<br \/>\n\u25cf Wskazania w zakresie ewakuacji os\u00f3b dla mieszka\u0144c\u00f3w Dom\u00f3w Studenta i Hoteli<br \/>\nAkademickich Uniwersytetu \u015al\u0105skiego w Katowicach.<br \/>\nIV. Instrukcje dotycz\u0105ce stanowisk biurowych:<br \/>\n\u25cf Instrukcja BHP przy obs\u0142udze komputera i drukarki,<br \/>\n\u25cf Instrukcja BHP przy obs\u0142udze kserokopiarki,<br \/>\n\u25cf Instrukcja BHP przy obs\u0142udze niszczarki dokument\u00f3w (krajarki)<br \/>\nV. Pozosta\u0142e instrukcje:<br \/>\n\u25cf Instrukcja obs\u0142ugi autoklawu ASV,<br \/>\n\u25cf Og\u00f3lna instrukcja BHP dla warsztat\u00f3w samochodowych,<br \/>\n\u25cf Instrukcja BHP dla obs\u0142ugi akumulatorowni,<br \/>\n\u25cf Instrukcja BHP przy r\u0119cznym przenoszeniu ci\u0119\u017car\u00f3w,<\/p>\n<p>\u25cf Instrukcja BHP przy u\u017cywaniu narz\u0119dzi r\u0119cznych,<br \/>\n\u25cf Instrukcja BHP dla ustawiaj\u0105cych rusztowania,<br \/>\n\u25cf Instrukcja BHP dla montera urz\u0105dze\u0144 i aparatury na wysoko\u015bci,<br \/>\n\u25cf Instrukcja BHP dla pracownika korzystaj\u0105cego z butli z gazami przemys\u0142owymi<br \/>\n( technicznymi),<br \/>\n\u25cf Instrukcja BHP w warsztatach stolarskich,<br \/>\n\u25cf Instrukcja BHP przy obs\u0142udze obrabiarki do drewna,<br \/>\n\u25cf Instrukcja BHP przy obs\u0142udze spr\u0119\u017carek,<br \/>\n\u25cf Instrukcja BHP dla spawacza gazowego,<br \/>\n\u25cf Instrukcja BHP dla spawacza elektrycznego,<br \/>\n\u25cf Instrukcja BHP na stanowisku spawacza,<br \/>\n\u25cf Instrukcja BHP na stanowisku tokarza obr\u00f3bki metali,<br \/>\n\u25cf Instrukcja BHP na stanowisku szlifierza,<br \/>\n\u25cf Instrukcja BHP na stanowisku \u015blusarza,<br \/>\n\u25cf Instrukcja BHP dla obs\u0142ugi r\u0119cznej szlifierki,<br \/>\n\u25cf Instrukcja BHP przy obs\u0142udze pi\u0142y tarczowej do drewna,<br \/>\n\u25cf Instrukcja BHP przy obs\u0142udze frezarki do obr\u00f3bki metali,<br \/>\n\u25cf Instrukcja BHP przy obs\u0142udze strugarki &#8211; wyr\u00f3wniarki,<br \/>\n\u25cf Instrukcja BHP przy obs\u0142udze pi\u0142y tarczowej do drewna,<br \/>\n\u25cf Instrukcja BHP przy obs\u0142udze pi\u0142y ta\u015bmowej,<br \/>\n\u25cf Instrukcja BHP przy obs\u0142udze pi\u0142y tarczowej do drewna,<br \/>\n\u25cf Instrukcja BHP przy obs\u0142udze wiertarki,<br \/>\n\u25cf Instrukcja BHP dla obs\u0142ugi pi\u0142 ta\u015bmowych, ramowych i tarczowych do ci\u0119cia metali,<br \/>\n\u25cf Instrukcja BHP no\u017cyc mechanicznych do blachy,<br \/>\n\u25cf Instrukcja BHP obs\u0142ugi gilotyny IDEAL 4700 U.<\/p>","protected":false},"excerpt":{"rendered":"<p>I. Instrukcje dotycz\u0105ce pierwszej pomocy: \u25cf Pierwsza pomoc w nag\u0142ych wypadkach, \u25cf Instrukcja udzielania I-szej pomocy &#8211; stany nagl\u0105ce, \u25cf Instrukcja udzielania I-szej pomocy &#8211; post\u0119powanie z osob\u0105 nieprzytomn\u0105, \u25cf Instrukcja udzielania I-szej pomocy &#8211; oparzenia, \u25cf Instrukcja udzielania I-szej pomocy &#8211; zatrucia, \u25cf Instrukcja post\u0119powania w przypadkach oparzenia kwasem lub \u0142ugiem, \u25cf Ratowanie os\u00f3b [&#8230;]<\/p>\n<p><a class=\"btn btn-secondary understrap-read-more-link\" href=\"https:\/\/us.edu.pl\/pracownik\/instrukcje-dostepne-w-inspektoracie-bhp-i-op\/\">Read More&#8230;<\/a><\/p>\n","protected":false},"author":29,"featured_media":0,"parent":0,"menu_order":364,"comment_status":"closed","ping_status":"closed","template":"","meta":{"_expiration-date-status":"","_expiration-date":0,"_expiration-date-type":"","_expiration-date-categories":[],"_expiration-date-options":[]},"acf":[],"_links":{"self":[{"href":"https:\/\/us.edu.pl\/pracownik\/wp-json\/wp\/v2\/pages\/944"}],"collection":[{"href":"https:\/\/us.edu.pl\/pracownik\/wp-json\/wp\/v2\/pages"}],"about":[{"href":"https:\/\/us.edu.pl\/pracownik\/wp-json\/wp\/v2\/types\/page"}],"author":[{"embeddable":true,"href":"https:\/\/us.edu.pl\/pracownik\/wp-json\/wp\/v2\/users\/29"}],"replies":[{"embeddable":true,"href":"https:\/\/us.edu.pl\/pracownik\/wp-json\/wp\/v2\/comments?post=944"}],"version-history":[{"count":3,"href":"https:\/\/us.edu.pl\/pracownik\/wp-json\/wp\/v2\/pages\/944\/revisions"}],"predecessor-version":[{"id":949,"href":"https:\/\/us.edu.pl\/pracownik\/wp-json\/wp\/v2\/pages\/944\/revisions\/949"}],"wp:attachment":[{"href":"https:\/\/us.edu.pl\/pracownik\/wp-json\/wp\/v2\/media?parent=944"}],"curies":[{"name":"wp","href":"https:\/\/api.w.org\/{rel}","templated":true}]}}