{"id":9547,"date":"2020-09-23T10:39:57","date_gmt":"2020-09-23T08:39:57","guid":{"rendered":"https:\/\/us.edu.pl\/pracownik\/?page_id=9547"},"modified":"2022-02-21T14:41:50","modified_gmt":"2022-02-21T13:41:50","slug":"zasady-oceny-punktowej-publikacji-pracownikow","status":"publish","type":"page","link":"https:\/\/us.edu.pl\/pracownik\/sprawy-naukowe\/sprawy-pracownika-naukowego-na\/zasady-oceny-punktowej-publikacji-pracownikow\/","title":{"rendered":"Zasady oceny punktowej publikacji pracownik\u00f3w"},"content":{"rendered":"<p>[vc_row][vc_column][\/vc_column][\/vc_row][vc_row][vc_column]\r\n                <div class=\"text-modules\">\r\n                    <div class=\"container\">\r\n                        \r\n                        <div class=\"text-modules__content\"><\/p>\n<h4 style=\"text-align: center;\"><strong>Zasady oceny punktowej publikacji pracownik\u00f3w Uniwersytetu \u015al\u0105skiego za lata 2017-2021<\/strong><\/h4>\n<p>&nbsp;<\/p>\n<p style=\"font-weight: 400;\">Uprzejmie informujemy, \u017ce w zwi\u0105zku z wej\u015bcie w \u017cycie <a href=\"http:\/\/isap.sejm.gov.pl\/isap.nsf\/DocDetails.xsp?id=WDU20200001352\" target=\"_blank\" rel=\"noopener noreferrer\">rozporz\u0105dzenia Ministra Nauki i Szkolnictwa Wy\u017cszego z dnia 31 lipca 2020 r.<\/a> zmieniaj\u0105cego rozporz\u0105dzenie w sprawie ewaluacji jako\u015bci dzia\u0142alno\u015bci naukowej (<a href=\"http:\/\/isap.sejm.gov.pl\/isap.nsf\/DocDetails.xsp?id=WDU20200001352\">http:\/\/isap.sejm.gov.pl\/isap.nsf\/DocDetails.xsp?id=WDU20200001352<\/a>) stosownie zmodyfikowane zosta\u0142y zasady oceny punktowej publikacji pracownik\u00f3w Uniwersytetu \u015al\u0105skiego za lata 2017-2021. Szczeg\u00f3\u0142owe informacje znajduj\u0105 si\u0119 poni\u017cej.<\/p>\n<p style=\"font-weight: 400;\">Jednocze\u015bnie informujemy, \u017ce aktualizacja punktacji w <a href=\"https:\/\/pp.us.edu.pl\/?_s=1\" target=\"_blank\" rel=\"noopener noreferrer\">Portalu Pracownika<\/a> (m.in. dla recenzji naukowych, edycji dzie\u0142) nast\u0105pi w przeci\u0105gu najbli\u017cszego miesi\u0105ca.<\/p>\n<p>\n<\/div>\r\n                    <\/div>\r\n                <\/div>[\/vc_column][\/vc_row]<\/p>","protected":false},"excerpt":{"rendered":"<p>[vc_row][vc_column][\/vc_column][\/vc_row][vc_row][vc_column][\/vc_column][\/vc_row] [&#8230;]<\/p>\n<p><a class=\"btn btn-secondary understrap-read-more-link\" href=\"https:\/\/us.edu.pl\/pracownik\/sprawy-naukowe\/sprawy-pracownika-naukowego-na\/zasady-oceny-punktowej-publikacji-pracownikow\/\">Read More&#8230;<\/a><\/p>\n","protected":false},"author":41,"featured_media":0,"parent":989,"menu_order":197,"comment_status":"closed","ping_status":"closed","template":"page-templates\/inner-page-with-bookmarks.php","meta":{"_expiration-date-status":"saved","_expiration-date":0,"_expiration-date-type":"","_expiration-date-categories":[],"_expiration-date-options":[]},"acf":[],"_links":{"self":[{"href":"https:\/\/us.edu.pl\/pracownik\/wp-json\/wp\/v2\/pages\/9547"}],"collection":[{"href":"https:\/\/us.edu.pl\/pracownik\/wp-json\/wp\/v2\/pages"}],"about":[{"href":"https:\/\/us.edu.pl\/pracownik\/wp-json\/wp\/v2\/types\/page"}],"author":[{"embeddable":true,"href":"https:\/\/us.edu.pl\/pracownik\/wp-json\/wp\/v2\/users\/41"}],"replies":[{"embeddable":true,"href":"https:\/\/us.edu.pl\/pracownik\/wp-json\/wp\/v2\/comments?post=9547"}],"version-history":[{"count":10,"href":"https:\/\/us.edu.pl\/pracownik\/wp-json\/wp\/v2\/pages\/9547\/revisions"}],"predecessor-version":[{"id":16708,"href":"https:\/\/us.edu.pl\/pracownik\/wp-json\/wp\/v2\/pages\/9547\/revisions\/16708"}],"up":[{"embeddable":true,"href":"https:\/\/us.edu.pl\/pracownik\/wp-json\/wp\/v2\/pages\/989"}],"wp:attachment":[{"href":"https:\/\/us.edu.pl\/pracownik\/wp-json\/wp\/v2\/media?parent=9547"}],"curies":[{"name":"wp","href":"https:\/\/api.w.org\/{rel}","templated":true}]}}