{"id":28191,"date":"2021-03-03T16:33:42","date_gmt":"2021-03-03T15:33:42","guid":{"rendered":"https:\/\/us.edu.pl\/student\/?post_type=event&#038;p=28191"},"modified":"2021-03-03T16:33:42","modified_gmt":"2021-03-03T15:33:42","slug":"erich-maria-remarque-czytany-wspolczesnie-w-50-rocznice-smierci-pisarza-konferencja","status":"publish","type":"event","link":"https:\/\/us.edu.pl\/student\/en\/event\/erich-maria-remarque-czytany-wspolczesnie-w-50-rocznice-smierci-pisarza-konferencja\/","title":{"rendered":"(Polski) Erich Maria Remarque czytany wsp\u00f3\u0142cze\u015bnie. W 50. rocznic\u0119 \u015bmierci pisarza \u2013 konferencja"},"content":{"rendered":"<p class=\"qtranxs-available-languages-message qtranxs-available-languages-message-en\">Sorry, this entry is only available in <a href=\"https:\/\/us.edu.pl\/student\/pl\/wp-json\/wp\/v2\/event\/28191\" class=\"qtranxs-available-language-link qtranxs-available-language-link-pl\" title=\"Polski\">Polish<\/a>.<\/p>","protected":false},"excerpt":{"rendered":"<p>Sorry, this entry is only available in Polish. [&#8230;]<\/p>\n<p><a class=\"btn btn-secondary understrap-read-more-link\" href=\"https:\/\/us.edu.pl\/student\/en\/event\/erich-maria-remarque-czytany-wspolczesnie-w-50-rocznice-smierci-pisarza-konferencja\/\">Read More&#8230;<\/a><\/p>\n","protected":false},"author":187,"featured_media":28192,"template":"","meta":{"_expiration-date-status":"saved","_expiration-date":0,"_expiration-date-type":"","_expiration-date-categories":[],"_expiration-date-options":[]},"acf":[],"_links":{"self":[{"href":"https:\/\/us.edu.pl\/student\/en\/wp-json\/wp\/v2\/event\/28191"}],"collection":[{"href":"https:\/\/us.edu.pl\/student\/en\/wp-json\/wp\/v2\/event"}],"about":[{"href":"https:\/\/us.edu.pl\/student\/en\/wp-json\/wp\/v2\/types\/event"}],"author":[{"embeddable":true,"href":"https:\/\/us.edu.pl\/student\/en\/wp-json\/wp\/v2\/users\/187"}],"version-history":[{"count":0,"href":"https:\/\/us.edu.pl\/student\/en\/wp-json\/wp\/v2\/event\/28191\/revisions"}],"wp:featuredmedia":[{"embeddable":true,"href":"https:\/\/us.edu.pl\/student\/en\/wp-json\/wp\/v2\/media\/28192"}],"wp:attachment":[{"href":"https:\/\/us.edu.pl\/student\/en\/wp-json\/wp\/v2\/media?parent=28191"}],"curies":[{"name":"wp","href":"https:\/\/api.w.org\/{rel}","templated":true}]}}

(Polski) Erich Maria Remarque czytany współcześnie. W 50. rocznicę śmierci pisarza – konferencja
