{"id":29783,"date":"2021-06-09T13:04:59","date_gmt":"2021-06-09T11:04:59","guid":{"rendered":"https:\/\/us.edu.pl\/student\/?post_type=event&#038;p=29783"},"modified":"2021-06-09T13:04:59","modified_gmt":"2021-06-09T11:04:59","slug":"online-klub-mysli-ekologicznej-ziemia-nasz-jedyny-wspolny-dom","status":"publish","type":"event","link":"https:\/\/us.edu.pl\/student\/event\/online-klub-mysli-ekologicznej-ziemia-nasz-jedyny-wspolny-dom\/","title":{"rendered":"[ONLINE] Klub My\u015bli Ekologicznej: \u201eZiemia \u2013 nasz jedyny, wsp\u00f3lny dom\u201d"},"content":{"rendered":"<p><\/p>\n<p style=\"text-align: left\"><span style=\"font-size: 12pt\">Go\u015bciem kolejnego spotkania Klubu My\u015bli Ekologicznej b\u0119dzie <strong>Ewa Ewart<\/strong> \u2013 dziennikarka i producentka film\u00f3w dokumentalnych, wielokrotnie nagradzana re\u017cyserka film\u00f3w dokumentalnych, specjalizuj\u0105ca si\u0119 w filmach prze\u0142omowych i mocno przemawiaj\u0105cych do odbiorcy. Tematem wydarzenia b\u0119dzie: <strong>\u201eZiemia \u2013 nasz jedyny, wsp\u00f3lny dom\u201d<\/strong>.<\/span><\/p>\n<p style=\"text-align: left\"><span style=\"font-size: 12pt\">Spotkanie odb\u0119dzie si\u0119 online na\u00a0<a href=\"https:\/\/www.facebook.com\/klubmyslieko\/live\">Facebooku<\/a>\u00a0oraz na\u00a0<a href=\"https:\/\/www.youtube.com\/channel\/UCzDlbkITa9cQqW9bwRi4iOA\">kanale YouTube<\/a>. Rozmow\u0119 z go\u015bciem poprowadz\u0105: prof. Piotr Skuba\u0142a z Wydzia\u0142u Nauk Przyrodniczych Uniwersytetu \u015al\u0105skiego, ekolog, akarolog, etyk \u015brodowiskowy, edukator ekologiczny, dzia\u0142acz na rzecz ochrony przyrody, aktywista klimatyczny oraz dr Ryszard Kulik z Pracowni na rzecz Wszystkich Istot, psycholog, aktywista ekologiczny, trener treningu psychologicznego, ekofilozof skoncentrowany na g\u0142\u0119bokiej ekologii, autor ksi\u0105\u017cek i artyku\u0142\u00f3w po\u015bwi\u0119conych relacji cz\u0142owiek\u2013przyroda.<\/span><\/p>\n<p style=\"text-align: left\"><span style=\"font-size: 12pt\"><strong>Ewa Ewart<\/strong> urodzi\u0142a si\u0119 i wychowa\u0142a w Polsce, ale wi\u0119kszo\u015b\u0107 swojego \u017cycia zawodowego sp\u0119dzi\u0142a w Wielkiej Brytanii, pracuj\u0105c dla telewizji BBC. Podr\u00f3\u017cowa\u0142a i pracowa\u0142a w wielu krajach na \u015bwiecie, gdzie zrealizowa\u0142a dokumenty \u015bledcze, polityczne i programy poruszaj\u0105ce kwestie spo\u0142eczne. Jej filmy ujawni\u0142y nowe informacje o kwestiach takich, jak korupcja w Rosji Borysa Jelcyna, tajne wi\u0119zienia w Korei P\u00f3\u0142nocnej, wojna domowa w Kolumbii. Film \u201eKl\u0105twa Obfito\u015bci\u201d pokazuje konsekwencje eksploatacji z\u0142\u00f3\u017c ropy dla mieszka\u0144c\u00f3w Parku Yasuni w Ekwadorze i stawia pytanie, czym ryzykujemy, je\u017celi radykalnie nie zmienimy swojego podej\u015bcia do wydobycia ropy naftowej na \u015bwiecie. Od kilku lat Ewa Ewart jest prezenterk\u0105 pasma film\u00f3w dokumentalnych o tematyce zagranicznej w TVN24 i TVN24Bis. Jest tak\u017ce m\u00f3wc\u0105 motywacyjnym dla r\u00f3\u017cnych grup odbiorczych, z kt\u00f3rymi dzieli si\u0119 swoim do\u015bwiadczeniami opisanymi w ksi\u0105\u017cce \u201eWidzia\u0142am\u201d.<\/span><\/p>\n<p><\/p>","protected":false},"excerpt":{"rendered":"<p>Go\u015bciem kolejnego spotkania Klubu My\u015bli Ekologicznej b\u0119dzie Ewa Ewart \u2013 dziennikarka i producentka film\u00f3w dokumentalnych, wielokrotnie nagradzana re\u017cyserka film\u00f3w dokumentalnych, specjalizuj\u0105ca si\u0119 w filmach prze\u0142omowych i mocno przemawiaj\u0105cych do odbiorcy. Tematem wydarzenia b\u0119dzie: \u201eZiemia \u2013 nasz jedyny, wsp\u00f3lny dom\u201d. Spotkanie odb\u0119dzie si\u0119 online na\u00a0Facebooku\u00a0oraz na\u00a0kanale YouTube. Rozmow\u0119 z go\u015bciem poprowadz\u0105: prof. Piotr Skuba\u0142a z Wydzia\u0142u [&#8230;]<\/p>\n<p><a class=\"btn btn-secondary understrap-read-more-link\" href=\"https:\/\/us.edu.pl\/student\/event\/online-klub-mysli-ekologicznej-ziemia-nasz-jedyny-wspolny-dom\/\">Read More&#8230;<\/a><\/p>\n","protected":false},"author":187,"featured_media":29784,"template":"","meta":{"_expiration-date-status":"saved","_expiration-date":0,"_expiration-date-type":"","_expiration-date-categories":[],"_expiration-date-options":[]},"acf":[],"_links":{"self":[{"href":"https:\/\/us.edu.pl\/student\/wp-json\/wp\/v2\/event\/29783"}],"collection":[{"href":"https:\/\/us.edu.pl\/student\/wp-json\/wp\/v2\/event"}],"about":[{"href":"https:\/\/us.edu.pl\/student\/wp-json\/wp\/v2\/types\/event"}],"author":[{"embeddable":true,"href":"https:\/\/us.edu.pl\/student\/wp-json\/wp\/v2\/users\/187"}],"version-history":[{"count":0,"href":"https:\/\/us.edu.pl\/student\/wp-json\/wp\/v2\/event\/29783\/revisions"}],"wp:featuredmedia":[{"embeddable":true,"href":"https:\/\/us.edu.pl\/student\/wp-json\/wp\/v2\/media\/29784"}],"wp:attachment":[{"href":"https:\/\/us.edu.pl\/student\/wp-json\/wp\/v2\/media?parent=29783"}],"curies":[{"name":"wp","href":"https:\/\/api.w.org\/{rel}","templated":true}]}}

[ONLINE] Klub Myśli Ekologicznej: „Ziemia – nasz jedyny, wspólny dom”

<p></p>
<p style="text-align: left"><span style="font-size: 12pt">Gościem kolejnego spotkania Klubu Myśli Ekologicznej będzie <strong>Ewa Ewart</strong> – dziennikarka i producentka filmów dokumentalnych, wielokrotnie nagradzana reżyserka filmów dokumentalnych, specjalizująca się w filmach przełomowych i mocno przemawiających do odbiorcy. Tematem wydarzenia będzie: <strong>„Ziemia – nasz jedyny, wspólny dom”</strong>.</span></p>
<p style="text-align: left"><span style="font-size: 12pt">Spotkanie odbędzie się online na <a href="https://www.facebook.com/klubmyslieko/live">Facebooku</a> oraz na <a href="https://www.youtube.com/channel/UCzDlbkITa9cQqW9bwRi4iOA">kanale YouTube</a>. Rozmowę z gościem poprowadzą: prof. Piotr Skubała z Wydziału Nauk Przyrodniczych Uniwersytetu Śląskiego, ekolog, akarolog, etyk środowiskowy, edukator ekologiczny, działacz na rzecz ochrony przyrody, aktywista klimatyczny oraz dr Ryszard Kulik z Pracowni na rzecz Wszystkich Istot, psycholog, aktywista ekologiczny, trener treningu psychologicznego, ekofilozof skoncentrowany na głębokiej ekologii, autor książek i artykułów poświęconych relacji człowiek–przyroda.</span></p>
<p style="text-align: left"><span style="font-size: 12pt"><strong>Ewa Ewart</strong> urodziła się i wychowała w Polsce, ale większość swojego życia zawodowego spędziła w Wielkiej Brytanii, pracując dla telewizji BBC. Podróżowała i pracowała w wielu krajach na świecie, gdzie zrealizowała dokumenty śledcze, polityczne i programy poruszające kwestie społeczne. Jej filmy ujawniły nowe informacje o kwestiach takich, jak korupcja w Rosji Borysa Jelcyna, tajne więzienia w Korei Północnej, wojna domowa w Kolumbii. Film „Klątwa Obfitości” pokazuje konsekwencje eksploatacji złóż ropy dla mieszkańców Parku Yasuni w Ekwadorze i stawia pytanie, czym ryzykujemy, jeżeli radykalnie nie zmienimy swojego podejścia do wydobycia ropy naftowej na świecie. Od kilku lat Ewa Ewart jest prezenterką pasma filmów dokumentalnych o tematyce zagranicznej w TVN24 i TVN24Bis. Jest także mówcą motywacyjnym dla różnych grup odbiorczych, z którymi dzieli się swoim doświadczeniami opisanymi w książce „Widziałam”.</span></p>
<p></p>

<p>Gościem kolejnego spotkania Klubu Myśli Ekologicznej będzie Ewa Ewart – dziennikarka i producentka filmów dokumentalnych, wielokrotnie nagradzana reżyserka filmów dokumentalnych, specjalizująca się w filmach przełomowych i mocno przemawiających do odbiorcy. Tematem wydarzenia będzie: „Ziemia – nasz jedyny, wspólny dom”. Spotkanie odbędzie się online na Facebooku oraz na kanale YouTube. Rozmowę z gościem poprowadzą: prof. Piotr Skubała z Wydziału [&#8230;]</p>
<p><a class="btn btn-secondary understrap-read-more-link" href="https://us.edu.pl/student/event/online-klub-mysli-ekologicznej-ziemia-nasz-jedyny-wspolny-dom/">Read More&#8230;</a></p>
