{"id":35944,"date":"2022-06-13T12:33:43","date_gmt":"2022-06-13T10:33:43","guid":{"rendered":"https:\/\/us.edu.pl\/student\/?post_type=event&#038;p=35944"},"modified":"2022-06-13T12:33:43","modified_gmt":"2022-06-13T10:33:43","slug":"zaglebiowski-czwartek-pn-120-lat-sosnowca-historia-miasta","status":"publish","type":"event","link":"https:\/\/us.edu.pl\/student\/event\/zaglebiowski-czwartek-pn-120-lat-sosnowca-historia-miasta\/","title":{"rendered":"Zag\u0142\u0119biowski Czwartek pn. \u201e120 lat Sosnowca \u2013 historia miasta\u201d"},"content":{"rendered":"<p><\/p>\n<p style=\"text-align: left;\"><span style=\"font-size: 12pt;\">Zag\u0142\u0119biowska Mediateka, Instytut Zag\u0142\u0119bia D\u0105browskiego i Pa\u0142ac Schoena \u2013 Muzeum w Sosnowcu zapraszaj\u0105 na kolejny Zag\u0142\u0119biowski Czwartek. Tym razem wpisuje si\u0119 on w hucznie obchodzone w tym roku 120-lecie Sosnowca. 23 czerwca 2022 o godz. 17.00 w Auli Zag\u0142\u0119biowskiej Mediateki (ul. Ko\u015bcielna 11) prelekcj\u0119 zatytu\u0142owan\u0105 \u201e120 lat Sosnowca \u2013 historia miasta\u201d wyg\u0142osi prof. Dariusz Nawrot. <\/span><\/p>\n<p style=\"text-align: left;\"><span style=\"font-size: 12pt;\">Wst\u0119p wolny.<\/span><\/p>\n<p style=\"text-align: left;\"><span style=\"font-size: 12pt;\">Prof. dr hab. Dariusz Nawrot jest pracownikiem naukowym Uniwersytetu \u015al\u0105skiego, autorem kilkunastu ksi\u0105\u017cek historycznych, a tak\u017ce ponad 150 publikacji naukowych dotycz\u0105cych dziej\u00f3w ziem polskich u schy\u0142ku Rzeczypospolitej i w epoce napoleo\u0144skiej oraz historii Zag\u0142\u0119bia D\u0105browskiego. Dyrektorem Instytutu zosta\u0142 w roku 2018.<\/span><\/p>\n<p><\/p>","protected":false},"excerpt":{"rendered":"<p>Zag\u0142\u0119biowska Mediateka, Instytut Zag\u0142\u0119bia D\u0105browskiego i Pa\u0142ac Schoena \u2013 Muzeum w Sosnowcu zapraszaj\u0105 na kolejny Zag\u0142\u0119biowski Czwartek. Tym razem wpisuje si\u0119 on w hucznie obchodzone w tym roku 120-lecie Sosnowca. 23 czerwca 2022 o godz. 17.00 w Auli Zag\u0142\u0119biowskiej Mediateki (ul. Ko\u015bcielna 11) prelekcj\u0119 zatytu\u0142owan\u0105 \u201e120 lat Sosnowca \u2013 historia miasta\u201d wyg\u0142osi prof. Dariusz Nawrot. [&#8230;]<\/p>\n<p><a class=\"btn btn-secondary understrap-read-more-link\" href=\"https:\/\/us.edu.pl\/student\/event\/zaglebiowski-czwartek-pn-120-lat-sosnowca-historia-miasta\/\">Read More&#8230;<\/a><\/p>\n","protected":false},"author":187,"featured_media":35945,"template":"","meta":{"_expiration-date-status":"","_expiration-date":0,"_expiration-date-type":"","_expiration-date-categories":[],"_expiration-date-options":[]},"acf":[],"_links":{"self":[{"href":"https:\/\/us.edu.pl\/student\/wp-json\/wp\/v2\/event\/35944"}],"collection":[{"href":"https:\/\/us.edu.pl\/student\/wp-json\/wp\/v2\/event"}],"about":[{"href":"https:\/\/us.edu.pl\/student\/wp-json\/wp\/v2\/types\/event"}],"author":[{"embeddable":true,"href":"https:\/\/us.edu.pl\/student\/wp-json\/wp\/v2\/users\/187"}],"version-history":[{"count":1,"href":"https:\/\/us.edu.pl\/student\/wp-json\/wp\/v2\/event\/35944\/revisions"}],"predecessor-version":[{"id":35946,"href":"https:\/\/us.edu.pl\/student\/wp-json\/wp\/v2\/event\/35944\/revisions\/35946"}],"wp:featuredmedia":[{"embeddable":true,"href":"https:\/\/us.edu.pl\/student\/wp-json\/wp\/v2\/media\/35945"}],"wp:attachment":[{"href":"https:\/\/us.edu.pl\/student\/wp-json\/wp\/v2\/media?parent=35944"}],"curies":[{"name":"wp","href":"https:\/\/api.w.org\/{rel}","templated":true}]}}

Zagłębiowski Czwartek pn. „120 lat Sosnowca – historia miasta”

<p></p>
<p style="text-align: left;"><span style="font-size: 12pt;">Zagłębiowska Mediateka, Instytut Zagłębia Dąbrowskiego i Pałac Schoena – Muzeum w Sosnowcu zapraszają na kolejny Zagłębiowski Czwartek. Tym razem wpisuje się on w hucznie obchodzone w tym roku 120-lecie Sosnowca. 23 czerwca 2022 o godz. 17.00 w Auli Zagłębiowskiej Mediateki (ul. Kościelna 11) prelekcję zatytułowaną „120 lat Sosnowca – historia miasta” wygłosi prof. Dariusz Nawrot. </span></p>
<p style="text-align: left;"><span style="font-size: 12pt;">Wstęp wolny.</span></p>
<p style="text-align: left;"><span style="font-size: 12pt;">Prof. dr hab. Dariusz Nawrot jest pracownikiem naukowym Uniwersytetu Śląskiego, autorem kilkunastu książek historycznych, a także ponad 150 publikacji naukowych dotyczących dziejów ziem polskich u schyłku Rzeczypospolitej i w epoce napoleońskiej oraz historii Zagłębia Dąbrowskiego. Dyrektorem Instytutu został w roku 2018.</span></p>
<p></p>

<p>Zagłębiowska Mediateka, Instytut Zagłębia Dąbrowskiego i Pałac Schoena – Muzeum w Sosnowcu zapraszają na kolejny Zagłębiowski Czwartek. Tym razem wpisuje się on w hucznie obchodzone w tym roku 120-lecie Sosnowca. 23 czerwca 2022 o godz. 17.00 w Auli Zagłębiowskiej Mediateki (ul. Kościelna 11) prelekcję zatytułowaną „120 lat Sosnowca – historia miasta” wygłosi prof. Dariusz Nawrot. [&#8230;]</p>
<p><a class="btn btn-secondary understrap-read-more-link" href="https://us.edu.pl/student/event/zaglebiowski-czwartek-pn-120-lat-sosnowca-historia-miasta/">Read More&#8230;</a></p>
