{"id":42226,"date":"2023-11-07T10:55:08","date_gmt":"2023-11-07T09:55:08","guid":{"rendered":"https:\/\/us.edu.pl\/student\/?post_type=event&#038;p=42226"},"modified":"2023-11-07T10:55:08","modified_gmt":"2023-11-07T09:55:08","slug":"tajemniczy-odchodzacy-swiat-projekcja-filmu-rys-krol-puszczy","status":"publish","type":"event","link":"https:\/\/us.edu.pl\/student\/event\/tajemniczy-odchodzacy-swiat-projekcja-filmu-rys-krol-puszczy\/","title":{"rendered":"Tajemniczy odchodz\u0105cy \u015bwiat | Projekcja filmu \u201eRy\u015b. Kr\u00f3l Puszczy\u201d"},"content":{"rendered":"<p><\/p>\n<p style=\"text-align: left;\"><span style=\"font-size: 12pt;\">Ry\u015b euroazjatycki zosta\u0142 wyt\u0119piony na wi\u0119kszo\u015bci obszar\u00f3w Europy. O \u017cyciu tego drapie\u017cnika do niedawna wiedzieli\u015bmy bardzo niewiele. Dlatego uchodzi\u0142 za jednego z najbardziej tajemniczych gatunk\u00f3w europejskiej fauny i nigdy wcze\u015bniej nie uda\u0142o si\u0119 stworzy\u0107 pe\u0142nometra\u017cowego obrazu o jego \u017cyciu w naturalnym \u015brodowisku. Tego karko\u0142omnego zadania w swoim dokumencie podj\u0105\u0142 si\u0119 czo\u0142owy fotograf dzikiej przyrody Laurent Geslin. Dziewi\u0119\u0107 lat cierpliwych obserwacji pozwoli\u0142o zbudowa\u0107 mu niezwyk\u0142\u0105 histori\u0119.<\/span><\/p>\n<p style=\"text-align: left;\"><span style=\"font-size: 12pt;\">W ramach Klubu My\u015bli Ekologicznej 14 listopada 2023 roku w Kinie Roma w Zabrzu odb\u0119dzie si\u0119 projekcja filmu <em>Ry\u015b. Kr\u00f3l Puszczy<\/em>\u00a0(re\u017c. Laurent Geslin, Francja, Szwajcaria, 2021). Spotkanie poprowadz\u0105 prof. dr hab. Piotr Skuba\u0142a z Wydzia\u0142u Nauk Przyrodniczych Uniwersytetu \u015al\u0105skiego w Katowicach oraz dr Ryszard Kulik z Pracowni na rzecz Wszystkich Istot.<\/span><\/p>\n<p style=\"text-align: left;\"><span style=\"font-size: 12pt;\">Wst\u0119p wolny. Szczeg\u00f3\u0142owe informacje znajduj\u0105 si\u0119 na\u00a0<a href=\"https:\/\/www.facebook.com\/events\/1047876779967920\/\" target=\"_blank\" rel=\"nofollow noopener\">wydarzeniu na Facebooku<\/a>.<\/span><\/p>\n<p style=\"text-align: left;\"><span style=\"font-size: 12pt;\">Organizatorami spotkania s\u0105: Klub My\u015bli Ekologicznej, G\u00f3rno\u015bl\u0105sko-Zag\u0142\u0119biowska Metropolia, Uniwersytet \u015al\u0105ski w Katowicach oraz Kino Roma w Zabrzu.<\/span><\/p>\n<p><\/p>","protected":false},"excerpt":{"rendered":"<p>Ry\u015b euroazjatycki zosta\u0142 wyt\u0119piony na wi\u0119kszo\u015bci obszar\u00f3w Europy. O \u017cyciu tego drapie\u017cnika do niedawna wiedzieli\u015bmy bardzo niewiele. Dlatego uchodzi\u0142 za jednego z najbardziej tajemniczych gatunk\u00f3w europejskiej fauny i nigdy wcze\u015bniej nie uda\u0142o si\u0119 stworzy\u0107 pe\u0142nometra\u017cowego obrazu o jego \u017cyciu w naturalnym \u015brodowisku. Tego karko\u0142omnego zadania w swoim dokumencie podj\u0105\u0142 si\u0119 czo\u0142owy fotograf dzikiej przyrody Laurent [&#8230;]<\/p>\n<p><a class=\"btn btn-secondary understrap-read-more-link\" href=\"https:\/\/us.edu.pl\/student\/event\/tajemniczy-odchodzacy-swiat-projekcja-filmu-rys-krol-puszczy\/\">Read More&#8230;<\/a><\/p>\n","protected":false},"author":187,"featured_media":42227,"template":"","meta":{"_expiration-date-status":"","_expiration-date":0,"_expiration-date-type":"","_expiration-date-categories":[],"_expiration-date-options":[]},"acf":[],"_links":{"self":[{"href":"https:\/\/us.edu.pl\/student\/wp-json\/wp\/v2\/event\/42226"}],"collection":[{"href":"https:\/\/us.edu.pl\/student\/wp-json\/wp\/v2\/event"}],"about":[{"href":"https:\/\/us.edu.pl\/student\/wp-json\/wp\/v2\/types\/event"}],"author":[{"embeddable":true,"href":"https:\/\/us.edu.pl\/student\/wp-json\/wp\/v2\/users\/187"}],"version-history":[{"count":1,"href":"https:\/\/us.edu.pl\/student\/wp-json\/wp\/v2\/event\/42226\/revisions"}],"predecessor-version":[{"id":42228,"href":"https:\/\/us.edu.pl\/student\/wp-json\/wp\/v2\/event\/42226\/revisions\/42228"}],"wp:featuredmedia":[{"embeddable":true,"href":"https:\/\/us.edu.pl\/student\/wp-json\/wp\/v2\/media\/42227"}],"wp:attachment":[{"href":"https:\/\/us.edu.pl\/student\/wp-json\/wp\/v2\/media?parent=42226"}],"curies":[{"name":"wp","href":"https:\/\/api.w.org\/{rel}","templated":true}]}}

Tajemniczy odchodzący świat | Projekcja filmu „Ryś. Król Puszczy”

<p></p>
<p style="text-align: left;"><span style="font-size: 12pt;">Ryś euroazjatycki został wytępiony na większości obszarów Europy. O życiu tego drapieżnika do niedawna wiedzieliśmy bardzo niewiele. Dlatego uchodził za jednego z najbardziej tajemniczych gatunków europejskiej fauny i nigdy wcześniej nie udało się stworzyć pełnometrażowego obrazu o jego życiu w naturalnym środowisku. Tego karkołomnego zadania w swoim dokumencie podjął się czołowy fotograf dzikiej przyrody Laurent Geslin. Dziewięć lat cierpliwych obserwacji pozwoliło zbudować mu niezwykłą historię.</span></p>
<p style="text-align: left;"><span style="font-size: 12pt;">W ramach Klubu Myśli Ekologicznej 14 listopada 2023 roku w Kinie Roma w Zabrzu odbędzie się projekcja filmu <em>Ryś. Król Puszczy</em> (reż. Laurent Geslin, Francja, Szwajcaria, 2021). Spotkanie poprowadzą prof. dr hab. Piotr Skubała z Wydziału Nauk Przyrodniczych Uniwersytetu Śląskiego w Katowicach oraz dr Ryszard Kulik z Pracowni na rzecz Wszystkich Istot.</span></p>
<p style="text-align: left;"><span style="font-size: 12pt;">Wstęp wolny. Szczegółowe informacje znajdują się na <a href="https://www.facebook.com/events/1047876779967920/" target="_blank" rel="nofollow noopener">wydarzeniu na Facebooku</a>.</span></p>
<p style="text-align: left;"><span style="font-size: 12pt;">Organizatorami spotkania są: Klub Myśli Ekologicznej, Górnośląsko-Zagłębiowska Metropolia, Uniwersytet Śląski w Katowicach oraz Kino Roma w Zabrzu.</span></p>
<p></p>

<p>Ryś euroazjatycki został wytępiony na większości obszarów Europy. O życiu tego drapieżnika do niedawna wiedzieliśmy bardzo niewiele. Dlatego uchodził za jednego z najbardziej tajemniczych gatunków europejskiej fauny i nigdy wcześniej nie udało się stworzyć pełnometrażowego obrazu o jego życiu w naturalnym środowisku. Tego karkołomnego zadania w swoim dokumencie podjął się czołowy fotograf dzikiej przyrody Laurent [&#8230;]</p>
<p><a class="btn btn-secondary understrap-read-more-link" href="https://us.edu.pl/student/event/tajemniczy-odchodzacy-swiat-projekcja-filmu-rys-krol-puszczy/">Read More&#8230;</a></p>
