{"id":42373,"date":"2023-11-28T10:01:38","date_gmt":"2023-11-28T09:01:38","guid":{"rendered":"https:\/\/us.edu.pl\/student\/?post_type=event&#038;p=42373"},"modified":"2023-11-28T10:03:32","modified_gmt":"2023-11-28T09:03:32","slug":"5-dzien-komunikacji-miedzykulturowej-kody-kultury","status":"publish","type":"event","link":"https:\/\/us.edu.pl\/student\/event\/5-dzien-komunikacji-miedzykulturowej-kody-kultury\/","title":{"rendered":"5. Dzie\u0144 Komunikacji Mi\u0119dzykulturowej: KODY KULTURY"},"content":{"rendered":"<p><span style=\"font-size: 12pt;\">W \u015brod\u0119 6 grudnia w godz. 9.45\u201315.15 na Wydziale Humanistycznym U\u015a w Sosnowcu (ul. Grota Roweckiego 5, aula im. prof. K. Pola\u0144skiego, hol g\u0142\u00f3wny) odb\u0119dzie si\u0119 5. Dzie\u0144 Komunikacji Mi\u0119dzykulturowej: KODY KULTURY.<\/span><\/p>\n<p><span style=\"font-size: 12pt;\">Na wydarzenie sk\u0142adaj\u0105 si\u0119 prezentacje przygotowane przez wyk\u0142adowc\u00f3w i student\u00f3w Wydzia\u0142u Humanistycznego, a tak\u017ce student\u00f3w z wymiany mi\u0119dzynarodowej.<\/span><\/p>\n<p style=\"text-align: left;\"><span style=\"font-size: 12pt;\">Tematem przewodnim jest kod kulturowy, narz\u0119dzie, kt\u00f3rym pos\u0142ugujemy si\u0119 w spos\u00f3b nie\u015bwiadomy, filtr, przez kt\u00f3ry odbieramy \u015bwiat. \u201eKod kulturowy jest nieu\u015bwiadomionym znaczeniem, kt\u00f3re nadajemy ka\u017cdej mo\u017cliwej rzeczy: samochodowi, rodzajowi \u017cywno\u015bci, relacji, a nawet danemu krajowi. Czynimy to za pomoc\u0105 filtra w\u0142asnej kultury\u2026 w efekcie kody \u2013 nieu\u015bwiadomione znaczenia nadawane przedmiotom \u2013 r\u00f3wnie\u017c si\u0119 r\u00f3\u017cni\u0105\u201d (Clotaire Rapaille).<\/span><\/p>\n<p style=\"text-align: left;\"><span style=\"font-size: 12pt;\">Dla zrozumienia w\u0142asnych zachowa\u0144, a tak\u017ce zachowa\u0144 ca\u0142ych spo\u0142eczno\u015bci i narod\u00f3w, warto zobaczy\u0107, jak funkcjonuj\u0105 kody kulturowe.<\/span><\/p>\n<p><\/p>","protected":false},"excerpt":{"rendered":"<p>W \u015brod\u0119 6 grudnia w godz. 9.45\u201315.15 na Wydziale Humanistycznym U\u015a w Sosnowcu (ul. Grota Roweckiego 5, aula im. prof. K. Pola\u0144skiego, hol g\u0142\u00f3wny) odb\u0119dzie si\u0119 5. Dzie\u0144 Komunikacji Mi\u0119dzykulturowej: KODY KULTURY. Na wydarzenie sk\u0142adaj\u0105 si\u0119 prezentacje przygotowane przez wyk\u0142adowc\u00f3w i student\u00f3w Wydzia\u0142u Humanistycznego, a tak\u017ce student\u00f3w z wymiany mi\u0119dzynarodowej. Tematem przewodnim jest kod kulturowy, [&#8230;]<\/p>\n<p><a class=\"btn btn-secondary understrap-read-more-link\" href=\"https:\/\/us.edu.pl\/student\/event\/5-dzien-komunikacji-miedzykulturowej-kody-kultury\/\">Read More&#8230;<\/a><\/p>\n","protected":false},"author":187,"featured_media":42131,"template":"","meta":{"_expiration-date-status":"","_expiration-date":0,"_expiration-date-type":"","_expiration-date-categories":[],"_expiration-date-options":[]},"acf":[],"_links":{"self":[{"href":"https:\/\/us.edu.pl\/student\/wp-json\/wp\/v2\/event\/42373"}],"collection":[{"href":"https:\/\/us.edu.pl\/student\/wp-json\/wp\/v2\/event"}],"about":[{"href":"https:\/\/us.edu.pl\/student\/wp-json\/wp\/v2\/types\/event"}],"author":[{"embeddable":true,"href":"https:\/\/us.edu.pl\/student\/wp-json\/wp\/v2\/users\/187"}],"version-history":[{"count":1,"href":"https:\/\/us.edu.pl\/student\/wp-json\/wp\/v2\/event\/42373\/revisions"}],"predecessor-version":[{"id":42375,"href":"https:\/\/us.edu.pl\/student\/wp-json\/wp\/v2\/event\/42373\/revisions\/42375"}],"wp:featuredmedia":[{"embeddable":true,"href":"https:\/\/us.edu.pl\/student\/wp-json\/wp\/v2\/media\/42131"}],"wp:attachment":[{"href":"https:\/\/us.edu.pl\/student\/wp-json\/wp\/v2\/media?parent=42373"}],"curies":[{"name":"wp","href":"https:\/\/api.w.org\/{rel}","templated":true}]}}

5. Dzień Komunikacji Międzykulturowej: KODY KULTURY

<p><span style="font-size: 12pt;">W środę 6 grudnia w godz. 9.45–15.15 na Wydziale Humanistycznym UŚ w Sosnowcu (ul. Grota Roweckiego 5, aula im. prof. K. Polańskiego, hol główny) odbędzie się 5. Dzień Komunikacji Międzykulturowej: KODY KULTURY.</span></p>
<p><span style="font-size: 12pt;">Na wydarzenie składają się prezentacje przygotowane przez wykładowców i studentów Wydziału Humanistycznego, a także studentów z wymiany międzynarodowej.</span></p>
<p style="text-align: left;"><span style="font-size: 12pt;">Tematem przewodnim jest kod kulturowy, narzędzie, którym posługujemy się w sposób nieświadomy, filtr, przez który odbieramy świat. „Kod kulturowy jest nieuświadomionym znaczeniem, które nadajemy każdej możliwej rzeczy: samochodowi, rodzajowi żywności, relacji, a nawet danemu krajowi. Czynimy to za pomocą filtra własnej kultury… w efekcie kody – nieuświadomione znaczenia nadawane przedmiotom – również się różnią” (Clotaire Rapaille).</span></p>
<p style="text-align: left;"><span style="font-size: 12pt;">Dla zrozumienia własnych zachowań, a także zachowań całych społeczności i narodów, warto zobaczyć, jak funkcjonują kody kulturowe.</span></p>
<p></p>

<p>W środę 6 grudnia w godz. 9.45–15.15 na Wydziale Humanistycznym UŚ w Sosnowcu (ul. Grota Roweckiego 5, aula im. prof. K. Polańskiego, hol główny) odbędzie się 5. Dzień Komunikacji Międzykulturowej: KODY KULTURY. Na wydarzenie składają się prezentacje przygotowane przez wykładowców i studentów Wydziału Humanistycznego, a także studentów z wymiany międzynarodowej. Tematem przewodnim jest kod kulturowy, [&#8230;]</p>
<p><a class="btn btn-secondary understrap-read-more-link" href="https://us.edu.pl/student/event/5-dzien-komunikacji-miedzykulturowej-kody-kultury/">Read More&#8230;</a></p>
