{"id":42397,"date":"2023-11-29T13:12:15","date_gmt":"2023-11-29T12:12:15","guid":{"rendered":"https:\/\/us.edu.pl\/student\/?post_type=event&#038;p=42397"},"modified":"2023-11-29T13:12:15","modified_gmt":"2023-11-29T12:12:15","slug":"jezykoznawstwo-kognitywne-w-roku-2024-konferencja-naukowa","status":"publish","type":"event","link":"https:\/\/us.edu.pl\/student\/event\/jezykoznawstwo-kognitywne-w-roku-2024-konferencja-naukowa\/","title":{"rendered":"\u201eJ\u0119zykoznawstwo Kognitywne w Roku 2024\u201d \u2013 konferencja naukowa"},"content":{"rendered":"<p><\/p>\n<p style=\"text-align: left;\"><span style=\"font-size: 12pt;\">Od 18 do 20 wrze\u015bnia 2024 roku na Wydziale Humanistycznym Uniwersytetu \u015al\u0105skiego w Katowicach (ul. Uniwersytecka 4) b\u0119dzie si\u0119 odbywa\u0142a konferencja naukowa pt. \u201eCognitive Linguistics in the Year 2024 \/ J\u0119zykoznawstwo Kognitywne w Roku 2024\u201d.<\/span><\/p>\n<p style=\"text-align: left;\"><span style=\"font-size: 12pt;\">Aby wzi\u0105\u0107 czynny udzia\u0142 w wydarzeniu, nale\u017cy zarejestrowa\u0107 abstrakt referatu poprzez\u00a0<a href=\"https:\/\/formularze.us.edu.pl\/form\/index\/4460\">formularz zg\u0142oszeniowy<\/a>\u00a0mi\u0119dzy 1 stycznia a 14 kwietnia 2024 roku. Istnieje r\u00f3wnie\u017c mo\u017cliwo\u015b\u0107 zorganizowania sesji tematycznej, kt\u00f3r\u0105 nale\u017cy zg\u0142osi\u0107 do 21 stycznia 2024 roku na adres:\u00a0<a href=\"mailto:ptjk2024@us.edu.pl\">ptjk2024@us.edu.pl<\/a>.<\/span><\/p>\n<p style=\"text-align: left;\"><span style=\"font-size: 12pt;\">Organizatorami wydarzenia s\u0105 Instytut J\u0119zykoznawstwa Wydzia\u0142u Humanistycznego Uniwersytetu \u015al\u0105skiego w Katowicach oraz Polskie Towarzystwo J\u0119zykoznawstwa Kognitywnego.<\/span><\/p>\n<p style=\"text-align: left;\"><span style=\"font-size: 12pt;\">Wi\u0119cej informacji o konferencji znajduje si\u0119 na\u00a0<a href=\"https:\/\/ptjk2024.us.edu.pl\/\">stronie wydarzenia<\/a>.<\/span><\/p>\n<p><\/p>","protected":false},"excerpt":{"rendered":"<p>Od 18 do 20 wrze\u015bnia 2024 roku na Wydziale Humanistycznym Uniwersytetu \u015al\u0105skiego w Katowicach (ul. Uniwersytecka 4) b\u0119dzie si\u0119 odbywa\u0142a konferencja naukowa pt. \u201eCognitive Linguistics in the Year 2024 \/ J\u0119zykoznawstwo Kognitywne w Roku 2024\u201d. Aby wzi\u0105\u0107 czynny udzia\u0142 w wydarzeniu, nale\u017cy zarejestrowa\u0107 abstrakt referatu poprzez\u00a0formularz zg\u0142oszeniowy\u00a0mi\u0119dzy 1 stycznia a 14 kwietnia 2024 roku. Istnieje [&#8230;]<\/p>\n<p><a class=\"btn btn-secondary understrap-read-more-link\" href=\"https:\/\/us.edu.pl\/student\/event\/jezykoznawstwo-kognitywne-w-roku-2024-konferencja-naukowa\/\">Read More&#8230;<\/a><\/p>\n","protected":false},"author":187,"featured_media":42057,"template":"","meta":{"_expiration-date-status":"","_expiration-date":0,"_expiration-date-type":"","_expiration-date-categories":[],"_expiration-date-options":[]},"acf":[],"_links":{"self":[{"href":"https:\/\/us.edu.pl\/student\/wp-json\/wp\/v2\/event\/42397"}],"collection":[{"href":"https:\/\/us.edu.pl\/student\/wp-json\/wp\/v2\/event"}],"about":[{"href":"https:\/\/us.edu.pl\/student\/wp-json\/wp\/v2\/types\/event"}],"author":[{"embeddable":true,"href":"https:\/\/us.edu.pl\/student\/wp-json\/wp\/v2\/users\/187"}],"version-history":[{"count":1,"href":"https:\/\/us.edu.pl\/student\/wp-json\/wp\/v2\/event\/42397\/revisions"}],"predecessor-version":[{"id":42398,"href":"https:\/\/us.edu.pl\/student\/wp-json\/wp\/v2\/event\/42397\/revisions\/42398"}],"wp:featuredmedia":[{"embeddable":true,"href":"https:\/\/us.edu.pl\/student\/wp-json\/wp\/v2\/media\/42057"}],"wp:attachment":[{"href":"https:\/\/us.edu.pl\/student\/wp-json\/wp\/v2\/media?parent=42397"}],"curies":[{"name":"wp","href":"https:\/\/api.w.org\/{rel}","templated":true}]}}

„Językoznawstwo Kognitywne w Roku 2024” – konferencja naukowa

<p></p>
<p style="text-align: left;"><span style="font-size: 12pt;">Od 18 do 20 września 2024 roku na Wydziale Humanistycznym Uniwersytetu Śląskiego w Katowicach (ul. Uniwersytecka 4) będzie się odbywała konferencja naukowa pt. „Cognitive Linguistics in the Year 2024 / Językoznawstwo Kognitywne w Roku 2024”.</span></p>
<p style="text-align: left;"><span style="font-size: 12pt;">Aby wziąć czynny udział w wydarzeniu, należy zarejestrować abstrakt referatu poprzez <a href="https://formularze.us.edu.pl/form/index/4460">formularz zgłoszeniowy</a> między 1 stycznia a 14 kwietnia 2024 roku. Istnieje również możliwość zorganizowania sesji tematycznej, którą należy zgłosić do 21 stycznia 2024 roku na adres: <a href="mailto:ptjk2024@us.edu.pl">ptjk2024@us.edu.pl</a>.</span></p>
<p style="text-align: left;"><span style="font-size: 12pt;">Organizatorami wydarzenia są Instytut Językoznawstwa Wydziału Humanistycznego Uniwersytetu Śląskiego w Katowicach oraz Polskie Towarzystwo Językoznawstwa Kognitywnego.</span></p>
<p style="text-align: left;"><span style="font-size: 12pt;">Więcej informacji o konferencji znajduje się na <a href="https://ptjk2024.us.edu.pl/">stronie wydarzenia</a>.</span></p>
<p></p>

<p>Od 18 do 20 września 2024 roku na Wydziale Humanistycznym Uniwersytetu Śląskiego w Katowicach (ul. Uniwersytecka 4) będzie się odbywała konferencja naukowa pt. „Cognitive Linguistics in the Year 2024 / Językoznawstwo Kognitywne w Roku 2024”. Aby wziąć czynny udział w wydarzeniu, należy zarejestrować abstrakt referatu poprzez formularz zgłoszeniowy między 1 stycznia a 14 kwietnia 2024 roku. Istnieje [&#8230;]</p>
<p><a class="btn btn-secondary understrap-read-more-link" href="https://us.edu.pl/student/event/jezykoznawstwo-kognitywne-w-roku-2024-konferencja-naukowa/">Read More&#8230;</a></p>
