{"id":44088,"date":"2024-04-23T12:31:59","date_gmt":"2024-04-23T10:31:59","guid":{"rendered":"https:\/\/us.edu.pl\/student\/?post_type=event&#038;p=44088"},"modified":"2024-04-23T12:31:59","modified_gmt":"2024-04-23T10:31:59","slug":"wystawa-oczami-slaskich-fotografow-iv-edycja-magia-natury","status":"publish","type":"event","link":"https:\/\/us.edu.pl\/student\/event\/wystawa-oczami-slaskich-fotografow-iv-edycja-magia-natury\/","title":{"rendered":"Wystawa \u201eOczami \u015bl\u0105skich fotograf\u00f3w \u2013 IV edycja \u2013 MAGIA NATURY\u201d"},"content":{"rendered":"<p><\/p>\n<p style=\"text-align: left;\"><span style=\"font-size: 12pt;\">To kolejna ju\u017c edycja wystawy fotograficznej prezentuj\u0105cej tw\u00f3rczo\u015b\u0107 cz\u0142onki\u0144 i cz\u0142onk\u00f3w Okr\u0119gu \u015al\u0105skiego Zwi\u0105zku Polskich Fotograf\u00f3w Przyrody. Na wystaw\u0119 sk\u0142ada si\u0119 65 wydruk\u00f3w 21 autorek i autor\u00f3w prezentuj\u0105cych g\u0142\u00f3wnie polsk\u0105 przyrod\u0119 w r\u00f3\u017cnym autorskim uj\u0119ciu. Na prezentowanych zdj\u0119ciach wida\u0107 indywidualne podej\u015bcia autorek i autor\u00f3w, ich wra\u017cliwo\u015b\u0107 oraz zainteresowanie poszczeg\u00f3lnymi dziedzinami fotografii przyrodniczej.<\/span><\/p>\n<p style=\"text-align: left;\"><span style=\"font-size: 12pt;\">Wernisa\u017c wystawy odb\u0119dzie si\u0119 26 kwietnia o godz. 18.00 w Galerii Zag\u0142\u0119biowskiej Mediateki (ul. Ko\u015bcielna 11). Podczas wernisa\u017cu Artur Jurkowski i Micha\u0142 Piekarski zabior\u0105 nas w filmow\u0105 podr\u00f3\u017c do Doliny G\u00f3rnej Wis\u0142y podczas pokazu filmu pt. <em>Charakter Doliny G\u00f3rnej Wis\u0142y.<\/em> Wystawa potrwa do 29 maja.<\/span><\/p>\n<p style=\"text-align: left;\"><span style=\"font-size: 12pt;\">Przywo\u0142ane w tytule wystawy s\u0142owo MAGIA nawi\u0105zuje do niepowtarzalnych chwil sp\u0119dzonych przy tworzeniu prezentowanych na wystawie fotografii i zjawisk, kt\u00f3rych dane by\u0142o do\u015bwiadczy\u0107 autorkom i autorom fotografii w otaczaj\u0105cym ich fascynuj\u0105cym \u015bwiecie przyrody.<\/span><\/p>\n<p>&nbsp;<\/p>\n<p style=\"text-align: left;\"><span style=\"font-size: 12pt;\">Autorzy prac:<\/span><\/p>\n<p style=\"text-align: left;\"><span style=\"font-size: 12pt;\">Bierna\u015b Zdzis\u0142aw<\/span><\/p>\n<p style=\"text-align: left;\"><span style=\"font-size: 12pt;\">Bula Marcin<\/span><\/p>\n<p style=\"text-align: left;\"><span style=\"font-size: 12pt;\">Jeziorowski Andrzej<\/span><\/p>\n<p style=\"text-align: left;\"><span style=\"font-size: 12pt;\">Jurkowski Artur<\/span><\/p>\n<p style=\"text-align: left;\"><span style=\"font-size: 12pt;\">K\u0119pa Krzysztof<\/span><\/p>\n<p style=\"text-align: left;\"><span style=\"font-size: 12pt;\">Koba \u0141ukasz<\/span><\/p>\n<p style=\"text-align: left;\"><span style=\"font-size: 12pt;\">Kr\u00f3l Miros\u0142aw<\/span><\/p>\n<p style=\"text-align: left;\"><span style=\"font-size: 12pt;\">Krupa Sebastian<\/span><\/p>\n<p style=\"text-align: left;\"><span style=\"font-size: 12pt;\">Piekarski Micha\u0142<\/span><\/p>\n<p style=\"text-align: left;\"><span style=\"font-size: 12pt;\">Przyby\u0142a Dariusz<\/span><\/p>\n<p style=\"text-align: left;\"><span style=\"font-size: 12pt;\">Rado\u0142owicz-Nieradzik Aleksandra<\/span><\/p>\n<p style=\"text-align: left;\"><span style=\"font-size: 12pt;\">Sczansny Tomasz<\/span><\/p>\n<p style=\"text-align: left;\"><span style=\"font-size: 12pt;\">S\u0142onina Sebastian<\/span><\/p>\n<p style=\"text-align: left;\"><span style=\"font-size: 12pt;\">Smolik Pawe\u0142<\/span><\/p>\n<p style=\"text-align: left;\"><span style=\"font-size: 12pt;\">Stasiak Jerzy<\/span><\/p>\n<p style=\"text-align: left;\"><span style=\"font-size: 12pt;\">Szczerska Maria<\/span><\/p>\n<p style=\"text-align: left;\"><span style=\"font-size: 12pt;\">\u015aniego\u0144 Marek<\/span><\/p>\n<p style=\"text-align: left;\"><span style=\"font-size: 12pt;\">Urz\u0119dnik Zygmunt<\/span><\/p>\n<p style=\"text-align: left;\"><span style=\"font-size: 12pt;\">W\u0105si\u0144ski Miros\u0142aw<\/span><\/p>\n<p style=\"text-align: left;\"><span style=\"font-size: 12pt;\">Wojcieszak Janusz<\/span><\/p>\n<p style=\"text-align: left;\"><span style=\"font-size: 12pt;\">Kondek Micha\u0142<\/span><\/p>\n<p style=\"text-align: left;\"><span style=\"font-size: 12pt;\">Okr\u0119g \u015al\u0105ski ZPFP zrzesza osoby z terenu wojew\u00f3dztwa \u015bl\u0105skiego, amatorki i amator\u00f3w podzielaj\u0105cych wsp\u00f3ln\u0105 pasj\u0119, jak\u0105 jest fotografia przyrodnicza. Warto doda\u0107, \u017ce cz\u0142onkinie i cz\u0142onk\u00f3w ZPFP obowi\u0105zuje podczas fotografowania kodeks etyczny, a poprzez swoje dzia\u0142ania popularyzuj\u0105ce fotografi\u0119 przyrodnicz\u0105 Zwi\u0105zek ma ambicje wsp\u00f3\u0142udzia\u0142u w tworzeniu kultury narodowej.<\/span><\/p>\n<p style=\"text-align: left;\"><span style=\"font-size: 12pt;\">Podstawowe informacje dotycz\u0105ce dzia\u0142alno\u015bci stowarzyszenia oraz Okr\u0119gu \u015al\u0105skiego mo\u017cna odnale\u017a\u0107 <a href=\"http:\/\/www.zpfp.pl\">na stronie internetowej<\/a>. Z kolei <a href=\"https:\/\/www.facebook.com\/zpfp.okreg.slaski\/\">na fanpage&#8217;u ZPFP<\/a>\u00a0zamieszczane s\u0105 bie\u017c\u0105ce informacje z \u017cycia Okr\u0119gu.<\/span><\/p>\n<p><img class=\"alignnone wp-image-44089 size-full\" src=\"https:\/\/us.edu.pl\/student\/wp-content\/uploads\/sites\/3\/Bez-kategorii\/oczami-slaskich-fotografow-plakat-ZM-popr-e1713868236382.png\" alt=\"czarno-bia\u0142y plakat informacyjny - zdj\u0119cie jelenia na pustkowiu\" width=\"460\" height=\"655\" \/><\/p>","protected":false},"excerpt":{"rendered":"<p>To kolejna ju\u017c edycja wystawy fotograficznej prezentuj\u0105cej tw\u00f3rczo\u015b\u0107 cz\u0142onki\u0144 i cz\u0142onk\u00f3w Okr\u0119gu \u015al\u0105skiego Zwi\u0105zku Polskich Fotograf\u00f3w Przyrody. Na wystaw\u0119 sk\u0142ada si\u0119 65 wydruk\u00f3w 21 autorek i autor\u00f3w prezentuj\u0105cych g\u0142\u00f3wnie polsk\u0105 przyrod\u0119 w r\u00f3\u017cnym autorskim uj\u0119ciu. Na prezentowanych zdj\u0119ciach wida\u0107 indywidualne podej\u015bcia autorek i autor\u00f3w, ich wra\u017cliwo\u015b\u0107 oraz zainteresowanie poszczeg\u00f3lnymi dziedzinami fotografii przyrodniczej. Wernisa\u017c wystawy odb\u0119dzie [&#8230;]<\/p>\n<p><a class=\"btn btn-secondary understrap-read-more-link\" href=\"https:\/\/us.edu.pl\/student\/event\/wystawa-oczami-slaskich-fotografow-iv-edycja-magia-natury\/\">Read More&#8230;<\/a><\/p>\n","protected":false},"author":187,"featured_media":0,"template":"","meta":{"_expiration-date-status":"","_expiration-date":0,"_expiration-date-type":"","_expiration-date-categories":[],"_expiration-date-options":[]},"acf":[],"_links":{"self":[{"href":"https:\/\/us.edu.pl\/student\/wp-json\/wp\/v2\/event\/44088"}],"collection":[{"href":"https:\/\/us.edu.pl\/student\/wp-json\/wp\/v2\/event"}],"about":[{"href":"https:\/\/us.edu.pl\/student\/wp-json\/wp\/v2\/types\/event"}],"author":[{"embeddable":true,"href":"https:\/\/us.edu.pl\/student\/wp-json\/wp\/v2\/users\/187"}],"version-history":[{"count":1,"href":"https:\/\/us.edu.pl\/student\/wp-json\/wp\/v2\/event\/44088\/revisions"}],"predecessor-version":[{"id":44090,"href":"https:\/\/us.edu.pl\/student\/wp-json\/wp\/v2\/event\/44088\/revisions\/44090"}],"wp:attachment":[{"href":"https:\/\/us.edu.pl\/student\/wp-json\/wp\/v2\/media?parent=44088"}],"curies":[{"name":"wp","href":"https:\/\/api.w.org\/{rel}","templated":true}]}}

Wystawa „Oczami śląskich fotografów – IV edycja – MAGIA NATURY”

<p></p>
<p style="text-align: left;"><span style="font-size: 12pt;">To kolejna już edycja wystawy fotograficznej prezentującej twórczość członkiń i członków Okręgu Śląskiego Związku Polskich Fotografów Przyrody. Na wystawę składa się 65 wydruków 21 autorek i autorów prezentujących głównie polską przyrodę w różnym autorskim ujęciu. Na prezentowanych zdjęciach widać indywidualne podejścia autorek i autorów, ich wrażliwość oraz zainteresowanie poszczególnymi dziedzinami fotografii przyrodniczej.</span></p>
<p style="text-align: left;"><span style="font-size: 12pt;">Wernisaż wystawy odbędzie się 26 kwietnia o godz. 18.00 w Galerii Zagłębiowskiej Mediateki (ul. Kościelna 11). Podczas wernisażu Artur Jurkowski i Michał Piekarski zabiorą nas w filmową podróż do Doliny Górnej Wisły podczas pokazu filmu pt. <em>Charakter Doliny Górnej Wisły.</em> Wystawa potrwa do 29 maja.</span></p>
<p style="text-align: left;"><span style="font-size: 12pt;">Przywołane w tytule wystawy słowo MAGIA nawiązuje do niepowtarzalnych chwil spędzonych przy tworzeniu prezentowanych na wystawie fotografii i zjawisk, których dane było doświadczyć autorkom i autorom fotografii w otaczającym ich fascynującym świecie przyrody.</span></p>
<p>&nbsp;</p>
<p style="text-align: left;"><span style="font-size: 12pt;">Autorzy prac:</span></p>
<p style="text-align: left;"><span style="font-size: 12pt;">Biernaś Zdzisław</span></p>
<p style="text-align: left;"><span style="font-size: 12pt;">Bula Marcin</span></p>
<p style="text-align: left;"><span style="font-size: 12pt;">Jeziorowski Andrzej</span></p>
<p style="text-align: left;"><span style="font-size: 12pt;">Jurkowski Artur</span></p>
<p style="text-align: left;"><span style="font-size: 12pt;">Kępa Krzysztof</span></p>
<p style="text-align: left;"><span style="font-size: 12pt;">Koba Łukasz</span></p>
<p style="text-align: left;"><span style="font-size: 12pt;">Król Mirosław</span></p>
<p style="text-align: left;"><span style="font-size: 12pt;">Krupa Sebastian</span></p>
<p style="text-align: left;"><span style="font-size: 12pt;">Piekarski Michał</span></p>
<p style="text-align: left;"><span style="font-size: 12pt;">Przybyła Dariusz</span></p>
<p style="text-align: left;"><span style="font-size: 12pt;">Radołowicz-Nieradzik Aleksandra</span></p>
<p style="text-align: left;"><span style="font-size: 12pt;">Sczansny Tomasz</span></p>
<p style="text-align: left;"><span style="font-size: 12pt;">Słonina Sebastian</span></p>
<p style="text-align: left;"><span style="font-size: 12pt;">Smolik Paweł</span></p>
<p style="text-align: left;"><span style="font-size: 12pt;">Stasiak Jerzy</span></p>
<p style="text-align: left;"><span style="font-size: 12pt;">Szczerska Maria</span></p>
<p style="text-align: left;"><span style="font-size: 12pt;">Śniegoń Marek</span></p>
<p style="text-align: left;"><span style="font-size: 12pt;">Urzędnik Zygmunt</span></p>
<p style="text-align: left;"><span style="font-size: 12pt;">Wąsiński Mirosław</span></p>
<p style="text-align: left;"><span style="font-size: 12pt;">Wojcieszak Janusz</span></p>
<p style="text-align: left;"><span style="font-size: 12pt;">Kondek Michał</span></p>
<p style="text-align: left;"><span style="font-size: 12pt;">Okręg Śląski ZPFP zrzesza osoby z terenu województwa śląskiego, amatorki i amatorów podzielających wspólną pasję, jaką jest fotografia przyrodnicza. Warto dodać, że członkinie i członków ZPFP obowiązuje podczas fotografowania kodeks etyczny, a poprzez swoje działania popularyzujące fotografię przyrodniczą Związek ma ambicje współudziału w tworzeniu kultury narodowej.</span></p>
<p style="text-align: left;"><span style="font-size: 12pt;">Podstawowe informacje dotyczące działalności stowarzyszenia oraz Okręgu Śląskiego można odnaleźć <a href="http://www.zpfp.pl">na stronie internetowej</a>. Z kolei <a href="https://www.facebook.com/zpfp.okreg.slaski/">na fanpage&#8217;u ZPFP</a> zamieszczane są bieżące informacje z życia Okręgu.</span></p>
<p><img class="alignnone wp-image-44089 size-full" src="https://us.edu.pl/student/wp-content/uploads/sites/3/Bez-kategorii/oczami-slaskich-fotografow-plakat-ZM-popr-e1713868236382.png" alt="czarno-biały plakat informacyjny - zdjęcie jelenia na pustkowiu" width="460" height="655" /></p>

<p>To kolejna już edycja wystawy fotograficznej prezentującej twórczość członkiń i członków Okręgu Śląskiego Związku Polskich Fotografów Przyrody. Na wystawę składa się 65 wydruków 21 autorek i autorów prezentujących głównie polską przyrodę w różnym autorskim ujęciu. Na prezentowanych zdjęciach widać indywidualne podejścia autorek i autorów, ich wrażliwość oraz zainteresowanie poszczególnymi dziedzinami fotografii przyrodniczej. Wernisaż wystawy odbędzie [&#8230;]</p>
<p><a class="btn btn-secondary understrap-read-more-link" href="https://us.edu.pl/student/event/wystawa-oczami-slaskich-fotografow-iv-edycja-magia-natury/">Read More&#8230;</a></p>
