{"id":44511,"date":"2024-06-03T09:56:15","date_gmt":"2024-06-03T07:56:15","guid":{"rendered":"https:\/\/us.edu.pl\/student\/?post_type=event&#038;p=44511"},"modified":"2024-06-03T09:58:33","modified_gmt":"2024-06-03T07:58:33","slug":"spotkanie-z-anna-podsiadlo-promocja-ksiazki-mister-perfect","status":"publish","type":"event","link":"https:\/\/us.edu.pl\/student\/event\/spotkanie-z-anna-podsiadlo-promocja-ksiazki-mister-perfect\/","title":{"rendered":"Spotkanie z Ann\u0105 Podsiad\u0142o \u2013 promocja ksi\u0105\u017cki \u201eMister Perfect\u201d"},"content":{"rendered":"<p><\/p>\n<p style=\"text-align: left;\"><span style=\"font-size: 12pt;\">Zag\u0142\u0119biowska Mediateka zaprasza serdecznie na spotkanie z Ann\u0105 Podsiad\u0142o, promuj\u0105ce jej najnowsz\u0105 ksi\u0105\u017ck\u0119 <em>Mister Perfect<\/em>. Spotkanie odb\u0119dzie si\u0119 w poniedzia\u0142ek 10 czerwca o godz. 18.00 w Kawiarni Zag\u0142\u0119biowskiej Mediateki przy ul. Ko\u015bcielnej 11 w Sosnowcu. Spotkanie poprowadzi Klaudia Pluta. Na spotkaniu b\u0119dzie mo\u017cna zakupi\u0107 egzemplarz powie\u015bci. Wst\u0119p wolny.<\/span><\/p>\n<p style=\"text-align: left;\"><span style=\"font-size: 12pt;\">Anna Podsiad\u0142o \u2013 pochodzi z Sosnowca. Jest Zag\u0142\u0119biank\u0105, cho\u0107 goda\u0107 po \u015bl\u0105sku r\u00f3wnie\u017c potrafi. Uwielbia s\u0142ucha\u0107 muzyki, szczeg\u00f3lnie na koncertach. Nie potrafi pracowa\u0107 w ciszy. Inspiracje do swoich ksi\u0105\u017cek czerpie z obserwacji otoczenia. Uwa\u017ca, \u017ce \u017cycie pisze najlepsze scenariusze\u2026 i ksi\u0105\u017cki. Prywatnie \u017cona, mama 7-letniej Klary, mi\u0142o\u015bniczka fitnessu i dobrego jedzenia. Ze wszystkich s\u0142odyczy najbardziej lubi je\u015b\u0107\u2026 burgery.<\/span><\/p>\n<p><span style=\"font-size: 12pt;\">Publikacje:<\/span><\/p>\n<ul>\n<li><span style=\"font-size: 12pt;\">ksi\u0105\u017ceczki dla dzieci z serii <em>Iga i zaczarowany mi\u015b<\/em> (2022),<\/span><\/li>\n<li><span style=\"font-size: 12pt;\"><em>Cztery pory kobiet<\/em> (2023),<\/span><\/li>\n<li><span style=\"font-size: 12pt;\"><em>Mister Perfect<\/em> (2024).<\/span><\/li>\n<\/ul>\n<p style=\"text-align: left;\"><span style=\"font-size: 12pt;\">Wszystkie osoby zainteresowane otrzymywaniem regularnych informacji o ofercie Miejskiej Biblioteki Publicznej w Sosnowcu mog\u0105 zapisa\u0107 si\u0119 do newslettera za po\u015brednictwem strony www.biblioteka.sosnowiec.pl i \u015bledzi\u0107 Zag\u0142\u0119biowsk\u0105 Mediatek\u0119 w mediach spo\u0142eczno\u015bciowych (Facebook, YouTube, Instagram, Twitter, TikTok).<\/span><\/p>\n<p><\/p>","protected":false},"excerpt":{"rendered":"<p>Zag\u0142\u0119biowska Mediateka zaprasza serdecznie na spotkanie z Ann\u0105 Podsiad\u0142o, promuj\u0105ce jej najnowsz\u0105 ksi\u0105\u017ck\u0119 Mister Perfect. Spotkanie odb\u0119dzie si\u0119 w poniedzia\u0142ek 10 czerwca o godz. 18.00 w Kawiarni Zag\u0142\u0119biowskiej Mediateki przy ul. Ko\u015bcielnej 11 w Sosnowcu. Spotkanie poprowadzi Klaudia Pluta. Na spotkaniu b\u0119dzie mo\u017cna zakupi\u0107 egzemplarz powie\u015bci. Wst\u0119p wolny. Anna Podsiad\u0142o \u2013 pochodzi z Sosnowca. Jest [&#8230;]<\/p>\n<p><a class=\"btn btn-secondary understrap-read-more-link\" href=\"https:\/\/us.edu.pl\/student\/event\/spotkanie-z-anna-podsiadlo-promocja-ksiazki-mister-perfect\/\">Read More&#8230;<\/a><\/p>\n","protected":false},"author":187,"featured_media":44512,"template":"","meta":{"_expiration-date-status":"","_expiration-date":0,"_expiration-date-type":"","_expiration-date-categories":[],"_expiration-date-options":[]},"acf":[],"_links":{"self":[{"href":"https:\/\/us.edu.pl\/student\/wp-json\/wp\/v2\/event\/44511"}],"collection":[{"href":"https:\/\/us.edu.pl\/student\/wp-json\/wp\/v2\/event"}],"about":[{"href":"https:\/\/us.edu.pl\/student\/wp-json\/wp\/v2\/types\/event"}],"author":[{"embeddable":true,"href":"https:\/\/us.edu.pl\/student\/wp-json\/wp\/v2\/users\/187"}],"version-history":[{"count":2,"href":"https:\/\/us.edu.pl\/student\/wp-json\/wp\/v2\/event\/44511\/revisions"}],"predecessor-version":[{"id":44514,"href":"https:\/\/us.edu.pl\/student\/wp-json\/wp\/v2\/event\/44511\/revisions\/44514"}],"wp:featuredmedia":[{"embeddable":true,"href":"https:\/\/us.edu.pl\/student\/wp-json\/wp\/v2\/media\/44512"}],"wp:attachment":[{"href":"https:\/\/us.edu.pl\/student\/wp-json\/wp\/v2\/media?parent=44511"}],"curies":[{"name":"wp","href":"https:\/\/api.w.org\/{rel}","templated":true}]}}

Spotkanie z Anną Podsiadło – promocja książki „Mister Perfect”

<p></p>
<p style="text-align: left;"><span style="font-size: 12pt;">Zagłębiowska Mediateka zaprasza serdecznie na spotkanie z Anną Podsiadło, promujące jej najnowszą książkę <em>Mister Perfect</em>. Spotkanie odbędzie się w poniedziałek 10 czerwca o godz. 18.00 w Kawiarni Zagłębiowskiej Mediateki przy ul. Kościelnej 11 w Sosnowcu. Spotkanie poprowadzi Klaudia Pluta. Na spotkaniu będzie można zakupić egzemplarz powieści. Wstęp wolny.</span></p>
<p style="text-align: left;"><span style="font-size: 12pt;">Anna Podsiadło – pochodzi z Sosnowca. Jest Zagłębianką, choć godać po śląsku również potrafi. Uwielbia słuchać muzyki, szczególnie na koncertach. Nie potrafi pracować w ciszy. Inspiracje do swoich książek czerpie z obserwacji otoczenia. Uważa, że życie pisze najlepsze scenariusze… i książki. Prywatnie żona, mama 7-letniej Klary, miłośniczka fitnessu i dobrego jedzenia. Ze wszystkich słodyczy najbardziej lubi jeść… burgery.</span></p>
<p><span style="font-size: 12pt;">Publikacje:</span></p>
<ul>
<li><span style="font-size: 12pt;">książeczki dla dzieci z serii <em>Iga i zaczarowany miś</em> (2022),</span></li>
<li><span style="font-size: 12pt;"><em>Cztery pory kobiet</em> (2023),</span></li>
<li><span style="font-size: 12pt;"><em>Mister Perfect</em> (2024).</span></li>
</ul>
<p style="text-align: left;"><span style="font-size: 12pt;">Wszystkie osoby zainteresowane otrzymywaniem regularnych informacji o ofercie Miejskiej Biblioteki Publicznej w Sosnowcu mogą zapisać się do newslettera za pośrednictwem strony www.biblioteka.sosnowiec.pl i śledzić Zagłębiowską Mediatekę w mediach społecznościowych (Facebook, YouTube, Instagram, Twitter, TikTok).</span></p>
<p></p>

<p>Zagłębiowska Mediateka zaprasza serdecznie na spotkanie z Anną Podsiadło, promujące jej najnowszą książkę Mister Perfect. Spotkanie odbędzie się w poniedziałek 10 czerwca o godz. 18.00 w Kawiarni Zagłębiowskiej Mediateki przy ul. Kościelnej 11 w Sosnowcu. Spotkanie poprowadzi Klaudia Pluta. Na spotkaniu będzie można zakupić egzemplarz powieści. Wstęp wolny. Anna Podsiadło – pochodzi z Sosnowca. Jest [&#8230;]</p>
<p><a class="btn btn-secondary understrap-read-more-link" href="https://us.edu.pl/student/event/spotkanie-z-anna-podsiadlo-promocja-ksiazki-mister-perfect/">Read More&#8230;</a></p>
