{"id":47418,"date":"2024-11-07T11:15:46","date_gmt":"2024-11-07T10:15:46","guid":{"rendered":"https:\/\/us.edu.pl\/student\/?post_type=event&#038;p=47418"},"modified":"2024-11-07T11:15:46","modified_gmt":"2024-11-07T10:15:46","slug":"prof-dr-hab-dariusz-nawrot-110-rocznica-czynu-legionowego-w-zaglebiu-dabrowskim-listopadowy-zaglebiowski-czwartek","status":"publish","type":"event","link":"https:\/\/us.edu.pl\/student\/event\/prof-dr-hab-dariusz-nawrot-110-rocznica-czynu-legionowego-w-zaglebiu-dabrowskim-listopadowy-zaglebiowski-czwartek\/","title":{"rendered":"Prof. dr hab. Dariusz Nawrot: 110. Rocznica czynu legionowego w Zag\u0142\u0119biu D\u0105browskim \u2013 listopadowy Zag\u0142\u0119biowski Czwartek"},"content":{"rendered":"<p><\/p>\n<p style=\"text-align: left;\"><span style=\"font-size: 12pt;\">Zag\u0142\u0119biowska Mediateka, Instytut Zag\u0142\u0119bia D\u0105browskiego i Pa\u0142ac Schoena \u2013 Muzeum w Sosnowcu zapraszaj\u0105 serdecznie na listopadowy Zag\u0142\u0119biowski Czwartek zwi\u0105zany z rocznic\u0105 czynu legionowego w Zag\u0142\u0119biu. W czwartek 14 listopada o godz. 17.00 w Auli Zag\u0142\u0119biowskiej Mediateki (ul. Ko\u015bcielna 11) prelekcj\u0119 wyg\u0142osi prof. Dariusz Nawrot \u2013 dyrektor Instytutu Zag\u0142\u0119bia D\u0105browskiego. Wst\u0119p wolny.<\/span><\/p>\n<p style=\"text-align: left;\"><span style=\"font-size: 12pt;\">Prof. Nawrot jest historykiem, profesorem nauk humanistycznych w zakresie historii, cz\u0142onkiem Zespo\u0142u Historii Wojskowo\u015bci w Komitecie Nauk Historycznych PAN, a tak\u017ce autorem ponad 150 publikacji naukowych dotycz\u0105cych dziej\u00f3w ziem polskich u schy\u0142ku Rzeczypospolitej i w epoce napoleo\u0144skiej oraz historii Zag\u0142\u0119bia D\u0105browskiego.<\/span><\/p>\n<p style=\"text-align: left;\"><span style=\"font-size: 12pt;\">Wszystkie osoby zainteresowane otrzymywaniem regularnych informacji o ofercie Miejskiej Biblioteki Publicznej w Sosnowcu mog\u0105 zapisa\u0107 si\u0119 do newslettera za po\u015brednictwem strony www.biblioteka.sosnowiec.pl i \u015bledzi\u0107 Zag\u0142\u0119biowsk\u0105 Mediatek\u0119 w mediach spo\u0142eczno\u015bciowych (Facebook, YouTube, Instagram, Twitter, TikTok).<\/span><\/p>\n<p><\/p>","protected":false},"excerpt":{"rendered":"<p>Zag\u0142\u0119biowska Mediateka, Instytut Zag\u0142\u0119bia D\u0105browskiego i Pa\u0142ac Schoena \u2013 Muzeum w Sosnowcu zapraszaj\u0105 serdecznie na listopadowy Zag\u0142\u0119biowski Czwartek zwi\u0105zany z rocznic\u0105 czynu legionowego w Zag\u0142\u0119biu. W czwartek 14 listopada o godz. 17.00 w Auli Zag\u0142\u0119biowskiej Mediateki (ul. Ko\u015bcielna 11) prelekcj\u0119 wyg\u0142osi prof. Dariusz Nawrot \u2013 dyrektor Instytutu Zag\u0142\u0119bia D\u0105browskiego. Wst\u0119p wolny. Prof. Nawrot jest historykiem, [&#8230;]<\/p>\n<p><a class=\"btn btn-secondary understrap-read-more-link\" href=\"https:\/\/us.edu.pl\/student\/event\/prof-dr-hab-dariusz-nawrot-110-rocznica-czynu-legionowego-w-zaglebiu-dabrowskim-listopadowy-zaglebiowski-czwartek\/\">Read More&#8230;<\/a><\/p>\n","protected":false},"author":187,"featured_media":47421,"template":"","meta":{"_expiration-date-status":"","_expiration-date":0,"_expiration-date-type":"","_expiration-date-categories":[],"_expiration-date-options":[]},"acf":[],"_links":{"self":[{"href":"https:\/\/us.edu.pl\/student\/wp-json\/wp\/v2\/event\/47418"}],"collection":[{"href":"https:\/\/us.edu.pl\/student\/wp-json\/wp\/v2\/event"}],"about":[{"href":"https:\/\/us.edu.pl\/student\/wp-json\/wp\/v2\/types\/event"}],"author":[{"embeddable":true,"href":"https:\/\/us.edu.pl\/student\/wp-json\/wp\/v2\/users\/187"}],"version-history":[{"count":1,"href":"https:\/\/us.edu.pl\/student\/wp-json\/wp\/v2\/event\/47418\/revisions"}],"predecessor-version":[{"id":47424,"href":"https:\/\/us.edu.pl\/student\/wp-json\/wp\/v2\/event\/47418\/revisions\/47424"}],"wp:featuredmedia":[{"embeddable":true,"href":"https:\/\/us.edu.pl\/student\/wp-json\/wp\/v2\/media\/47421"}],"wp:attachment":[{"href":"https:\/\/us.edu.pl\/student\/wp-json\/wp\/v2\/media?parent=47418"}],"curies":[{"name":"wp","href":"https:\/\/api.w.org\/{rel}","templated":true}]}}

Prof. dr hab. Dariusz Nawrot: 110. Rocznica czynu legionowego w Zagłębiu Dąbrowskim – listopadowy Zagłębiowski Czwartek

<p></p>
<p style="text-align: left;"><span style="font-size: 12pt;">Zagłębiowska Mediateka, Instytut Zagłębia Dąbrowskiego i Pałac Schoena – Muzeum w Sosnowcu zapraszają serdecznie na listopadowy Zagłębiowski Czwartek związany z rocznicą czynu legionowego w Zagłębiu. W czwartek 14 listopada o godz. 17.00 w Auli Zagłębiowskiej Mediateki (ul. Kościelna 11) prelekcję wygłosi prof. Dariusz Nawrot – dyrektor Instytutu Zagłębia Dąbrowskiego. Wstęp wolny.</span></p>
<p style="text-align: left;"><span style="font-size: 12pt;">Prof. Nawrot jest historykiem, profesorem nauk humanistycznych w zakresie historii, członkiem Zespołu Historii Wojskowości w Komitecie Nauk Historycznych PAN, a także autorem ponad 150 publikacji naukowych dotyczących dziejów ziem polskich u schyłku Rzeczypospolitej i w epoce napoleońskiej oraz historii Zagłębia Dąbrowskiego.</span></p>
<p style="text-align: left;"><span style="font-size: 12pt;">Wszystkie osoby zainteresowane otrzymywaniem regularnych informacji o ofercie Miejskiej Biblioteki Publicznej w Sosnowcu mogą zapisać się do newslettera za pośrednictwem strony www.biblioteka.sosnowiec.pl i śledzić Zagłębiowską Mediatekę w mediach społecznościowych (Facebook, YouTube, Instagram, Twitter, TikTok).</span></p>
<p></p>

<p>Zagłębiowska Mediateka, Instytut Zagłębia Dąbrowskiego i Pałac Schoena – Muzeum w Sosnowcu zapraszają serdecznie na listopadowy Zagłębiowski Czwartek związany z rocznicą czynu legionowego w Zagłębiu. W czwartek 14 listopada o godz. 17.00 w Auli Zagłębiowskiej Mediateki (ul. Kościelna 11) prelekcję wygłosi prof. Dariusz Nawrot – dyrektor Instytutu Zagłębia Dąbrowskiego. Wstęp wolny. Prof. Nawrot jest historykiem, [&#8230;]</p>
<p><a class="btn btn-secondary understrap-read-more-link" href="https://us.edu.pl/student/event/prof-dr-hab-dariusz-nawrot-110-rocznica-czynu-legionowego-w-zaglebiu-dabrowskim-listopadowy-zaglebiowski-czwartek/">Read More&#8230;</a></p>
