{"id":61568,"date":"2026-04-24T10:53:28","date_gmt":"2026-04-24T08:53:28","guid":{"rendered":"https:\/\/us.edu.pl\/student\/?post_type=event&#038;p=61568"},"modified":"2026-04-24T10:53:28","modified_gmt":"2026-04-24T08:53:28","slug":"ogolnopolska-konferencja-naukowa-afryka-poznaj-nieznane","status":"publish","type":"event","link":"https:\/\/us.edu.pl\/student\/event\/ogolnopolska-konferencja-naukowa-afryka-poznaj-nieznane\/","title":{"rendered":"Og\u00f3lnopolska konferencja naukowa \u201eAfryka \u2013 poznaj nieznane\u201d"},"content":{"rendered":"<p><\/p>\n<p style=\"text-align: left;\"><span style=\"font-size: 12pt;\">Twoja droga do \u015bwiata nauki zaczyna si\u0119 tutaj!<\/span><!--more--><\/p>\n<p style=\"text-align: left;\"><span style=\"font-size: 12pt;\">Masz ambicj\u0119, by si\u0119ga\u0107 wy\u017cej? Chcesz, aby Twoje badania i przemy\u015blenia wysz\u0142y poza ramy studenckich notatek? To og\u0142oszenie jest w\u0142a\u015bnie dla Ciebie!<\/span><\/p>\n<p style=\"text-align: left;\"><span style=\"font-size: 12pt;\">Niezale\u017cne Zrzeszenie Student\u00f3w (NZS) otwiera drzwi do \u015bwiata wielkiej nauki! Serdecznie zapraszamy do udzia\u0142u w imprezie, kt\u00f3ra jest idealn\u0105 okazj\u0105 do naukowego debiutu.<\/span><\/p>\n<p style=\"text-align: left;\"><span style=\"font-size: 12pt;\"><strong>Dlaczego warto wzi\u0105\u0107 udzia\u0142? <\/strong>To nie kolejna nudna teoria. To przestrze\u0144 dla m\u0142odych, m\u0105drych i odwa\u017cnych g\u0142\u00f3w, kt\u00f3re chc\u0105 realnie zaistnie\u0107 w \u015brodowisku akademickim.<\/span><\/p>\n<p style=\"text-align: left;\"><span style=\"font-size: 12pt;\"><strong>Co planujemy?<\/strong> Og\u00f3lnopolska konferencja naukowa b\u0119dzie w ca\u0142o\u015bci po\u015bwi\u0119cona fascynuj\u0105cemu tematowi: \u201eAfryka \u2013 poznaj nieznane\u201d.<\/span><\/p>\n<p style=\"text-align: left;\"><span style=\"font-size: 12pt;\"><strong>Co zyskujesz?<\/strong><\/span><\/p>\n<ul>\n<li><span style=\"font-size: 12pt;\">Debiut naukowy \u2013 idealny wpis do Twojego portfolio\/CV!<\/span><\/li>\n<li><span style=\"font-size: 12pt;\">Networking \u2013 poznasz ludzi o podobnych ambicjach i pasjach!<\/span><\/li>\n<li><span style=\"font-size: 12pt;\">Presti\u017c \u2013 og\u00f3lnopolskie wydarzenie pod szyldem Studenckiego Nobla 2026 i NZS U\u015a!<\/span><\/li>\n<\/ul>\n<p style=\"text-align: left;\"><span style=\"font-size: 12pt;\">Konferencja odb\u0119dzie si\u0119 w pi\u0105tek 8 maja od godz. 12.00 na Wydziale Humanistycznym U\u015a.<\/span><\/p>\n<p style=\"text-align: left;\"><span style=\"font-size: 12pt;\">Nie zwlekaj i zapisz si\u0119 przez <a href=\"https:\/\/docs.google.com\/forms\/d\/e\/1FAIpQLSfTlhPYx4ikVxx-gLrqw58R5kQIrJBM_2hji2-L0OTLSAmYvw\/viewform\">formularz<\/a> ju\u017c teraz! Formularz aplikacyjny otwarty b\u0119dzie do 3 maja.<br \/>\n<\/span><\/p>\n<p style=\"text-align: left;\"><span style=\"font-size: 12pt;\"><a href=\"https:\/\/www.facebook.com\/events\/s\/ogolnopolska-konferencja-nauko\/1630005644917160\/\">Do\u0142\u0105cz do wydarzenia na Facebooku<\/a><\/span><\/p>\n<p><\/p>","protected":false},"excerpt":{"rendered":"<p>Twoja droga do \u015bwiata nauki zaczyna si\u0119 tutaj! [&#8230;]<\/p>\n<p><a class=\"btn btn-secondary understrap-read-more-link\" href=\"https:\/\/us.edu.pl\/student\/event\/ogolnopolska-konferencja-naukowa-afryka-poznaj-nieznane\/\">Read More&#8230;<\/a><\/p>\n","protected":false},"author":187,"featured_media":61569,"template":"","meta":{"_expiration-date-status":"","_expiration-date":0,"_expiration-date-type":"","_expiration-date-categories":[],"_expiration-date-options":[]},"acf":[],"_links":{"self":[{"href":"https:\/\/us.edu.pl\/student\/wp-json\/wp\/v2\/event\/61568"}],"collection":[{"href":"https:\/\/us.edu.pl\/student\/wp-json\/wp\/v2\/event"}],"about":[{"href":"https:\/\/us.edu.pl\/student\/wp-json\/wp\/v2\/types\/event"}],"author":[{"embeddable":true,"href":"https:\/\/us.edu.pl\/student\/wp-json\/wp\/v2\/users\/187"}],"version-history":[{"count":1,"href":"https:\/\/us.edu.pl\/student\/wp-json\/wp\/v2\/event\/61568\/revisions"}],"predecessor-version":[{"id":61570,"href":"https:\/\/us.edu.pl\/student\/wp-json\/wp\/v2\/event\/61568\/revisions\/61570"}],"wp:featuredmedia":[{"embeddable":true,"href":"https:\/\/us.edu.pl\/student\/wp-json\/wp\/v2\/media\/61569"}],"wp:attachment":[{"href":"https:\/\/us.edu.pl\/student\/wp-json\/wp\/v2\/media?parent=61568"}],"curies":[{"name":"wp","href":"https:\/\/api.w.org\/{rel}","templated":true}]}}

Ogólnopolska konferencja naukowa „Afryka – poznaj nieznane”

<p></p>
<p style="text-align: left;"><span style="font-size: 12pt;">Twoja droga do świata nauki zaczyna się tutaj!</span><!--more--></p>
<p style="text-align: left;"><span style="font-size: 12pt;">Masz ambicję, by sięgać wyżej? Chcesz, aby Twoje badania i przemyślenia wyszły poza ramy studenckich notatek? To ogłoszenie jest właśnie dla Ciebie!</span></p>
<p style="text-align: left;"><span style="font-size: 12pt;">Niezależne Zrzeszenie Studentów (NZS) otwiera drzwi do świata wielkiej nauki! Serdecznie zapraszamy do udziału w imprezie, która jest idealną okazją do naukowego debiutu.</span></p>
<p style="text-align: left;"><span style="font-size: 12pt;"><strong>Dlaczego warto wziąć udział? </strong>To nie kolejna nudna teoria. To przestrzeń dla młodych, mądrych i odważnych głów, które chcą realnie zaistnieć w środowisku akademickim.</span></p>
<p style="text-align: left;"><span style="font-size: 12pt;"><strong>Co planujemy?</strong> Ogólnopolska konferencja naukowa będzie w całości poświęcona fascynującemu tematowi: „Afryka – poznaj nieznane”.</span></p>
<p style="text-align: left;"><span style="font-size: 12pt;"><strong>Co zyskujesz?</strong></span></p>
<ul>
<li><span style="font-size: 12pt;">Debiut naukowy – idealny wpis do Twojego portfolio/CV!</span></li>
<li><span style="font-size: 12pt;">Networking – poznasz ludzi o podobnych ambicjach i pasjach!</span></li>
<li><span style="font-size: 12pt;">Prestiż – ogólnopolskie wydarzenie pod szyldem Studenckiego Nobla 2026 i NZS UŚ!</span></li>
</ul>
<p style="text-align: left;"><span style="font-size: 12pt;">Konferencja odbędzie się w piątek 8 maja od godz. 12.00 na Wydziale Humanistycznym UŚ.</span></p>
<p style="text-align: left;"><span style="font-size: 12pt;">Nie zwlekaj i zapisz się przez <a href="https://docs.google.com/forms/d/e/1FAIpQLSfTlhPYx4ikVxx-gLrqw58R5kQIrJBM_2hji2-L0OTLSAmYvw/viewform">formularz</a> już teraz! Formularz aplikacyjny otwarty będzie do 3 maja.<br />
</span></p>
<p style="text-align: left;"><span style="font-size: 12pt;"><a href="https://www.facebook.com/events/s/ogolnopolska-konferencja-nauko/1630005644917160/">Dołącz do wydarzenia na Facebooku</a></span></p>
<p></p>

<p>Twoja droga do świata nauki zaczyna się tutaj! [&#8230;]</p>
<p><a class="btn btn-secondary understrap-read-more-link" href="https://us.edu.pl/student/event/ogolnopolska-konferencja-naukowa-afryka-poznaj-nieznane/">Read More&#8230;</a></p>
