{"id":63295,"date":"2026-09-02T12:07:04","date_gmt":"2026-09-02T10:07:04","guid":{"rendered":"https:\/\/us.edu.pl\/student\/?post_type=event&#038;p=63295"},"modified":"2026-09-02T12:07:04","modified_gmt":"2026-09-02T10:07:04","slug":"fundraising-dla-poczatkujacych-grassroots-hacking-webinar-w-ramach-mn-lab","status":"publish","type":"event","link":"https:\/\/us.edu.pl\/student\/event\/fundraising-dla-poczatkujacych-grassroots-hacking-webinar-w-ramach-mn-lab\/","title":{"rendered":"\u201eFundraising dla pocz\u0105tkuj\u0105cych \u2013 Grassroots Hacking\u201d \u2013 webinar w ramach MN.LAB"},"content":{"rendered":"<p><\/p>\n<p style=\"text-align: left;\"><span style=\"font-size: 12pt;\">Po wakacyjnej przerwie wraca MN.LAB \u2013 Laboratorium Pomys\u0142\u00f3w Mniejszo\u015bci Niemieckiej!<\/span><\/p>\n<p style=\"text-align: left;\"><span style=\"font-size: 12pt;\">We wtorek 22 wrze\u015bnia o godz. 19:00 odb\u0119dzie si\u0119 webinar online \u201eFundraising dla pocz\u0105tkuj\u0105cych \u2013 Grassroots Hacking\u201d.<\/span><\/p>\n<p style=\"text-align: left;\"><span style=\"font-size: 12pt;\">Spotkanie b\u0119dzie po\u015bwi\u0119cone pozyskiwaniu mikrogrant\u00f3w oraz realizacji projekt\u00f3w przy ograniczonym bud\u017cecie. Uczestniczki i uczestnicy dowiedz\u0105 si\u0119, gdzie szuka\u0107 mo\u017cliwo\u015bci finansowania mniejszych inicjatyw, jak korzysta\u0107 z dost\u0119pnych \u015brodk\u00f3w i jak przej\u015b\u0107 od pomys\u0142u do jego realizacji bez konieczno\u015bci dysponowania du\u017cym bud\u017cetem.<\/span><\/p>\n<p style=\"text-align: left;\"><span style=\"font-size: 12pt;\">Webinar poprowadzi Magdalena Lenartowicz \u2013 prezeska Stowarzyszenia Europa Iuvenis, zaanga\u017cowana w dzia\u0142ania m\u0142odzie\u017cowe oraz projekty grantowe.<\/span><\/p>\n<p style=\"text-align: left;\"><span style=\"font-size: 12pt;\">Udzia\u0142 w webinarze jest bezp\u0142atny, jednak wymaga zapis\u00f3w przez <a href=\"https:\/\/docs.google.com\/forms\/d\/e\/1FAIpQLSdscfAI-rO-3CkUaE2SV8NalUh_SAtYNo8w8EpV-s6QWd-qTw\/viewform\">formularz<\/a>. <\/span><span style=\"font-size: 12pt;\">Po dokonaniu rejestracji link do udzia\u0142u w webinarze zostanie przes\u0142any przed wydarzeniem na podany adres e-mail.<\/span><\/p>\n<p style=\"text-align: left;\"><span style=\"font-size: 12pt;\">W razie pyta\u0144 dodatkowych informacji udziela koordynatorka projektu Emilia Schmolke (<a href=\"mailto:emilia.schmolke@haus.pl\">emilia.schmolke@haus.pl<\/a>).<\/span><\/p>\n<p><\/p>","protected":false},"excerpt":{"rendered":"<p>Po wakacyjnej przerwie wraca MN.LAB \u2013 Laboratorium Pomys\u0142\u00f3w Mniejszo\u015bci Niemieckiej! We wtorek 22 wrze\u015bnia o godz. 19:00 odb\u0119dzie si\u0119 webinar online \u201eFundraising dla pocz\u0105tkuj\u0105cych \u2013 Grassroots Hacking\u201d. Spotkanie b\u0119dzie po\u015bwi\u0119cone pozyskiwaniu mikrogrant\u00f3w oraz realizacji projekt\u00f3w przy ograniczonym bud\u017cecie. Uczestniczki i uczestnicy dowiedz\u0105 si\u0119, gdzie szuka\u0107 mo\u017cliwo\u015bci finansowania mniejszych inicjatyw, jak korzysta\u0107 z dost\u0119pnych \u015brodk\u00f3w i [&#8230;]<\/p>\n<p><a class=\"btn btn-secondary understrap-read-more-link\" href=\"https:\/\/us.edu.pl\/student\/event\/fundraising-dla-poczatkujacych-grassroots-hacking-webinar-w-ramach-mn-lab\/\">Read More&#8230;<\/a><\/p>\n","protected":false},"author":187,"featured_media":63296,"template":"","meta":{"_expiration-date-status":"","_expiration-date":0,"_expiration-date-type":"","_expiration-date-categories":[],"_expiration-date-options":[]},"acf":[],"_links":{"self":[{"href":"https:\/\/us.edu.pl\/student\/wp-json\/wp\/v2\/event\/63295"}],"collection":[{"href":"https:\/\/us.edu.pl\/student\/wp-json\/wp\/v2\/event"}],"about":[{"href":"https:\/\/us.edu.pl\/student\/wp-json\/wp\/v2\/types\/event"}],"author":[{"embeddable":true,"href":"https:\/\/us.edu.pl\/student\/wp-json\/wp\/v2\/users\/187"}],"version-history":[{"count":1,"href":"https:\/\/us.edu.pl\/student\/wp-json\/wp\/v2\/event\/63295\/revisions"}],"predecessor-version":[{"id":63297,"href":"https:\/\/us.edu.pl\/student\/wp-json\/wp\/v2\/event\/63295\/revisions\/63297"}],"wp:featuredmedia":[{"embeddable":true,"href":"https:\/\/us.edu.pl\/student\/wp-json\/wp\/v2\/media\/63296"}],"wp:attachment":[{"href":"https:\/\/us.edu.pl\/student\/wp-json\/wp\/v2\/media?parent=63295"}],"curies":[{"name":"wp","href":"https:\/\/api.w.org\/{rel}","templated":true}]}}

„Fundraising dla początkujących – Grassroots Hacking” – webinar w ramach MN.LAB

<p></p>
<p style="text-align: left;"><span style="font-size: 12pt;">Po wakacyjnej przerwie wraca MN.LAB – Laboratorium Pomysłów Mniejszości Niemieckiej!</span></p>
<p style="text-align: left;"><span style="font-size: 12pt;">We wtorek 22 września o godz. 19:00 odbędzie się webinar online „Fundraising dla początkujących – Grassroots Hacking”.</span></p>
<p style="text-align: left;"><span style="font-size: 12pt;">Spotkanie będzie poświęcone pozyskiwaniu mikrograntów oraz realizacji projektów przy ograniczonym budżecie. Uczestniczki i uczestnicy dowiedzą się, gdzie szukać możliwości finansowania mniejszych inicjatyw, jak korzystać z dostępnych środków i jak przejść od pomysłu do jego realizacji bez konieczności dysponowania dużym budżetem.</span></p>
<p style="text-align: left;"><span style="font-size: 12pt;">Webinar poprowadzi Magdalena Lenartowicz – prezeska Stowarzyszenia Europa Iuvenis, zaangażowana w działania młodzieżowe oraz projekty grantowe.</span></p>
<p style="text-align: left;"><span style="font-size: 12pt;">Udział w webinarze jest bezpłatny, jednak wymaga zapisów przez <a href="https://docs.google.com/forms/d/e/1FAIpQLSdscfAI-rO-3CkUaE2SV8NalUh_SAtYNo8w8EpV-s6QWd-qTw/viewform">formularz</a>. </span><span style="font-size: 12pt;">Po dokonaniu rejestracji link do udziału w webinarze zostanie przesłany przed wydarzeniem na podany adres e-mail.</span></p>
<p style="text-align: left;"><span style="font-size: 12pt;">W razie pytań dodatkowych informacji udziela koordynatorka projektu Emilia Schmolke (<a href="mailto:emilia.schmolke@haus.pl">emilia.schmolke@haus.pl</a>).</span></p>
<p></p>

<p>Po wakacyjnej przerwie wraca MN.LAB – Laboratorium Pomysłów Mniejszości Niemieckiej! We wtorek 22 września o godz. 19:00 odbędzie się webinar online „Fundraising dla początkujących – Grassroots Hacking”. Spotkanie będzie poświęcone pozyskiwaniu mikrograntów oraz realizacji projektów przy ograniczonym budżecie. Uczestniczki i uczestnicy dowiedzą się, gdzie szukać możliwości finansowania mniejszych inicjatyw, jak korzystać z dostępnych środków i [&#8230;]</p>
<p><a class="btn btn-secondary understrap-read-more-link" href="https://us.edu.pl/student/event/fundraising-dla-poczatkujacych-grassroots-hacking-webinar-w-ramach-mn-lab/">Read More&#8230;</a></p>
