{"id":40927,"date":"2023-08-04T10:24:54","date_gmt":"2023-08-04T08:24:54","guid":{"rendered":"https:\/\/us.edu.pl\/student\/?post_type=komunikaty&#038;p=40927"},"modified":"2023-08-04T10:28:52","modified_gmt":"2023-08-04T08:28:52","slug":"szermierka-historyczna-zakonczenie-projektu-i-nowa-sekcja-azs","status":"publish","type":"komunikaty","link":"https:\/\/us.edu.pl\/student\/komunikaty\/szermierka-historyczna-zakonczenie-projektu-i-nowa-sekcja-azs\/","title":{"rendered":"Szermierka historyczna \u2013 zako\u0144czenie projektu i nowa sekcja AZS"},"content":{"rendered":"<p><\/p>\n<p style=\"text-align: left;\"><span style=\"font-size: 12pt;\">W \u015brod\u0119 2 sierpnia zako\u0144czy\u0142 si\u0119 projekt \u201eDawne Europejskie Sztuki Walki we Wsp\u00f3\u0142czesnym \u015awiecie\u201d, w ramach kt\u00f3rego ponad 50 uczestniczek i uczestnik\u00f3w w wieku przewa\u017cnie 18\u201325 lat wzi\u0119\u0142o udzia\u0142 w treningach<!--more--> szabli sportowej w konwencji DESW\/HEMA, ucz\u0105c si\u0119 nie tylko historii szermierki zachodniej, ale tak\u017ce podstaw <\/span><span style=\"font-size: 12pt;\">w\u0142adania t\u0105 broni\u0105.<\/span><\/p>\n<p style=\"text-align: left;\"><span style=\"font-size: 12pt;\">W ramach projektu zosta\u0142y r\u00f3wnie\u017c zrealizowane trzy prelekcje na Uniwersytecie \u015al\u0105skim: \u201eKr\u00f3tka <\/span><span style=\"font-size: 12pt;\">historia szermierki europejskiej\u201d, \u201eO historii fechtunku w Polsce\u201d oraz \u201eSportyfikacja Historii, czyli o narodzinach DESW\u201d. Przybli\u017cy\u0142y one bogactwo \u017ar\u00f3de\u0142 polskiej i europejskiej literatury specjalistycznej oraz specyfik\u0119 system\u00f3w szermierczych w nich przedstawionych.<\/span><\/p>\n<p style=\"text-align: left;\"><span style=\"font-size: 12pt;\">Projekt okaza\u0142 si\u0119 sukcesem i wa\u017cnym punktem pocz\u0105tkowym w popularyzacji sportu Dawnych Europejskich Sztuk Walki w\u015br\u00f3d studentek i student\u00f3w Uniwersytetu \u015al\u0105skiego oraz spo\u0142ecze\u0144stw lokalnych, co pozwoli\u0142o nie tylko za\u0142o\u017cy\u0107 <a href=\"https:\/\/www.facebook.com\/gwiazdykatowice\/\">Stowarzyszenie \u201eGwiazdy Katowice DESW\u201d<\/a>, ale tak\u017ce skutkowa\u0142o powstaniem pierwszej sekcji szermierki historycznej w ramach AZS Uniwersytetu \u015al\u0105skiego \u2013 jednej z pierwszych sekcji sportowych studenckich DESW w Polsce.\u00a0<\/span><\/p>\n<p style=\"text-align: left;\"><span style=\"font-size: 12pt;\">DESW to szybko rosn\u0105cy w popularno\u015bci rodzaj sportu szermierczego, w kt\u00f3rym szermierze, stosuj\u0105c bronie sportowe przybli\u017cone wagowo i wygl\u0105dowo do oryginalnych broni bia\u0142ych rycerskich lub wojskowych, konkuruj\u0105 ze sob\u0105 bez stosowania aparat\u00f3w szermierczych. Bronie u\u017cywane do DESW to m.in. rapier, szabla, miecz i puklerz, miecz d\u0142ugi. <\/span><\/p>\n<p style=\"text-align: left;\"><span style=\"font-size: 12pt;\">Projekt zosta\u0142 sfinansowany ze \u015brodk\u00f3w Narodowego Instytutu Wolno\u015bci \u2013 Centrum Rozwoju Spo\u0142ecze\u0144stwa Obywatelskiego w ramach Rz\u0105dowego Programu Fundusz Inicjatyw Obywatelskich NOWEFIO na lata 2021\u20132030.<\/span><\/p>\n<p><img class=\"alignnone wp-image-40928 size-large\" src=\"https:\/\/us.edu.pl\/student\/wp-content\/uploads\/sites\/3\/Bez-kategorii\/DSC_0006-1024x681.jpg\" alt=\"grupa szermierzy pozuj\u0105ca do zdj\u0119cia\" width=\"640\" height=\"426\" srcset=\"https:\/\/us.edu.pl\/student\/wp-content\/uploads\/sites\/3\/Bez-kategorii\/DSC_0006-1024x681.jpg 1024w, https:\/\/us.edu.pl\/student\/wp-content\/uploads\/sites\/3\/Bez-kategorii\/DSC_0006-300x199.jpg 300w, https:\/\/us.edu.pl\/student\/wp-content\/uploads\/sites\/3\/Bez-kategorii\/DSC_0006-768x511.jpg 768w, https:\/\/us.edu.pl\/student\/wp-content\/uploads\/sites\/3\/Bez-kategorii\/DSC_0006-1536x1021.jpg 1536w, https:\/\/us.edu.pl\/student\/wp-content\/uploads\/sites\/3\/Bez-kategorii\/DSC_0006-2048x1362.jpg 2048w, https:\/\/us.edu.pl\/student\/wp-content\/uploads\/sites\/3\/Bez-kategorii\/DSC_0006-575x382.jpg 575w\" sizes=\"(max-width: 640px) 100vw, 640px\" \/><img class=\"alignnone wp-image-40929 size-large\" src=\"https:\/\/us.edu.pl\/student\/wp-content\/uploads\/sites\/3\/Bez-kategorii\/DSC_0309-1024x681.jpg\" alt=\"walcz\u0105cy szermierze\" width=\"640\" height=\"426\" srcset=\"https:\/\/us.edu.pl\/student\/wp-content\/uploads\/sites\/3\/Bez-kategorii\/DSC_0309-1024x681.jpg 1024w, https:\/\/us.edu.pl\/student\/wp-content\/uploads\/sites\/3\/Bez-kategorii\/DSC_0309-300x199.jpg 300w, https:\/\/us.edu.pl\/student\/wp-content\/uploads\/sites\/3\/Bez-kategorii\/DSC_0309-768x511.jpg 768w, https:\/\/us.edu.pl\/student\/wp-content\/uploads\/sites\/3\/Bez-kategorii\/DSC_0309-1536x1021.jpg 1536w, https:\/\/us.edu.pl\/student\/wp-content\/uploads\/sites\/3\/Bez-kategorii\/DSC_0309-2048x1362.jpg 2048w, https:\/\/us.edu.pl\/student\/wp-content\/uploads\/sites\/3\/Bez-kategorii\/DSC_0309-575x382.jpg 575w\" sizes=\"(max-width: 640px) 100vw, 640px\" \/><img class=\"alignnone wp-image-40930 size-large\" src=\"https:\/\/us.edu.pl\/student\/wp-content\/uploads\/sites\/3\/Bez-kategorii\/DSC_0739-1024x681.jpg\" alt=\"walcz\u0105cy szermierze w sali gimnastycznej\" width=\"640\" height=\"426\" srcset=\"https:\/\/us.edu.pl\/student\/wp-content\/uploads\/sites\/3\/Bez-kategorii\/DSC_0739-1024x681.jpg 1024w, https:\/\/us.edu.pl\/student\/wp-content\/uploads\/sites\/3\/Bez-kategorii\/DSC_0739-300x199.jpg 300w, https:\/\/us.edu.pl\/student\/wp-content\/uploads\/sites\/3\/Bez-kategorii\/DSC_0739-768x511.jpg 768w, https:\/\/us.edu.pl\/student\/wp-content\/uploads\/sites\/3\/Bez-kategorii\/DSC_0739-1536x1021.jpg 1536w, https:\/\/us.edu.pl\/student\/wp-content\/uploads\/sites\/3\/Bez-kategorii\/DSC_0739-2048x1362.jpg 2048w, https:\/\/us.edu.pl\/student\/wp-content\/uploads\/sites\/3\/Bez-kategorii\/DSC_0739-575x382.jpg 575w\" sizes=\"(max-width: 640px) 100vw, 640px\" \/><\/p>\n<p style=\"text-align: left;\"><span style=\"font-size: 12pt;\">zdj\u0119cia pochodz\u0105 z archiwum Stowarzyszenia \u201eGwiazdy Katowice DESW\u201d<\/span><\/p>\n<p><\/p>","protected":false},"excerpt":{"rendered":"<p>W \u015brod\u0119 2 sierpnia zako\u0144czy\u0142 si\u0119 projekt \u201eDawne Europejskie Sztuki Walki we Wsp\u00f3\u0142czesnym \u015awiecie\u201d, w ramach kt\u00f3rego ponad 50 uczestniczek i uczestnik\u00f3w w wieku przewa\u017cnie 18\u201325 lat wzi\u0119\u0142o udzia\u0142 w treningach [&#8230;]<\/p>\n<p><a class=\"btn btn-secondary understrap-read-more-link\" href=\"https:\/\/us.edu.pl\/student\/komunikaty\/szermierka-historyczna-zakonczenie-projektu-i-nowa-sekcja-azs\/\">Read More&#8230;<\/a><\/p>\n","protected":false},"author":187,"featured_media":0,"template":"","meta":{"_expiration-date-status":"","_expiration-date":0,"_expiration-date-type":"","_expiration-date-categories":[],"_expiration-date-options":[]},"acf":[],"_links":{"self":[{"href":"https:\/\/us.edu.pl\/student\/wp-json\/wp\/v2\/komunikaty\/40927"}],"collection":[{"href":"https:\/\/us.edu.pl\/student\/wp-json\/wp\/v2\/komunikaty"}],"about":[{"href":"https:\/\/us.edu.pl\/student\/wp-json\/wp\/v2\/types\/komunikaty"}],"author":[{"embeddable":true,"href":"https:\/\/us.edu.pl\/student\/wp-json\/wp\/v2\/users\/187"}],"version-history":[{"count":3,"href":"https:\/\/us.edu.pl\/student\/wp-json\/wp\/v2\/komunikaty\/40927\/revisions"}],"predecessor-version":[{"id":40934,"href":"https:\/\/us.edu.pl\/student\/wp-json\/wp\/v2\/komunikaty\/40927\/revisions\/40934"}],"wp:attachment":[{"href":"https:\/\/us.edu.pl\/student\/wp-json\/wp\/v2\/media?parent=40927"}],"curies":[{"name":"wp","href":"https:\/\/api.w.org\/{rel}","templated":true}]}}

Szermierka historyczna – zakończenie projektu i nowa sekcja AZS

<p></p>
<p style="text-align: left;"><span style="font-size: 12pt;">W środę 2 sierpnia zakończył się projekt „Dawne Europejskie Sztuki Walki we Współczesnym Świecie”, w ramach którego ponad 50 uczestniczek i uczestników w wieku przeważnie 18–25 lat wzięło udział w treningach<!--more--> szabli sportowej w konwencji DESW/HEMA, ucząc się nie tylko historii szermierki zachodniej, ale także podstaw </span><span style="font-size: 12pt;">władania tą bronią.</span></p>
<p style="text-align: left;"><span style="font-size: 12pt;">W ramach projektu zostały również zrealizowane trzy prelekcje na Uniwersytecie Śląskim: „Krótka </span><span style="font-size: 12pt;">historia szermierki europejskiej”, „O historii fechtunku w Polsce” oraz „Sportyfikacja Historii, czyli o narodzinach DESW”. Przybliżyły one bogactwo źródeł polskiej i europejskiej literatury specjalistycznej oraz specyfikę systemów szermierczych w nich przedstawionych.</span></p>
<p style="text-align: left;"><span style="font-size: 12pt;">Projekt okazał się sukcesem i ważnym punktem początkowym w popularyzacji sportu Dawnych Europejskich Sztuk Walki wśród studentek i studentów Uniwersytetu Śląskiego oraz społeczeństw lokalnych, co pozwoliło nie tylko założyć <a href="https://www.facebook.com/gwiazdykatowice/">Stowarzyszenie „Gwiazdy Katowice DESW”</a>, ale także skutkowało powstaniem pierwszej sekcji szermierki historycznej w ramach AZS Uniwersytetu Śląskiego – jednej z pierwszych sekcji sportowych studenckich DESW w Polsce. </span></p>
<p style="text-align: left;"><span style="font-size: 12pt;">DESW to szybko rosnący w popularności rodzaj sportu szermierczego, w którym szermierze, stosując bronie sportowe przybliżone wagowo i wyglądowo do oryginalnych broni białych rycerskich lub wojskowych, konkurują ze sobą bez stosowania aparatów szermierczych. Bronie używane do DESW to m.in. rapier, szabla, miecz i puklerz, miecz długi. </span></p>
<p style="text-align: left;"><span style="font-size: 12pt;">Projekt został sfinansowany ze środków Narodowego Instytutu Wolności – Centrum Rozwoju Społeczeństwa Obywatelskiego w ramach Rządowego Programu Fundusz Inicjatyw Obywatelskich NOWEFIO na lata 2021–2030.</span></p>
<p><img class="alignnone wp-image-40928 size-large" src="https://us.edu.pl/student/wp-content/uploads/sites/3/Bez-kategorii/DSC_0006-1024x681.jpg" alt="grupa szermierzy pozująca do zdjęcia" width="640" height="426" srcset="https://us.edu.pl/student/wp-content/uploads/sites/3/Bez-kategorii/DSC_0006-1024x681.jpg 1024w, https://us.edu.pl/student/wp-content/uploads/sites/3/Bez-kategorii/DSC_0006-300x199.jpg 300w, https://us.edu.pl/student/wp-content/uploads/sites/3/Bez-kategorii/DSC_0006-768x511.jpg 768w, https://us.edu.pl/student/wp-content/uploads/sites/3/Bez-kategorii/DSC_0006-1536x1021.jpg 1536w, https://us.edu.pl/student/wp-content/uploads/sites/3/Bez-kategorii/DSC_0006-2048x1362.jpg 2048w, https://us.edu.pl/student/wp-content/uploads/sites/3/Bez-kategorii/DSC_0006-575x382.jpg 575w" sizes="(max-width: 640px) 100vw, 640px" /><img class="alignnone wp-image-40929 size-large" src="https://us.edu.pl/student/wp-content/uploads/sites/3/Bez-kategorii/DSC_0309-1024x681.jpg" alt="walczący szermierze" width="640" height="426" srcset="https://us.edu.pl/student/wp-content/uploads/sites/3/Bez-kategorii/DSC_0309-1024x681.jpg 1024w, https://us.edu.pl/student/wp-content/uploads/sites/3/Bez-kategorii/DSC_0309-300x199.jpg 300w, https://us.edu.pl/student/wp-content/uploads/sites/3/Bez-kategorii/DSC_0309-768x511.jpg 768w, https://us.edu.pl/student/wp-content/uploads/sites/3/Bez-kategorii/DSC_0309-1536x1021.jpg 1536w, https://us.edu.pl/student/wp-content/uploads/sites/3/Bez-kategorii/DSC_0309-2048x1362.jpg 2048w, https://us.edu.pl/student/wp-content/uploads/sites/3/Bez-kategorii/DSC_0309-575x382.jpg 575w" sizes="(max-width: 640px) 100vw, 640px" /><img class="alignnone wp-image-40930 size-large" src="https://us.edu.pl/student/wp-content/uploads/sites/3/Bez-kategorii/DSC_0739-1024x681.jpg" alt="walczący szermierze w sali gimnastycznej" width="640" height="426" srcset="https://us.edu.pl/student/wp-content/uploads/sites/3/Bez-kategorii/DSC_0739-1024x681.jpg 1024w, https://us.edu.pl/student/wp-content/uploads/sites/3/Bez-kategorii/DSC_0739-300x199.jpg 300w, https://us.edu.pl/student/wp-content/uploads/sites/3/Bez-kategorii/DSC_0739-768x511.jpg 768w, https://us.edu.pl/student/wp-content/uploads/sites/3/Bez-kategorii/DSC_0739-1536x1021.jpg 1536w, https://us.edu.pl/student/wp-content/uploads/sites/3/Bez-kategorii/DSC_0739-2048x1362.jpg 2048w, https://us.edu.pl/student/wp-content/uploads/sites/3/Bez-kategorii/DSC_0739-575x382.jpg 575w" sizes="(max-width: 640px) 100vw, 640px" /></p>
<p style="text-align: left;"><span style="font-size: 12pt;">zdjęcia pochodzą z archiwum Stowarzyszenia „Gwiazdy Katowice DESW”</span></p>
<p></p>

<p>W środę 2 sierpnia zakończył się projekt „Dawne Europejskie Sztuki Walki we Współczesnym Świecie”, w ramach którego ponad 50 uczestniczek i uczestników w wieku przeważnie 18–25 lat wzięło udział w treningach [&#8230;]</p>
<p><a class="btn btn-secondary understrap-read-more-link" href="https://us.edu.pl/student/komunikaty/szermierka-historyczna-zakonczenie-projektu-i-nowa-sekcja-azs/">Read More&#8230;</a></p>
