{"id":42360,"date":"2023-11-27T10:08:52","date_gmt":"2023-11-27T09:08:52","guid":{"rendered":"https:\/\/us.edu.pl\/student\/?post_type=komunikaty&#038;p=42360"},"modified":"2023-11-27T10:08:52","modified_gmt":"2023-11-27T09:08:52","slug":"akademia-podatkowa-andersen-apa","status":"publish","type":"komunikaty","link":"https:\/\/us.edu.pl\/student\/komunikaty\/akademia-podatkowa-andersen-apa\/","title":{"rendered":"Akademia Podatkowa Andersen (APA)"},"content":{"rendered":"<p><span style=\"font-size: 12pt;\">Interesujesz si\u0119 tematyk\u0105 podatkow\u0105? We\u017a udzia\u0142 w wyk\u0142adach organizowanych przez kancelari\u0119 Andersen w ramach Akademii Podatkowej Andersen.<\/span><!--more--><\/p>\n<p><span style=\"font-size: 12pt;\">Inicjatywa sk\u0142ada\u0107 si\u0119 b\u0119dzie z nast\u0119puj\u0105cych blok\u00f3w tematycznych:<\/span><\/p>\n<ul>\n<li><span style=\"font-size: 12pt;\">6.12.2023 r. \u2013 Spotkanie \u2013 post\u0119powania podatkowe \u2013 Tomasz Wichary, Wydzia\u0142 Prawa i Administracji U\u015a, sala 2.25<\/span><\/li>\n<li><span style=\"font-size: 12pt;\">12.12.2023 r. \u2013 Spotkanie \u2013 podatki dochodowe \u2013 Przemys\u0142aw Sychta, Wydzia\u0142 Prawa i Administracji U\u015a, sala 3.46<\/span><\/li>\n<li><span style=\"font-size: 12pt;\">10.01.2024 r. \u2013 Spotkanie \u2013 podatki po\u015brednie \u2013 Szymon Chyra, Wydzia\u0142 Prawa i Administracji U\u015a, sala 2.25 \u00a0<\/span><\/li>\n<li><span style=\"font-size: 12pt;\">17.01.2024 r. \u2013 Spotkanie \u2013 ceny transferowe \u2013 Piotr Sukienik, Wydzia\u0142 Prawa i Administracji U\u015a, sala 2.25<\/span><\/li>\n<\/ul>\n<p><span style=\"font-size: 12pt;\">Uczestnictwo w trzech z czterech spotka\u0144 uprawnia do uzyskania certyfikatu, wystawionego przez kancelari\u0119.\u00a0<\/span><\/p>\n<p><span style=\"font-size: 12pt;\">Na ka\u017cdy wyk\u0142ad b\u0119dzie prowadzona osobna rejestracja, kt\u00f3ra rozpoczyna\u0107 si\u0119 b\u0119dzie na tydzie\u0144 przed ka\u017cdym wydarzeniem.<\/span><\/p>\n<p><span style=\"font-size: 12pt;\">Wi\u0119cej informacji na stronie <a href=\"http:\/\/www.bk.us.edu.pl\/akademia-podatkowa-andersen-apa\">Biura Karier<\/a>.\u00a0<\/span><\/p>\n<p>&nbsp;<\/p>","protected":false},"excerpt":{"rendered":"<p>Interesujesz si\u0119 tematyk\u0105 podatkow\u0105? We\u017a udzia\u0142 w wyk\u0142adach organizowanych przez kancelari\u0119 Andersen w ramach Akademii Podatkowej Andersen. [&#8230;]<\/p>\n<p><a class=\"btn btn-secondary understrap-read-more-link\" href=\"https:\/\/us.edu.pl\/student\/komunikaty\/akademia-podatkowa-andersen-apa\/\">Read More&#8230;<\/a><\/p>\n","protected":false},"author":187,"featured_media":0,"template":"","meta":{"_expiration-date-status":"","_expiration-date":0,"_expiration-date-type":"","_expiration-date-categories":[],"_expiration-date-options":[]},"acf":[],"_links":{"self":[{"href":"https:\/\/us.edu.pl\/student\/wp-json\/wp\/v2\/komunikaty\/42360"}],"collection":[{"href":"https:\/\/us.edu.pl\/student\/wp-json\/wp\/v2\/komunikaty"}],"about":[{"href":"https:\/\/us.edu.pl\/student\/wp-json\/wp\/v2\/types\/komunikaty"}],"author":[{"embeddable":true,"href":"https:\/\/us.edu.pl\/student\/wp-json\/wp\/v2\/users\/187"}],"version-history":[{"count":2,"href":"https:\/\/us.edu.pl\/student\/wp-json\/wp\/v2\/komunikaty\/42360\/revisions"}],"predecessor-version":[{"id":42362,"href":"https:\/\/us.edu.pl\/student\/wp-json\/wp\/v2\/komunikaty\/42360\/revisions\/42362"}],"wp:attachment":[{"href":"https:\/\/us.edu.pl\/student\/wp-json\/wp\/v2\/media?parent=42360"}],"curies":[{"name":"wp","href":"https:\/\/api.w.org\/{rel}","templated":true}]}}

<p><span style="font-size: 12pt;">Interesujesz się tematyką podatkową? Weź udział w wykładach organizowanych przez kancelarię Andersen w ramach Akademii Podatkowej Andersen.</span><!--more--></p>
<p><span style="font-size: 12pt;">Inicjatywa składać się będzie z następujących bloków tematycznych:</span></p>
<ul>
<li><span style="font-size: 12pt;">6.12.2023 r. – Spotkanie – postępowania podatkowe – Tomasz Wichary, Wydział Prawa i Administracji UŚ, sala 2.25</span></li>
<li><span style="font-size: 12pt;">12.12.2023 r. – Spotkanie – podatki dochodowe – Przemysław Sychta, Wydział Prawa i Administracji UŚ, sala 3.46</span></li>
<li><span style="font-size: 12pt;">10.01.2024 r. – Spotkanie – podatki pośrednie – Szymon Chyra, Wydział Prawa i Administracji UŚ, sala 2.25  </span></li>
<li><span style="font-size: 12pt;">17.01.2024 r. – Spotkanie – ceny transferowe – Piotr Sukienik, Wydział Prawa i Administracji UŚ, sala 2.25</span></li>
</ul>
<p><span style="font-size: 12pt;">Uczestnictwo w trzech z czterech spotkań uprawnia do uzyskania certyfikatu, wystawionego przez kancelarię. </span></p>
<p><span style="font-size: 12pt;">Na każdy wykład będzie prowadzona osobna rejestracja, która rozpoczynać się będzie na tydzień przed każdym wydarzeniem.</span></p>
<p><span style="font-size: 12pt;">Więcej informacji na stronie <a href="http://www.bk.us.edu.pl/akademia-podatkowa-andersen-apa">Biura Karier</a>. </span></p>
<p>&nbsp;</p>

<p>Interesujesz się tematyką podatkową? Weź udział w wykładach organizowanych przez kancelarię Andersen w ramach Akademii Podatkowej Andersen. [&#8230;]</p>
<p><a class="btn btn-secondary understrap-read-more-link" href="https://us.edu.pl/student/komunikaty/akademia-podatkowa-andersen-apa/">Read More&#8230;</a></p>
