{"id":43644,"date":"2024-03-11T14:09:29","date_gmt":"2024-03-11T13:09:29","guid":{"rendered":"https:\/\/us.edu.pl\/student\/?post_type=komunikaty&#038;p=43644"},"modified":"2024-03-11T14:17:33","modified_gmt":"2024-03-11T13:17:33","slug":"rekrutacja-do-forum-mlodych-dyplomatow","status":"publish","type":"komunikaty","link":"https:\/\/us.edu.pl\/student\/komunikaty\/rekrutacja-do-forum-mlodych-dyplomatow\/","title":{"rendered":"Rekrutacja do Forum M\u0142odych Dyplomat\u00f3w"},"content":{"rendered":"<p><\/p>\n<p style=\"text-align: left;\"><span style=\"font-size: 12pt; font-family: verdana, geneva, sans-serif;\">Chcesz rozwija\u0107 swoje zainteresowania z zakresu dyplomacji, ekonomii, polityki i innych dziedzin kszta\u0142tuj\u0105cych stosunki mi\u0119dzynarodowe? Jeste\u015b ambitna\/ambitny, zaanga\u017cowana\/zaanga\u017cowany<!--more-->, gotowa\/gotowy wnie\u015b\u0107 wiele nowych pomys\u0142\u00f3w i energii? We\u017a udzia\u0142 w wiosennej rekrutacji #FMD!<\/span><\/p>\n<p><span style=\"font-size: 12pt; font-family: verdana, geneva, sans-serif;\">Forum M\u0142odych Dyplomat\u00f3w to organizacja pozarz\u0105dowa, kt\u00f3ra od ponad dwudziestu lat anga\u017cuje si\u0119 w dzia\u0142ania zwi\u0105zane ze stosunkami mi\u0119dzynarodowymi i dyplomacj\u0105. W ramach aktywno\u015bci prowadzone s\u0105 spotkania z ekspertami, konferencje i warsztaty, wyj\u015bcia do ambasad i konsulat\u00f3w, jak r\u00f3wnie\u017c wyjazdy studyjne. Forum anga\u017cuje si\u0119 tak\u017ce w wydarzenia o formacie og\u00f3lnokrajowym i mi\u0119dzynarodowym, m.in. Forum Ekonomiczne w Karpaczu, Warsaw Security Forum czy Kongres Azjatycki, dzi\u0119ki czemu cz\u0142onkinie i cz\u0142onkowie maj\u0105 mo\u017cliwo\u015b\u0107 pozna\u0107 wiele inspiruj\u0105cych os\u00f3b oraz naby\u0107 nietuzinkowych do\u015bwiadcze\u0144.\u00a0<\/span><\/p>\n<p style=\"text-align: left;\"><span style=\"font-size: 12pt; font-family: verdana, geneva, sans-serif;\">Dlaczego warto do\u0142\u0105czy\u0107 do Stowarzyszenia?<\/span><\/p>\n<ul>\n<li><span style=\"font-size: 12pt; font-family: verdana, geneva, sans-serif;\">We\u017amiesz udzia\u0142 w wizytach studyjnych i spotkaniach z dyplomatami i ekspertami.<\/span><\/li>\n<li><span style=\"font-size: 12pt; font-family: verdana, geneva, sans-serif;\">Zdob\u0119dziesz wiedz\u0119 i umiej\u0119tno\u015bci dzi\u0119ki grupom regionalnym oraz j\u0119zykowym.<\/span><\/li>\n<li><span style=\"font-size: 12pt; font-family: verdana, geneva, sans-serif;\">Rozwiniesz swoje zdolno\u015bci pisania analiz, koordynacji projekt\u00f3w i nie tylko.<\/span><\/li>\n<li><span style=\"font-size: 12pt; font-family: verdana, geneva, sans-serif;\">Dostaniesz dost\u0119p do Biura Karier FMD.<\/span><\/li>\n<li><span style=\"font-size: 12pt; font-family: verdana, geneva, sans-serif;\">Poznasz ludzi o podobnych ambicjach i zainteresowaniach.<\/span><\/li>\n<\/ul>\n<p style=\"text-align: left;\"><span style=\"font-size: 12pt; font-family: verdana, geneva, sans-serif;\">Rekrutacja trwa do 23 marca. Zapisy odbywaj\u0105 si\u0119 przez <a href=\"https:\/\/forms.gle\/AijqzocosbA9GJTM8\">formularz<\/a>.<\/span><\/p>\n<p style=\"text-align: left;\"><span style=\"font-size: 12pt; font-family: verdana, geneva, sans-serif;\">Wi\u0119cej informacji na stronie <a href=\"https:\/\/diplomacy.pl\/dolacz\/\">Forum M\u0142odych Dyplomat\u00f3w<\/a>.<\/span><\/p>\n<p><img class=\"alignnone wp-image-43645 size-full\" src=\"https:\/\/us.edu.pl\/student\/wp-content\/uploads\/sites\/3\/Bez-kategorii\/Plakat-rekrutacja-FMD-2024-e1710162340418.jpg\" alt=\"plakat informacyjny\" width=\"460\" height=\"650\" \/><\/p>","protected":false},"excerpt":{"rendered":"<p>Chcesz rozwija\u0107 swoje zainteresowania z zakresu dyplomacji, ekonomii, polityki i innych dziedzin kszta\u0142tuj\u0105cych stosunki mi\u0119dzynarodowe? Jeste\u015b ambitna\/ambitny, zaanga\u017cowana\/zaanga\u017cowany [&#8230;]<\/p>\n<p><a class=\"btn btn-secondary understrap-read-more-link\" href=\"https:\/\/us.edu.pl\/student\/komunikaty\/rekrutacja-do-forum-mlodych-dyplomatow\/\">Read More&#8230;<\/a><\/p>\n","protected":false},"author":187,"featured_media":0,"template":"","meta":{"_expiration-date-status":"","_expiration-date":0,"_expiration-date-type":"","_expiration-date-categories":[],"_expiration-date-options":[]},"acf":[],"_links":{"self":[{"href":"https:\/\/us.edu.pl\/student\/wp-json\/wp\/v2\/komunikaty\/43644"}],"collection":[{"href":"https:\/\/us.edu.pl\/student\/wp-json\/wp\/v2\/komunikaty"}],"about":[{"href":"https:\/\/us.edu.pl\/student\/wp-json\/wp\/v2\/types\/komunikaty"}],"author":[{"embeddable":true,"href":"https:\/\/us.edu.pl\/student\/wp-json\/wp\/v2\/users\/187"}],"version-history":[{"count":3,"href":"https:\/\/us.edu.pl\/student\/wp-json\/wp\/v2\/komunikaty\/43644\/revisions"}],"predecessor-version":[{"id":43648,"href":"https:\/\/us.edu.pl\/student\/wp-json\/wp\/v2\/komunikaty\/43644\/revisions\/43648"}],"wp:attachment":[{"href":"https:\/\/us.edu.pl\/student\/wp-json\/wp\/v2\/media?parent=43644"}],"curies":[{"name":"wp","href":"https:\/\/api.w.org\/{rel}","templated":true}]}}

Rekrutacja do Forum Młodych Dyplomatów

<p></p>
<p style="text-align: left;"><span style="font-size: 12pt; font-family: verdana, geneva, sans-serif;">Chcesz rozwijać swoje zainteresowania z zakresu dyplomacji, ekonomii, polityki i innych dziedzin kształtujących stosunki międzynarodowe? Jesteś ambitna/ambitny, zaangażowana/zaangażowany<!--more-->, gotowa/gotowy wnieść wiele nowych pomysłów i energii? Weź udział w wiosennej rekrutacji #FMD!</span></p>
<p><span style="font-size: 12pt; font-family: verdana, geneva, sans-serif;">Forum Młodych Dyplomatów to organizacja pozarządowa, która od ponad dwudziestu lat angażuje się w działania związane ze stosunkami międzynarodowymi i dyplomacją. W ramach aktywności prowadzone są spotkania z ekspertami, konferencje i warsztaty, wyjścia do ambasad i konsulatów, jak również wyjazdy studyjne. Forum angażuje się także w wydarzenia o formacie ogólnokrajowym i międzynarodowym, m.in. Forum Ekonomiczne w Karpaczu, Warsaw Security Forum czy Kongres Azjatycki, dzięki czemu członkinie i członkowie mają możliwość poznać wiele inspirujących osób oraz nabyć nietuzinkowych doświadczeń. </span></p>
<p style="text-align: left;"><span style="font-size: 12pt; font-family: verdana, geneva, sans-serif;">Dlaczego warto dołączyć do Stowarzyszenia?</span></p>
<ul>
<li><span style="font-size: 12pt; font-family: verdana, geneva, sans-serif;">Weźmiesz udział w wizytach studyjnych i spotkaniach z dyplomatami i ekspertami.</span></li>
<li><span style="font-size: 12pt; font-family: verdana, geneva, sans-serif;">Zdobędziesz wiedzę i umiejętności dzięki grupom regionalnym oraz językowym.</span></li>
<li><span style="font-size: 12pt; font-family: verdana, geneva, sans-serif;">Rozwiniesz swoje zdolności pisania analiz, koordynacji projektów i nie tylko.</span></li>
<li><span style="font-size: 12pt; font-family: verdana, geneva, sans-serif;">Dostaniesz dostęp do Biura Karier FMD.</span></li>
<li><span style="font-size: 12pt; font-family: verdana, geneva, sans-serif;">Poznasz ludzi o podobnych ambicjach i zainteresowaniach.</span></li>
</ul>
<p style="text-align: left;"><span style="font-size: 12pt; font-family: verdana, geneva, sans-serif;">Rekrutacja trwa do 23 marca. Zapisy odbywają się przez <a href="https://forms.gle/AijqzocosbA9GJTM8">formularz</a>.</span></p>
<p style="text-align: left;"><span style="font-size: 12pt; font-family: verdana, geneva, sans-serif;">Więcej informacji na stronie <a href="https://diplomacy.pl/dolacz/">Forum Młodych Dyplomatów</a>.</span></p>
<p><img class="alignnone wp-image-43645 size-full" src="https://us.edu.pl/student/wp-content/uploads/sites/3/Bez-kategorii/Plakat-rekrutacja-FMD-2024-e1710162340418.jpg" alt="plakat informacyjny" width="460" height="650" /></p>

<p>Chcesz rozwijać swoje zainteresowania z zakresu dyplomacji, ekonomii, polityki i innych dziedzin kształtujących stosunki międzynarodowe? Jesteś ambitna/ambitny, zaangażowana/zaangażowany [&#8230;]</p>
<p><a class="btn btn-secondary understrap-read-more-link" href="https://us.edu.pl/student/komunikaty/rekrutacja-do-forum-mlodych-dyplomatow/">Read More&#8230;</a></p>
