{"id":44156,"date":"2024-04-30T14:34:52","date_gmt":"2024-04-30T12:34:52","guid":{"rendered":"https:\/\/us.edu.pl\/student\/?post_type=komunikaty&#038;p=44156"},"modified":"2024-04-30T14:37:03","modified_gmt":"2024-04-30T12:37:03","slug":"projekt-w-ramach-erasmus-unity-in-diversity-fighting-with-migration-challenges-together","status":"publish","type":"komunikaty","link":"https:\/\/us.edu.pl\/student\/komunikaty\/projekt-w-ramach-erasmus-unity-in-diversity-fighting-with-migration-challenges-together\/","title":{"rendered":"Projekt w ramach Erasmus+ \u201eUnity in Diversity: Fighting with Migration Challenges Together\u201d"},"content":{"rendered":"<p><\/p>\n<p style=\"text-align: left;\"><span style=\"font-size: 12pt;\">Studentki i studenci Uniwersytetu \u015al\u0105skiego zaproszeni s\u0105 do udzia\u0142u w projekcie \u201eUnity in Diversity: Fighting with Migration Challenges Together\u201d organizowanym w ramach programu Erasmus+. Inicjatywa skupia si\u0119<!--more--> na problemach migracji oraz dyskryminacji. Poprzez r\u00f3\u017cnorodne dzia\u0142ania, w tym warsztaty teatralne, organizatorzy chc\u0105 zwi\u0119kszy\u0107 \u015bwiadomo\u015b\u0107 tolerancji, rozwija\u0107 umiej\u0119tno\u015bci radzenia sobie z trudno\u015bciami oraz zabiega\u0107 o prawa i w\u0142\u0105czenie spo\u0142eczne. W ramach wymiany zaplanowane s\u0105 warsztaty o stresie migracyjnym, rozwi\u0105zywaniu konflikt\u00f3w, asertywno\u015bci i dyskryminacji oraz wycieczki do Katowic i Krakowa.<\/span><\/p>\n<p style=\"text-align: left;\"><span style=\"font-size: 12pt;\">Projekt odb\u0119dzie si\u0119 w dniach 17\u201325 czerwca 2024 w \u017barkach-Letnisku. Dla wszystkich os\u00f3b uczestnicz\u0105cych przewidziany jest nocleg oraz trzy posi\u0142ki dziennie.<\/span><\/p>\n<p><span style=\"font-size: 12pt;\">Rejestracja odbywa si\u0119 przez <a href=\"https:\/\/docs.google.com\/forms\/d\/e\/1FAIpQLSdkT62HVUMy-rRGMRCW464qlBU__CGMBRpPPFaJsxSnoj1c1w\/viewform\">formularz<\/a>.<\/span><\/p>\n<p><span style=\"font-size: 12pt;\">Wi\u0119cej informacji znajduje si\u0119 na stronie internetowej <a href=\"https:\/\/cil.org.pl\/\">Centrum Inicjatyw Lokalnych<\/a> oraz <a href=\"https:\/\/fil.info.pl\/\">Funduszu Inicjatyw Lokalnych<\/a>.<\/span><\/p>\n<p><span style=\"font-size: 12pt;\">Pytania mo\u017cna kierowa\u0107 na adres: stefiuk@cil.org.pl.<\/span><\/p>\n<p style=\"text-align: left;\"><span style=\"font-size: 12pt;\"><a href=\"https:\/\/us.edu.pl\/student\/wp-content\/uploads\/sites\/3\/2024\/04\/Infopack.-Unity-in-Diversity-2.pdf\" class=\"mtli_attachment mtli_pdf\" data-mtli=\"mtli_filesize15,12MB\">Infopack. Unity in Diversity<\/a><\/span><\/p>\n<p><\/p>\n<style type=\"text\/css\">a[data-mtli~=\"mtli_filesize15,12MB\"]:after {content:\" (15,12 MB)\"}<\/style>","protected":false},"excerpt":{"rendered":"<p>Studentki i studenci Uniwersytetu \u015al\u0105skiego zaproszeni s\u0105 do udzia\u0142u w projekcie \u201eUnity in Diversity: Fighting with Migration Challenges Together\u201d organizowanym w ramach programu Erasmus+. Inicjatywa skupia si\u0119 [&#8230;]<\/p>\n<p><a class=\"btn btn-secondary understrap-read-more-link\" href=\"https:\/\/us.edu.pl\/student\/komunikaty\/projekt-w-ramach-erasmus-unity-in-diversity-fighting-with-migration-challenges-together\/\">Read More&#8230;<\/a><\/p>\n","protected":false},"author":187,"featured_media":0,"template":"","meta":{"_expiration-date-status":"","_expiration-date":0,"_expiration-date-type":"","_expiration-date-categories":[],"_expiration-date-options":[]},"acf":[],"_links":{"self":[{"href":"https:\/\/us.edu.pl\/student\/wp-json\/wp\/v2\/komunikaty\/44156"}],"collection":[{"href":"https:\/\/us.edu.pl\/student\/wp-json\/wp\/v2\/komunikaty"}],"about":[{"href":"https:\/\/us.edu.pl\/student\/wp-json\/wp\/v2\/types\/komunikaty"}],"author":[{"embeddable":true,"href":"https:\/\/us.edu.pl\/student\/wp-json\/wp\/v2\/users\/187"}],"version-history":[{"count":2,"href":"https:\/\/us.edu.pl\/student\/wp-json\/wp\/v2\/komunikaty\/44156\/revisions"}],"predecessor-version":[{"id":44160,"href":"https:\/\/us.edu.pl\/student\/wp-json\/wp\/v2\/komunikaty\/44156\/revisions\/44160"}],"wp:attachment":[{"href":"https:\/\/us.edu.pl\/student\/wp-json\/wp\/v2\/media?parent=44156"}],"curies":[{"name":"wp","href":"https:\/\/api.w.org\/{rel}","templated":true}]}}

<p></p>
<p style="text-align: left;"><span style="font-size: 12pt;">Studentki i studenci Uniwersytetu Śląskiego zaproszeni są do udziału w projekcie „Unity in Diversity: Fighting with Migration Challenges Together” organizowanym w ramach programu Erasmus+. Inicjatywa skupia się<!--more--> na problemach migracji oraz dyskryminacji. Poprzez różnorodne działania, w tym warsztaty teatralne, organizatorzy chcą zwiększyć świadomość tolerancji, rozwijać umiejętności radzenia sobie z trudnościami oraz zabiegać o prawa i włączenie społeczne. W ramach wymiany zaplanowane są warsztaty o stresie migracyjnym, rozwiązywaniu konfliktów, asertywności i dyskryminacji oraz wycieczki do Katowic i Krakowa.</span></p>
<p style="text-align: left;"><span style="font-size: 12pt;">Projekt odbędzie się w dniach 17–25 czerwca 2024 w Żarkach-Letnisku. Dla wszystkich osób uczestniczących przewidziany jest nocleg oraz trzy posiłki dziennie.</span></p>
<p><span style="font-size: 12pt;">Rejestracja odbywa się przez <a href="https://docs.google.com/forms/d/e/1FAIpQLSdkT62HVUMy-rRGMRCW464qlBU__CGMBRpPPFaJsxSnoj1c1w/viewform">formularz</a>.</span></p>
<p><span style="font-size: 12pt;">Więcej informacji znajduje się na stronie internetowej <a href="https://cil.org.pl/">Centrum Inicjatyw Lokalnych</a> oraz <a href="https://fil.info.pl/">Funduszu Inicjatyw Lokalnych</a>.</span></p>
<p><span style="font-size: 12pt;">Pytania można kierować na adres: stefiuk@cil.org.pl.</span></p>
<p style="text-align: left;"><span style="font-size: 12pt;"><a href="https://us.edu.pl/student/wp-content/uploads/sites/3/2024/04/Infopack.-Unity-in-Diversity-2.pdf" class="mtli_attachment mtli_pdf" data-mtli="mtli_filesize15,12MB">Infopack. Unity in Diversity</a></span></p>
<p></p>
<style type="text/css">a[data-mtli~="mtli_filesize15,12MB"]:after {content:" (15,12 MB)"}</style>

<p>Studentki i studenci Uniwersytetu Śląskiego zaproszeni są do udziału w projekcie „Unity in Diversity: Fighting with Migration Challenges Together” organizowanym w ramach programu Erasmus+. Inicjatywa skupia się [&#8230;]</p>
<p><a class="btn btn-secondary understrap-read-more-link" href="https://us.edu.pl/student/komunikaty/projekt-w-ramach-erasmus-unity-in-diversity-fighting-with-migration-challenges-together/">Read More&#8230;</a></p>
