{"id":47749,"date":"2024-11-15T12:20:12","date_gmt":"2024-11-15T11:20:12","guid":{"rendered":"https:\/\/us.edu.pl\/student\/?post_type=komunikaty&#038;p=47749"},"modified":"2024-11-15T12:22:35","modified_gmt":"2024-11-15T11:22:35","slug":"kreatywus-festiwal-festiwal-kreatywnosci","status":"publish","type":"komunikaty","link":"https:\/\/us.edu.pl\/student\/komunikaty\/kreatywus-festiwal-festiwal-kreatywnosci\/","title":{"rendered":"KreatywU\u015a festiwal \u2013 festiwal kreatywno\u015bci"},"content":{"rendered":"<p><span style=\"font-size: 12pt;\">Ko\u0142a Naukowego \u201eW\u0142\u0105cznik\u201d dzia\u0142aj\u0105ce na Wydziale Nauk Spo\u0142ecznych U\u015a zaprasza do udzia\u0142u w festiwalu kreatywno\u015bci \u201eKreatywU\u015a festiwal\u201d.<\/span><!--more--><\/p>\n<p style=\"text-align: left;\"><span style=\"font-size: 12pt;\">Popularnonaukowe wydarzenie \u0142\u0105czy pasjonat\u00f3w edukacji, uczni\u00f3w oraz lider\u00f3w o\u015bwiaty w jednej inspiruj\u0105cej przestrzeni. G\u0142\u00f3wnym celem inicjatywy jest promocja innowacyjnych rozwi\u0105za\u0144, aktywizacja spo\u0142eczno\u015bci edukacyjnej oraz wspieranie kreatywno\u015bci na ka\u017cdym etapie procesu nauczania. W programie: wyst\u0105pienia kreatywnych go\u015bci, warsztaty tematyczne, stoiska rozwijaj\u0105ce kreatywno\u015b\u0107 oraz teatralizowany Escape Room.\u00a0<\/span><\/p>\n<p style=\"text-align: left;\"><span style=\"font-size: 12pt;\">Festiwal odb\u0119dzie si\u0119 22 listopada w godzinach 10:00\u201317:00 w spinPLACE (Katowice, ul. Bankowa 5). Zapisy odbywaj\u0105 si\u0119 przez <a href=\"https:\/\/docs.google.com\/forms\/d\/e\/1FAIpQLSeOoEwbDBq1etjWq1NJfKtAJ1r__n5A25aDoI8kKAyrwWPQQQ\/viewform\">formularz<\/a>.<\/span><\/p>\n<p style=\"text-align: left;\"><span style=\"font-size: 12pt;\"><a href=\"https:\/\/www.facebook.com\/events\/s\/kreatywus-festiwal-festiwal-kr\/1650948332117705\/\">Wydarzenie na Facebooku<\/a><\/span><\/p>\n<hr \/>\n<p style=\"text-align: left;\"><span style=\"font-size: 12pt;\">Wydarzenie realizowane jest w pa\u015bmie Miasto-Region-Akademia w ramach obchod\u00f3w Europejskiego Miasta Nauki Katowice 2024.<\/span><\/p>\n<p><img class=\"alignnone wp-image-47753 size-full\" src=\"https:\/\/us.edu.pl\/student\/wp-content\/uploads\/sites\/3\/Bez-kategorii\/Pomysl-MW_20241115_072117_0000-e1731669153222.png\" alt=\"Plakat informacyjny w czerwonych barwach.\" width=\"460\" height=\"651\" \/> <img class=\"alignnone wp-image-47754 size-full\" src=\"https:\/\/us.edu.pl\/student\/wp-content\/uploads\/sites\/3\/Bez-kategorii\/5_20241115_072118_0001-e1731669283494.png\" alt=\"Zdj\u0119cia go\u015bci wydarzenia.\" width=\"460\" height=\"651\" \/><img class=\"alignnone wp-image-47756 size-full\" src=\"https:\/\/us.edu.pl\/student\/wp-content\/uploads\/sites\/3\/Bez-kategorii\/Pomysl-MW-2_20241115_072118_0002-e1731669387130.png\" alt=\"Harmonogram wydarzenia.\" width=\"460\" height=\"651\" \/><\/p>","protected":false},"excerpt":{"rendered":"<p>Ko\u0142a Naukowego \u201eW\u0142\u0105cznik\u201d dzia\u0142aj\u0105ce na Wydziale Nauk Spo\u0142ecznych U\u015a zaprasza do udzia\u0142u w festiwalu kreatywno\u015bci \u201eKreatywU\u015a festiwal\u201d. [&#8230;]<\/p>\n<p><a class=\"btn btn-secondary understrap-read-more-link\" href=\"https:\/\/us.edu.pl\/student\/komunikaty\/kreatywus-festiwal-festiwal-kreatywnosci\/\">Read More&#8230;<\/a><\/p>\n","protected":false},"author":187,"featured_media":0,"template":"","meta":{"_expiration-date-status":"","_expiration-date":0,"_expiration-date-type":"","_expiration-date-categories":[],"_expiration-date-options":[]},"acf":[],"_links":{"self":[{"href":"https:\/\/us.edu.pl\/student\/wp-json\/wp\/v2\/komunikaty\/47749"}],"collection":[{"href":"https:\/\/us.edu.pl\/student\/wp-json\/wp\/v2\/komunikaty"}],"about":[{"href":"https:\/\/us.edu.pl\/student\/wp-json\/wp\/v2\/types\/komunikaty"}],"author":[{"embeddable":true,"href":"https:\/\/us.edu.pl\/student\/wp-json\/wp\/v2\/users\/187"}],"version-history":[{"count":2,"href":"https:\/\/us.edu.pl\/student\/wp-json\/wp\/v2\/komunikaty\/47749\/revisions"}],"predecessor-version":[{"id":47762,"href":"https:\/\/us.edu.pl\/student\/wp-json\/wp\/v2\/komunikaty\/47749\/revisions\/47762"}],"wp:attachment":[{"href":"https:\/\/us.edu.pl\/student\/wp-json\/wp\/v2\/media?parent=47749"}],"curies":[{"name":"wp","href":"https:\/\/api.w.org\/{rel}","templated":true}]}}

KreatywUŚ festiwal – festiwal kreatywności

<p><span style="font-size: 12pt;">Koła Naukowego „Włącznik” działające na Wydziale Nauk Społecznych UŚ zaprasza do udziału w festiwalu kreatywności „KreatywUŚ festiwal”.</span><!--more--></p>
<p style="text-align: left;"><span style="font-size: 12pt;">Popularnonaukowe wydarzenie łączy pasjonatów edukacji, uczniów oraz liderów oświaty w jednej inspirującej przestrzeni. Głównym celem inicjatywy jest promocja innowacyjnych rozwiązań, aktywizacja społeczności edukacyjnej oraz wspieranie kreatywności na każdym etapie procesu nauczania. W programie: wystąpienia kreatywnych gości, warsztaty tematyczne, stoiska rozwijające kreatywność oraz teatralizowany Escape Room. </span></p>
<p style="text-align: left;"><span style="font-size: 12pt;">Festiwal odbędzie się 22 listopada w godzinach 10:00–17:00 w spinPLACE (Katowice, ul. Bankowa 5). Zapisy odbywają się przez <a href="https://docs.google.com/forms/d/e/1FAIpQLSeOoEwbDBq1etjWq1NJfKtAJ1r__n5A25aDoI8kKAyrwWPQQQ/viewform">formularz</a>.</span></p>
<p style="text-align: left;"><span style="font-size: 12pt;"><a href="https://www.facebook.com/events/s/kreatywus-festiwal-festiwal-kr/1650948332117705/">Wydarzenie na Facebooku</a></span></p>
<hr />
<p style="text-align: left;"><span style="font-size: 12pt;">Wydarzenie realizowane jest w paśmie Miasto-Region-Akademia w ramach obchodów Europejskiego Miasta Nauki Katowice 2024.</span></p>
<p><img class="alignnone wp-image-47753 size-full" src="https://us.edu.pl/student/wp-content/uploads/sites/3/Bez-kategorii/Pomysl-MW_20241115_072117_0000-e1731669153222.png" alt="Plakat informacyjny w czerwonych barwach." width="460" height="651" /> <img class="alignnone wp-image-47754 size-full" src="https://us.edu.pl/student/wp-content/uploads/sites/3/Bez-kategorii/5_20241115_072118_0001-e1731669283494.png" alt="Zdjęcia gości wydarzenia." width="460" height="651" /><img class="alignnone wp-image-47756 size-full" src="https://us.edu.pl/student/wp-content/uploads/sites/3/Bez-kategorii/Pomysl-MW-2_20241115_072118_0002-e1731669387130.png" alt="Harmonogram wydarzenia." width="460" height="651" /></p>

<p>Koła Naukowego „Włącznik” działające na Wydziale Nauk Społecznych UŚ zaprasza do udziału w festiwalu kreatywności „KreatywUŚ festiwal”. [&#8230;]</p>
<p><a class="btn btn-secondary understrap-read-more-link" href="https://us.edu.pl/student/komunikaty/kreatywus-festiwal-festiwal-kreatywnosci/">Read More&#8230;</a></p>
