{"id":48111,"date":"2024-11-28T13:21:36","date_gmt":"2024-11-28T12:21:36","guid":{"rendered":"https:\/\/us.edu.pl\/student\/?post_type=komunikaty&#038;p=48111"},"modified":"2024-11-28T13:21:56","modified_gmt":"2024-11-28T12:21:56","slug":"wolontariat-fundacja-mam-marzenie","status":"publish","type":"komunikaty","link":"https:\/\/us.edu.pl\/student\/komunikaty\/wolontariat-fundacja-mam-marzenie\/","title":{"rendered":"Wolontariat Fundacji Mam Marzenie"},"content":{"rendered":"<p>[vc_row][vc_column]\r\n                <div class=\"text-modules\">\r\n                    <div class=\"container\">\r\n                        \r\n                        <div class=\"text-modules__content\"><p><strong>Zapraszamy 4 grudnia 2024 roku oraz 8 stycznia 2025 roku na spotkanie otwarte Fundacji Mam Marzenie, kt<\/strong><strong>\u00f3<\/strong><strong>ra od lat pomaga spe\u0142nia\u0107 wyj\u0105tkowe marzenia dzieci zmagaj\u0105cych si\u0119 z powa\u017cnymi chorobami zagra\u017caj\u0105cymi \u017cyciu.<\/strong><!--more--><\/p>\n<p>Fundacja poszukuje os\u00f3b z wojew\u00f3dztwa \u015bl\u0105skiego, kt\u00f3re s\u0105 otwarte na niesienie pomocy, zdobycie nowych umiej\u0119tno\u015bci organizacyjnych, pe\u0142nych ch\u0119ci do zmiany \u015bwiata na lepsze.<\/p>\n<p>Wolontariusz zdob\u0119dzie cenne do\u015bwiadczenie, pozna inspiruj\u0105cych ludzi i przekona si\u0119, jak wiele dobrego mo\u017cna zrobi\u0107, b\u0119d\u0105c cz\u0119\u015bci\u0105 fundacji.<\/p>\n<p>Spotkania odb\u0119d\u0105 <strong>4 grudnia 2024 r. o godzinie 17.00, a tak\u017ce\u00a0 8 stycznia 2024 r. o godzinie 17.00 w Q Hotel Plus<\/strong> (Katowice, ul. Wojew\u00f3dzka 12).<\/p>\n<p><a href=\"https:\/\/www.mammarzenie.org\/aktualnosci\/katowice\/dolacz-do-zespolu-marzen-fundacja-mam-marzenie-w-katowicach-poszukuje-wolontariuszy\/\">Wi\u0119cej informacji o wolontariacie znajduje si\u0119 na stronie<\/a>.<\/p>\n<p><a href=\"https:\/\/www.mammarzenie.org\/wolontariat\/katowice\/\">Osoby zainteresowanie mog\u0105 aplikowa\u0107 poprzez stron\u0119. <\/a><\/p>\n<\/div>\r\n                    <\/div>\r\n                <\/div>[\/vc_column][\/vc_row]<\/p>","protected":false},"excerpt":{"rendered":"<p>[vc_row][vc_column]Zapraszamy 4 grudnia 2024 roku oraz 8 stycznia 2025 roku na spotkanie otwarte Fundacji Mam Marzenie, kt\u00f3ra od lat pomaga spe\u0142nia\u0107 wyj\u0105tkowe marzenia dzieci zmagaj\u0105cych si\u0119 z powa\u017cnymi chorobami zagra\u017caj\u0105cymi \u017cyciu. [&#8230;]<\/p>\n<p><a class=\"btn btn-secondary understrap-read-more-link\" href=\"https:\/\/us.edu.pl\/student\/komunikaty\/wolontariat-fundacja-mam-marzenie\/\">Read More&#8230;<\/a><\/p>\n","protected":false},"author":7151,"featured_media":0,"template":"","meta":{"_expiration-date-status":"","_expiration-date":0,"_expiration-date-type":"","_expiration-date-categories":[],"_expiration-date-options":[]},"acf":[],"_links":{"self":[{"href":"https:\/\/us.edu.pl\/student\/wp-json\/wp\/v2\/komunikaty\/48111"}],"collection":[{"href":"https:\/\/us.edu.pl\/student\/wp-json\/wp\/v2\/komunikaty"}],"about":[{"href":"https:\/\/us.edu.pl\/student\/wp-json\/wp\/v2\/types\/komunikaty"}],"author":[{"embeddable":true,"href":"https:\/\/us.edu.pl\/student\/wp-json\/wp\/v2\/users\/7151"}],"version-history":[{"count":2,"href":"https:\/\/us.edu.pl\/student\/wp-json\/wp\/v2\/komunikaty\/48111\/revisions"}],"predecessor-version":[{"id":48119,"href":"https:\/\/us.edu.pl\/student\/wp-json\/wp\/v2\/komunikaty\/48111\/revisions\/48119"}],"wp:attachment":[{"href":"https:\/\/us.edu.pl\/student\/wp-json\/wp\/v2\/media?parent=48111"}],"curies":[{"name":"wp","href":"https:\/\/api.w.org\/{rel}","templated":true}]}}

<p>[vc_row][vc_column]
                <div class="text-modules">
                    <div class="container">
                        
                        <div class="text-modules__content"><p><strong>Zapraszamy 4 grudnia 2024 roku oraz 8 stycznia 2025 roku na spotkanie otwarte Fundacji Mam Marzenie, kt</strong><strong>ó</strong><strong>ra od lat pomaga spełniać wyjątkowe marzenia dzieci zmagających się z poważnymi chorobami zagrażającymi życiu.</strong><!--more--></p>
<p>Fundacja poszukuje osób z województwa śląskiego, które są otwarte na niesienie pomocy, zdobycie nowych umiejętności organizacyjnych, pełnych chęci do zmiany świata na lepsze.</p>
<p>Wolontariusz zdobędzie cenne doświadczenie, pozna inspirujących ludzi i przekona się, jak wiele dobrego można zrobić, będąc częścią fundacji.</p>
<p>Spotkania odbędą <strong>4 grudnia 2024 r. o godzinie 17.00, a także  8 stycznia 2024 r. o godzinie 17.00 w Q Hotel Plus</strong> (Katowice, ul. Wojewódzka 12).</p>
<p><a href="https://www.mammarzenie.org/aktualnosci/katowice/dolacz-do-zespolu-marzen-fundacja-mam-marzenie-w-katowicach-poszukuje-wolontariuszy/">Więcej informacji o wolontariacie znajduje się na stronie</a>.</p>
<p><a href="https://www.mammarzenie.org/wolontariat/katowice/">Osoby zainteresowanie mogą aplikować poprzez stronę. </a></p>
</div>
                    </div>
                </div>[/vc_column][/vc_row]</p>

<p>[vc_row][vc_column]Zapraszamy 4 grudnia 2024 roku oraz 8 stycznia 2025 roku na spotkanie otwarte Fundacji Mam Marzenie, która od lat pomaga spełniać wyjątkowe marzenia dzieci zmagających się z poważnymi chorobami zagrażającymi życiu. [&#8230;]</p>
<p><a class="btn btn-secondary understrap-read-more-link" href="https://us.edu.pl/student/komunikaty/wolontariat-fundacja-mam-marzenie/">Read More&#8230;</a></p>
