{"id":52633,"date":"2025-04-24T13:03:14","date_gmt":"2025-04-24T11:03:14","guid":{"rendered":"https:\/\/us.edu.pl\/student\/?post_type=komunikaty&#038;p=52633"},"modified":"2025-04-24T13:03:14","modified_gmt":"2025-04-24T11:03:14","slug":"szkolenie-tabele-przestawne-w-excelu","status":"publish","type":"komunikaty","link":"https:\/\/us.edu.pl\/student\/komunikaty\/szkolenie-tabele-przestawne-w-excelu\/","title":{"rendered":"Szkolenie &#8222;Tabele przestawne w Excelu&#8221;"},"content":{"rendered":"<p>[vc_row][vc_column]\r\n                <div class=\"text-modules\">\r\n                    <div class=\"container\">\r\n                        \r\n                        <div class=\"text-modules__content\"><p>Ju\u017c 8 maja 2025 roku zapraszamy na bezp\u0142atne warsztaty z Tabel Przestawnych w Excelu!<!--more--><\/p>\n<p>Zagadnienia, kt\u00f3re b\u0119d\u0105 poruszane w trakcie szkolenia:<\/p>\n<ul>\n<li>zasady budowania tabel przestawnych,<\/li>\n<li>formatowanie tabel poprawiaj\u0105ce ich przejrzysto\u015b\u0107,<\/li>\n<li>wykres przestawny,<\/li>\n<li>praca z polami obliczeniowymi,<\/li>\n<li>tabele przestawne na podstawie r\u00f3\u017cnych \u017ar\u00f3de\u0142 danych (Power Query).<\/li>\n<\/ul>\n<p>Data: 08.05.2025 r.<\/p>\n<p>Godzina: od 10:00 do 12:00<\/p>\n<p>Online na Ms Teams<\/p>\n<p>Zapisywa\u0107 mo\u017cna si\u0119 na <a href=\"http:\/\/www.cogitor.pl\">stronie g\u0142\u00f3wnej organizatora<\/a>.<\/p>\n<\/div>\r\n                    <\/div>\r\n                <\/div>[\/vc_column][\/vc_row]<\/p>","protected":false},"excerpt":{"rendered":"<p>[vc_row][vc_column]Ju\u017c 8 maja 2025 roku zapraszamy na bezp\u0142atne warsztaty z Tabel Przestawnych w Excelu! [&#8230;]<\/p>\n<p><a class=\"btn btn-secondary understrap-read-more-link\" href=\"https:\/\/us.edu.pl\/student\/komunikaty\/szkolenie-tabele-przestawne-w-excelu\/\">Read More&#8230;<\/a><\/p>\n","protected":false},"author":7151,"featured_media":0,"template":"","meta":{"_expiration-date-status":"","_expiration-date":0,"_expiration-date-type":"","_expiration-date-categories":[],"_expiration-date-options":[]},"acf":[],"_links":{"self":[{"href":"https:\/\/us.edu.pl\/student\/wp-json\/wp\/v2\/komunikaty\/52633"}],"collection":[{"href":"https:\/\/us.edu.pl\/student\/wp-json\/wp\/v2\/komunikaty"}],"about":[{"href":"https:\/\/us.edu.pl\/student\/wp-json\/wp\/v2\/types\/komunikaty"}],"author":[{"embeddable":true,"href":"https:\/\/us.edu.pl\/student\/wp-json\/wp\/v2\/users\/7151"}],"version-history":[{"count":1,"href":"https:\/\/us.edu.pl\/student\/wp-json\/wp\/v2\/komunikaty\/52633\/revisions"}],"predecessor-version":[{"id":52637,"href":"https:\/\/us.edu.pl\/student\/wp-json\/wp\/v2\/komunikaty\/52633\/revisions\/52637"}],"wp:attachment":[{"href":"https:\/\/us.edu.pl\/student\/wp-json\/wp\/v2\/media?parent=52633"}],"curies":[{"name":"wp","href":"https:\/\/api.w.org\/{rel}","templated":true}]}}

<p>[vc_row][vc_column]
                <div class="text-modules">
                    <div class="container">
                        
                        <div class="text-modules__content"><p>Już 8 maja 2025 roku zapraszamy na bezpłatne warsztaty z Tabel Przestawnych w Excelu!<!--more--></p>
<p>Zagadnienia, które będą poruszane w trakcie szkolenia:</p>
<ul>
<li>zasady budowania tabel przestawnych,</li>
<li>formatowanie tabel poprawiające ich przejrzystość,</li>
<li>wykres przestawny,</li>
<li>praca z polami obliczeniowymi,</li>
<li>tabele przestawne na podstawie różnych źródeł danych (Power Query).</li>
</ul>
<p>Data: 08.05.2025 r.</p>
<p>Godzina: od 10:00 do 12:00</p>
<p>Online na Ms Teams</p>
<p>Zapisywać można się na <a href="http://www.cogitor.pl">stronie głównej organizatora</a>.</p>
</div>
                    </div>
                </div>[/vc_column][/vc_row]</p>

<p>[vc_row][vc_column]Już 8 maja 2025 roku zapraszamy na bezpłatne warsztaty z Tabel Przestawnych w Excelu! [&#8230;]</p>
<p><a class="btn btn-secondary understrap-read-more-link" href="https://us.edu.pl/student/komunikaty/szkolenie-tabele-przestawne-w-excelu/">Read More&#8230;</a></p>
